{"id":710772,"date":"2025-08-27T16:39:09","date_gmt":"2025-08-27T13:39:09","guid":{"rendered":"https:\/\/roveyayinevi.com.tr\/index.php\/urun\/kurtler-milliyetcilik-ve-politika\/"},"modified":"2026-04-16T02:19:25","modified_gmt":"2026-04-15T23:19:25","slug":"kurtler-milliyetcilik-ve-politika","status":"publish","type":"product","link":"https:\/\/roveyayinevi.com.tr\/index.php\/urun\/kurtler-milliyetcilik-ve-politika\/","title":{"rendered":"K\u00fcrtler: Milliyet\u00e7ilik ve Politika"},"content":{"rendered":"<p>K\u00fcrt halk\u0131 kendisini politik bir g\u00fc\u00e7 olarak \u00e7oktan kurmaya ba\u015flam\u0131\u015f vaziyette. K\u00fcrtlerin bu durumu elbette Ortado\u011fu\u2019nun yak\u0131c\u0131 bir sorununa da \u0131\u015f\u0131k tutmakta: Etnisite ve uluslar\u0131n kendi kaderini tayin hakk\u0131 birbirlerini nas\u0131l etkileyecektir? K\u0131\u015fk\u0131rt\u0131c\u0131 oldu\u011fu kadar kafa kar\u0131\u015ft\u0131r\u0131c\u0131 da olan bu soruya, elinizdeki kitapta aranan cevaplara Irak, Suriye, T\u00fcrkiye ve \u0130ran\u2019\u0131n modern siyasal tarihinden hareketle ula\u015f\u0131lmaya \u00e7al\u0131\u015f\u0131l\u0131yor. Bu zorlu \u00e7aban\u0131n a\u011f\u0131rl\u0131k merkezini, anayasal yeniden yap\u0131lanmalar\u0131n h\u00e2l\u00e2 s\u00fcrd\u00fcr\u00fcld\u00fc\u011f\u00fc, Saddam sonras\u0131 Irak olu\u015fturmaktad\u0131r. T\u00fcrkiye, \u0130ran, Suriye ve Irak K\u00fcrtleri d\u00fcnyan\u0131n \u00f6zerk bir devlet yap\u0131lanmas\u0131ndan yoksun olan en geni\u015f etnik gruplar\u0131ndan biridir. Hal b\u00f6yleyken Ortado\u011fu\u2019da yak\u0131n d\u00f6nemde ya\u015fanan siyasal de\u011fi\u015fimler K\u00fcrtlerin pozisyonunu da etkilemektedir. K\u00fcrtlerin kendi kaderini tayin hakk\u0131 hareketinde etnik milliyet\u00e7ili\u011fin rol\u00fcne i\u015faret eden bu se\u00e7kideki bilimsel makaleler, s\u00f6z konusu siyasal de\u011fi\u015fimlere olumlu perspektiflerden hareketle yakla\u015f\u0131rken, okurlar\u0131 e\u015fzamanl\u0131 olarak \u201ckimlik krizi\u201d fenomeniyle y\u00fczle\u015fmeye de davet etmektedir. K\u00fcrtl\u00fc\u011f\u00fcn tart\u0131\u015fma g\u00f6t\u00fcr\u00fcr nitelikte olan b\u00f6lgesel, siyasal ve etnik s\u0131n\u0131lar\u0131n\u0131 inceleyen bu \u00e7al\u0131\u015fma, etnisite ve milliyet\u00e7ilik aras\u0131ndaki ili\u015fkiyi irdeleyen bir vaka incelemesi olarak da de\u011ferlendirilebilir. K\u00fcrtlerin Ortado\u011fu\u2019daki konumunu bilimsel veriler e\u015fli\u011finde anlamak isteyenler a\u00e7\u0131s\u0131ndan referans de\u011ferinde olan bu kitap; milliyet\u00e7ilik teorisindeki modernist, \u00f6zc\u00fc ve tarihselci bak\u0131\u015f a\u00e7\u0131lar\u0131n\u0131n ele\u015ftirisini de sunmaktad\u0131r\u2026 <\/p>\n","protected":false},"excerpt":{"rendered":"<p>K\u00fcrt halk\u0131 kendisini politik bir g\u00fc\u00e7 olarak \u00e7oktan kurmaya ba\u015flam\u0131\u015f vaziyette. K\u00fcrtlerin bu durumu elbette Ortado\u011fu\u2019nun yak\u0131c\u0131 bir sorununa da \u0131\u015f\u0131k tutmakta: Etnisite ve uluslar\u0131n kendi<span class=\"excerpt-hellip\"> [\u2026]<\/span><\/p>\n","protected":false},"featured_media":0,"template":"","meta":{"_monsterinsights_skip_tracking":false,"_monsterinsights_sitenote_active":false,"_monsterinsights_sitenote_note":"","_monsterinsights_sitenote_category":0},"product_brand":[],"product_cat":[13590,12337],"product_tag":[],"class_list":{"0":"post-710772","1":"product","2":"type-product","3":"status-publish","5":"product_cat-arastirma-inceleme-politika-siyaset","6":"product_cat-politika-siyaset","7":"pa_cilt-ciltsiz","8":"pa_tur-kitap","9":"pa_yayinevi-ayrinti-yayinlari","10":"pa_yazar-falih-a-cebbar","12":"first","13":"instock","14":"sale","15":"shipping-taxable","16":"purchasable","17":"product-type-simple"},"_links":{"self":[{"href":"https:\/\/roveyayinevi.com.tr\/index.php\/wp-json\/wp\/v2\/product\/710772","targetHints":{"allow":["GET"]}}],"collection":[{"href":"https:\/\/roveyayinevi.com.tr\/index.php\/wp-json\/wp\/v2\/product"}],"about":[{"href":"https:\/\/roveyayinevi.com.tr\/index.php\/wp-json\/wp\/v2\/types\/product"}],"wp:attachment":[{"href":"https:\/\/roveyayinevi.com.tr\/index.php\/wp-json\/wp\/v2\/media?parent=710772"}],"wp:term":[{"taxonomy":"product_brand","embeddable":true,"href":"https:\/\/roveyayinevi.com.tr\/index.php\/wp-json\/wp\/v2\/product_brand?post=710772"},{"taxonomy":"product_cat","embeddable":true,"href":"https:\/\/roveyayinevi.com.tr\/index.php\/wp-json\/wp\/v2\/product_cat?post=710772"},{"taxonomy":"product_tag","embeddable":true,"href":"https:\/\/roveyayinevi.com.tr\/index.php\/wp-json\/wp\/v2\/product_tag?post=710772"}],"curies":[{"name":"wp","href":"https:\/\/api.w.org\/{rel}","templated":true}]}}