{"id":710769,"date":"2025-08-27T16:39:08","date_gmt":"2025-08-27T13:39:08","guid":{"rendered":"https:\/\/roveyayinevi.com.tr\/index.php\/urun\/pedagojik-oykuler-dizisi-29-lutfen-dalga-gecme\/"},"modified":"2026-04-16T02:19:25","modified_gmt":"2026-04-15T23:19:25","slug":"pedagojik-oykuler-dizisi-29-lutfen-dalga-gecme","status":"publish","type":"product","link":"https:\/\/roveyayinevi.com.tr\/index.php\/urun\/pedagojik-oykuler-dizisi-29-lutfen-dalga-gecme\/","title":{"rendered":"Pedagojik \u00d6yk\u00fcler Dizisi 29 &#8211; L\u00fctfen Dalga Ge\u00e7me!"},"content":{"rendered":"<p>\u00c7ocuklar\u0131n arkada\u015flar\u0131yla \u015fakala\u015fmas\u0131 ola\u011fan bir durumdur. Ancak unutulmamal\u0131d\u0131r ki \u015fakala\u015fmalar k\u00fc\u00e7\u00fck d\u00fc\u015f\u00fcrme, k\u0131zd\u0131rma, alay etme boyutuna var\u0131rsa, bu s\u00f6zel \u015fiddet haline gelmi\u015f demektir. Fiziksel baz\u0131 farkl\u0131l\u0131klara sahip \u00e7ocuklar\u0131n arkada\u015f \u00e7evresinde, okulda ve en \u00f6nemlisi de toplumda kabul g\u00f6rmesi \u00f6nemli bir konudur. Bu fiziksel farkl\u0131l\u0131klar\u0131n ki\u015fiyi kendine \u00f6zg\u00fc k\u0131lan \u00f6zellikler oldu\u011funun \u00e7ocu\u011fa anlat\u0131lmas\u0131nda i\u015f \u00f6ncelikle aileye d\u00fc\u015fer. L\u00fctfen Dalga Ge\u00e7me!, size ve \u00e7ocu\u011funuza bu konuda rehber olacak faydal\u0131 bir hik\u00e2ye\u2026 \ufffcTan\u0131t\u0131m Metni<\/p>\n","protected":false},"excerpt":{"rendered":"<p>\u00c7ocuklar\u0131n arkada\u015flar\u0131yla \u015fakala\u015fmas\u0131 ola\u011fan bir durumdur. Ancak unutulmamal\u0131d\u0131r ki \u015fakala\u015fmalar k\u00fc\u00e7\u00fck d\u00fc\u015f\u00fcrme, k\u0131zd\u0131rma, alay etme boyutuna var\u0131rsa, bu s\u00f6zel \u015fiddet haline gelmi\u015f demektir. Fiziksel baz\u0131 farkl\u0131l\u0131klara<span class=\"excerpt-hellip\"> [\u2026]<\/span><\/p>\n","protected":false},"featured_media":0,"template":"","meta":{"_monsterinsights_skip_tracking":false,"_monsterinsights_sitenote_active":false,"_monsterinsights_sitenote_note":"","_monsterinsights_sitenote_category":0},"product_brand":[],"product_cat":[12274,15842],"product_tag":[],"class_list":{"0":"post-710769","1":"product","2":"type-product","3":"status-publish","5":"product_cat-cocuk-ve-genclik-kitaplari","6":"product_cat-egitici-kitaplar","7":"pa_cilt-ciltsiz","8":"pa_tur-kitap","9":"pa_yayinevi-mandolin-yayinlari","10":"pa_yazar-aysen-oy","12":"first","13":"instock","14":"sale","15":"shipping-taxable","16":"purchasable","17":"product-type-simple"},"_links":{"self":[{"href":"https:\/\/roveyayinevi.com.tr\/index.php\/wp-json\/wp\/v2\/product\/710769","targetHints":{"allow":["GET"]}}],"collection":[{"href":"https:\/\/roveyayinevi.com.tr\/index.php\/wp-json\/wp\/v2\/product"}],"about":[{"href":"https:\/\/roveyayinevi.com.tr\/index.php\/wp-json\/wp\/v2\/types\/product"}],"wp:attachment":[{"href":"https:\/\/roveyayinevi.com.tr\/index.php\/wp-json\/wp\/v2\/media?parent=710769"}],"wp:term":[{"taxonomy":"product_brand","embeddable":true,"href":"https:\/\/roveyayinevi.com.tr\/index.php\/wp-json\/wp\/v2\/product_brand?post=710769"},{"taxonomy":"product_cat","embeddable":true,"href":"https:\/\/roveyayinevi.com.tr\/index.php\/wp-json\/wp\/v2\/product_cat?post=710769"},{"taxonomy":"product_tag","embeddable":true,"href":"https:\/\/roveyayinevi.com.tr\/index.php\/wp-json\/wp\/v2\/product_tag?post=710769"}],"curies":[{"name":"wp","href":"https:\/\/api.w.org\/{rel}","templated":true}]}}