{"id":710764,"date":"2025-08-27T16:39:05","date_gmt":"2025-08-27T13:39:05","guid":{"rendered":"https:\/\/roveyayinevi.com.tr\/index.php\/urun\/baskalarinin-hayati\/"},"modified":"2026-04-16T02:19:25","modified_gmt":"2026-04-15T23:19:25","slug":"baskalarinin-hayati","status":"publish","type":"product","link":"https:\/\/roveyayinevi.com.tr\/index.php\/urun\/baskalarinin-hayati\/","title":{"rendered":"Ba\u015fkalar\u0131n\u0131n Hayat\u0131"},"content":{"rendered":"<p>Kalabal\u0131k \u015fehirlerde, apartman dairelerine kapanm\u0131\u015f, kendimizi ba\u015fkalar\u0131ndan ar\u0131nd\u0131rm\u0131\u015f ya\u015f\u0131yoruz. Ba\u015fka evlerde neler olur, insanlar neler ya\u015far ruhumuz bile duymuyor.   Peki ya bir g\u00fcn bir kom\u015fu gelseydi ve her \u015feyi de\u011fi\u015ftirseydi?   Kocas\u0131n\u0131n \u00f6l\u00fcm\u00fcyle gen\u00e7 ya\u015fta yaln\u0131z kalan Celia, Brooklyn\u2019de sahibi oldu\u011fu k\u00fc\u00e7\u00fck bir apartmanda ya\u015famaktad\u0131r. Tak\u0131nt\u0131lar\u0131yla bo\u011fu\u015fan bu gen\u00e7 kad\u0131n kendine onu rahats\u0131z etmeyecek, hayat\u0131na burnunu sokmayacak, yine kendisi gibi hayattan izole olmu\u015f kirac\u0131lar se\u00e7mi\u015ftir. Her \u015fey tam olarak istedi\u011fi gibidir. Ta ki kirac\u0131lar\u0131ndan biri evini yak\u0131n arkada\u015f\u0131 Hope\u2019a b\u0131rak\u0131p gidene kadar. \u00c7ok \u00e7ekici bir kad\u0131n olan Hope apartmana ad\u0131m\u0131n\u0131 atar atmaz bir \u00e7alkant\u0131 ba\u015flar ve apartman\u0131 \u201ctemellerinden\u201d sarsar.   Celia ne kadar direnirse dirensin Hope\u2019un cazibesinin kar\u015f\u0131s\u0131nda kendini al\u0131koyamaz ve o da hayat\u0131 yeniden ke\u015ffetmeye koyulur. Kirac\u0131lar\u0131n\u0131n hayatlar\u0131na yava\u015f yava\u015f burnunu sokmaya ve hem kendi hem de onlar\u0131n s\u0131n\u0131rlar\u0131n\u0131 a\u015fmaya ba\u015flar.   Art\u0131k bu apartmanda kavga, g\u00fcr\u00fclt\u00fc, kahkahalar, bolluk bereket ve bolca da cinsellik vard\u0131r. <\/p>\n","protected":false},"excerpt":{"rendered":"<p>Kalabal\u0131k \u015fehirlerde, apartman dairelerine kapanm\u0131\u015f, kendimizi ba\u015fkalar\u0131ndan ar\u0131nd\u0131rm\u0131\u015f ya\u015f\u0131yoruz. Ba\u015fka evlerde neler olur, insanlar neler ya\u015far ruhumuz bile duymuyor. Peki ya bir g\u00fcn bir kom\u015fu gelseydi<span class=\"excerpt-hellip\"> [\u2026]<\/span><\/p>\n","protected":false},"featured_media":0,"template":"","meta":{"_monsterinsights_skip_tracking":false,"_monsterinsights_sitenote_active":false,"_monsterinsights_sitenote_note":"","_monsterinsights_sitenote_category":0},"product_brand":[],"product_cat":[12291,12711],"product_tag":[],"class_list":{"0":"post-710764","1":"product","2":"type-product","3":"status-publish","5":"product_cat-edebiyat","6":"product_cat-roman-oyku","7":"pa_cilt-ciltsiz","8":"pa_tur-kitap","9":"pa_yayinevi-beyaz-baykus-yayinlari","10":"pa_yazar-amy-grace-loyd","12":"first","13":"instock","14":"sale","15":"shipping-taxable","16":"purchasable","17":"product-type-simple"},"_links":{"self":[{"href":"https:\/\/roveyayinevi.com.tr\/index.php\/wp-json\/wp\/v2\/product\/710764","targetHints":{"allow":["GET"]}}],"collection":[{"href":"https:\/\/roveyayinevi.com.tr\/index.php\/wp-json\/wp\/v2\/product"}],"about":[{"href":"https:\/\/roveyayinevi.com.tr\/index.php\/wp-json\/wp\/v2\/types\/product"}],"wp:attachment":[{"href":"https:\/\/roveyayinevi.com.tr\/index.php\/wp-json\/wp\/v2\/media?parent=710764"}],"wp:term":[{"taxonomy":"product_brand","embeddable":true,"href":"https:\/\/roveyayinevi.com.tr\/index.php\/wp-json\/wp\/v2\/product_brand?post=710764"},{"taxonomy":"product_cat","embeddable":true,"href":"https:\/\/roveyayinevi.com.tr\/index.php\/wp-json\/wp\/v2\/product_cat?post=710764"},{"taxonomy":"product_tag","embeddable":true,"href":"https:\/\/roveyayinevi.com.tr\/index.php\/wp-json\/wp\/v2\/product_tag?post=710764"}],"curies":[{"name":"wp","href":"https:\/\/api.w.org\/{rel}","templated":true}]}}