{"id":710751,"date":"2025-08-27T16:38:59","date_gmt":"2025-08-27T13:38:59","guid":{"rendered":"https:\/\/roveyayinevi.com.tr\/index.php\/urun\/meraklisi-icin-entrikalar-kitabi\/"},"modified":"2026-04-16T02:19:24","modified_gmt":"2026-04-15T23:19:24","slug":"meraklisi-icin-entrikalar-kitabi","status":"publish","type":"product","link":"https:\/\/roveyayinevi.com.tr\/index.php\/urun\/meraklisi-icin-entrikalar-kitabi\/","title":{"rendered":"Merakl\u0131s\u0131 \u0130\u00e7in Entrikalar Kitab\u0131"},"content":{"rendered":"<p>\u201cS\u0131r tek ki\u015filiktir.Mahrem iki ki\u015fi aras\u0131ndad\u0131r.\u00dc\u00e7 ki\u015fi kalabal\u0131kt\u0131r. Kural budur.\u201d Karanl\u0131klar Prensi, \u00c7\u00f6l Krali\u00e7esi, \u00c7i\u00e7ero&#8230; Bu isimler roman kahramanlar\u0131 de\u011fil&#8230; Casusluk romanlar\u0131na ta\u015f \u00e7\u0131kartacak entrikalar\u0131n ve maceralar\u0131n ger\u00e7ek ki\u015fileri. T\u00fcrkiye\u2019yi mesken tutan gizli servislerin kanl\u0131 hesapla\u015fmalar\u0131ndan KGB\u2019nin atom bombas\u0131 s\u0131rlar\u0131n\u0131n \u00e7al\u0131nmas\u0131na, K\u0131br\u0131s\u2019ta T\u00fcrk ve Yunan derin devletlerinin \u00e7at\u0131\u015fmas\u0131ndan 6-7 Eyl\u00fcl olaylar\u0131na, ASALA\u2019dan 12 Eyl\u00fcl darbesinde ABD\u2019nin rol\u00fcne ve g\u00fcn\u00fcm\u00fczde \u00fclkeleri \u00e7\u00f6k\u00fc\u015fe g\u00f6t\u00fcren ekonomi operasyonlar\u0131na dek binbir suratl\u0131 casuslar\u0131n d\u00fcnyan\u0131n kaderiyle oynad\u0131\u011f\u0131, hayret verici, nefes kesici ama hepsi rahats\u0131z edecek denli ger\u00e7ek \u00f6yk\u00fcler. Usta gazeteci Murat Yetkin, Merakl\u0131s\u0131 \u0130\u00e7in Entrikalar Kitab\u0131\u2019nda uluslararas\u0131 entrikalar\u0131n ya hedefi ya sahnesi ya da akt\u00f6r\u00fc olan T\u00fcrkiye\u2019den bak\u0131p 10 olay\u0131n perde arkas\u0131n\u0131 Ankara\u2019n\u0131n siyaset ve diplomasi koridorlar\u0131nda biriktirilen notlar ve belgelerle, \u015fimdiye dek bir arada okumad\u0131\u011f\u0131n\u0131z ayr\u0131nt\u0131larla anlat\u0131yor. D\u00fcnya siyasetini bu kez \u201cKatil kim?\u201d sorusunun cevaplanamad\u0131\u011f\u0131, okurun sonsuz bir merak duygusu ve bitmek bilmez zihin oyunlar\u0131yla ba\u015f ba\u015fa kald\u0131\u011f\u0131 bir casusluk roman\u0131 tad\u0131nda okuyacaks\u0131n\u0131z. \u201cSabah saat 10 s\u0131ralar\u0131yd\u0131. Etrafta pek kimse yoktu.O s\u0131rada \u0130talyan B\u00fcy\u00fckel\u00e7ili\u011fi giri\u015f kap\u0131s\u0131ndan 100 metre kadar a\u015fa\u011f\u0131da, Atat\u00fcrk Bulvar\u0131 114 numaradaki Alman B\u00fcy\u00fckel\u00e7ili\u011fi\u2019nin kap\u0131s\u0131ndan \u00e7\u0131kan iyi giyimli bir \u00e7ift de bulvardan yukar\u0131 do\u011fru y\u00fcr\u00fcmeye ba\u015flam\u0131\u015f, kar\u015f\u0131ya ge\u00e7meye haz\u0131rlan\u0131yordu. Taksi \u015fof\u00f6r\u00fcn\u00fc savan paketli adam da b\u00fcy\u00fckel\u00e7ilik taraf\u0131na do\u011fru kar\u015f\u0131ya ge\u00e7meye ba\u015flam\u0131\u015ft\u0131.Paketli adam \u00e7ifte do\u011fru yakla\u015f\u0131rken ortal\u0131k b\u00fcy\u00fck bir patlamayla sars\u0131ld\u0131.Patlayan, adam\u0131n elindeki paketti; kendisi de paketle birlikte parampar\u00e7a olmu\u015ftu.Kald\u0131r\u0131m\u0131n kar\u015f\u0131s\u0131ndaki \u00e7ift, patlaman\u0131n \u015fiddetiyle yere savruldu. Liberali yard\u0131mlar\u0131na ko\u015ftu. Adam\u0131n kula\u011f\u0131ndan kan s\u0131z\u0131yordu. Yan\u0131ndaki kad\u0131n, e\u015fi oldu\u011fu sonradan anla\u015f\u0131lacakt\u0131, sars\u0131lm\u0131\u015ft\u0131 ama yaral\u0131 de\u011fldi.\u201d <\/p>\n","protected":false},"excerpt":{"rendered":"<p>\u201cS\u0131r tek ki\u015filiktir.Mahrem iki ki\u015fi aras\u0131ndad\u0131r.\u00dc\u00e7 ki\u015fi kalabal\u0131kt\u0131r. Kural budur.\u201d Karanl\u0131klar Prensi, \u00c7\u00f6l Krali\u00e7esi, \u00c7i\u00e7ero&#8230; Bu isimler roman kahramanlar\u0131 de\u011fil&#8230; Casusluk romanlar\u0131na ta\u015f \u00e7\u0131kartacak entrikalar\u0131n ve<span class=\"excerpt-hellip\"> [\u2026]<\/span><\/p>\n","protected":false},"featured_media":0,"template":"","meta":{"_monsterinsights_skip_tracking":false,"_monsterinsights_sitenote_active":false,"_monsterinsights_sitenote_note":"","_monsterinsights_sitenote_category":0},"product_brand":[],"product_cat":[13590,12337],"product_tag":[],"class_list":{"0":"post-710751","1":"product","2":"type-product","3":"status-publish","5":"product_cat-arastirma-inceleme-politika-siyaset","6":"product_cat-politika-siyaset","7":"pa_cilt-ciltsiz","8":"pa_tur-kitap","9":"pa_yayinevi-dogan-kitap","10":"pa_yazar-murat-yetkin","12":"first","13":"instock","14":"sale","15":"shipping-taxable","16":"purchasable","17":"product-type-simple"},"_links":{"self":[{"href":"https:\/\/roveyayinevi.com.tr\/index.php\/wp-json\/wp\/v2\/product\/710751","targetHints":{"allow":["GET"]}}],"collection":[{"href":"https:\/\/roveyayinevi.com.tr\/index.php\/wp-json\/wp\/v2\/product"}],"about":[{"href":"https:\/\/roveyayinevi.com.tr\/index.php\/wp-json\/wp\/v2\/types\/product"}],"wp:attachment":[{"href":"https:\/\/roveyayinevi.com.tr\/index.php\/wp-json\/wp\/v2\/media?parent=710751"}],"wp:term":[{"taxonomy":"product_brand","embeddable":true,"href":"https:\/\/roveyayinevi.com.tr\/index.php\/wp-json\/wp\/v2\/product_brand?post=710751"},{"taxonomy":"product_cat","embeddable":true,"href":"https:\/\/roveyayinevi.com.tr\/index.php\/wp-json\/wp\/v2\/product_cat?post=710751"},{"taxonomy":"product_tag","embeddable":true,"href":"https:\/\/roveyayinevi.com.tr\/index.php\/wp-json\/wp\/v2\/product_tag?post=710751"}],"curies":[{"name":"wp","href":"https:\/\/api.w.org\/{rel}","templated":true}]}}