{"id":710740,"date":"2025-08-27T16:38:53","date_gmt":"2025-08-27T13:38:53","guid":{"rendered":"https:\/\/roveyayinevi.com.tr\/index.php\/urun\/baska-dunyanin-kuslari\/"},"modified":"2026-04-16T02:19:24","modified_gmt":"2026-04-15T23:19:24","slug":"baska-dunyanin-kuslari","status":"publish","type":"product","link":"https:\/\/roveyayinevi.com.tr\/index.php\/urun\/baska-dunyanin-kuslari\/","title":{"rendered":"Ba\u015fka D\u00fcnyan\u0131n Ku\u015flar\u0131"},"content":{"rendered":"<p>Zengin i\u00e7 ya\u015fam\u0131 sayesinde bedeninin k\u0131s\u0131tlamalar\u0131n\u0131 a\u015fmay\u0131 bilen bir kad\u0131n\u0131n \u00e7ok iyi yaz\u0131lm\u0131\u015f portresi.\u201dNational Book Award Finalisti de olan Ba\u015fka D\u00fcnyan\u0131n Ku\u015flar\u0131\u2019nda Brad Watson, yirminci y\u00fczy\u0131l ba\u015flar\u0131 Mississippi\u2019sinin k\u0131rsal bir b\u00f6lgesinde kad\u0131nlar\u0131n o zaman ve mek\u00e2na \u00f6zg\u00fc yeg\u00e2ne \u201ckullan\u0131m alanlar\u0131na\u201d, yani seks ve evlili\u011fe engel olacak genital bir bozuklukla do\u011fmu\u015f olan Bayan Jane Chisolm\u2019un hayat\u0131n\u0131 anlat\u0131yor. Etraf\u0131n\u0131 \u00e7evreleyen tabiat\u0131n o do\u011furgan d\u00fcnyas\u0131ndan \u00e7iftlik ya\u015fam\u0131n\u0131n gerektirdi\u011fi zorlu i\u015flere, onunla yak\u0131n dostluk kuran Doktor Thompson\u2019dan, t\u00fcm sevgisine ra\u011fmen ondan ayr\u0131lmaya mecbur kalan delikanl\u0131ya varana dek, Bayan Jane Chisolm ve d\u00fcnyas\u0131n\u0131n k\u0131s\u0131rl\u0131k ya da \u00e7orakl\u0131kla uzaktan yak\u0131ndan ilgisi yok. <\/p>\n","protected":false},"excerpt":{"rendered":"<p>Zengin i\u00e7 ya\u015fam\u0131 sayesinde bedeninin k\u0131s\u0131tlamalar\u0131n\u0131 a\u015fmay\u0131 bilen bir kad\u0131n\u0131n \u00e7ok iyi yaz\u0131lm\u0131\u015f portresi.\u201dNational Book Award Finalisti de olan Ba\u015fka D\u00fcnyan\u0131n Ku\u015flar\u0131\u2019nda Brad Watson, yirminci y\u00fczy\u0131l<span class=\"excerpt-hellip\"> [\u2026]<\/span><\/p>\n","protected":false},"featured_media":0,"template":"","meta":{"_monsterinsights_skip_tracking":false,"_monsterinsights_sitenote_active":false,"_monsterinsights_sitenote_note":"","_monsterinsights_sitenote_category":0},"product_brand":[],"product_cat":[12291,12711],"product_tag":[],"class_list":{"0":"post-710740","1":"product","2":"type-product","3":"status-publish","5":"product_cat-edebiyat","6":"product_cat-roman-oyku","7":"pa_cilt-ciltsiz","8":"pa_tur-kitap","9":"pa_yayinevi-kafka-yayinevi","10":"pa_yazar-brad-watson","12":"first","13":"instock","14":"sale","15":"shipping-taxable","16":"purchasable","17":"product-type-simple"},"_links":{"self":[{"href":"https:\/\/roveyayinevi.com.tr\/index.php\/wp-json\/wp\/v2\/product\/710740","targetHints":{"allow":["GET"]}}],"collection":[{"href":"https:\/\/roveyayinevi.com.tr\/index.php\/wp-json\/wp\/v2\/product"}],"about":[{"href":"https:\/\/roveyayinevi.com.tr\/index.php\/wp-json\/wp\/v2\/types\/product"}],"wp:attachment":[{"href":"https:\/\/roveyayinevi.com.tr\/index.php\/wp-json\/wp\/v2\/media?parent=710740"}],"wp:term":[{"taxonomy":"product_brand","embeddable":true,"href":"https:\/\/roveyayinevi.com.tr\/index.php\/wp-json\/wp\/v2\/product_brand?post=710740"},{"taxonomy":"product_cat","embeddable":true,"href":"https:\/\/roveyayinevi.com.tr\/index.php\/wp-json\/wp\/v2\/product_cat?post=710740"},{"taxonomy":"product_tag","embeddable":true,"href":"https:\/\/roveyayinevi.com.tr\/index.php\/wp-json\/wp\/v2\/product_tag?post=710740"}],"curies":[{"name":"wp","href":"https:\/\/api.w.org\/{rel}","templated":true}]}}