{"id":710736,"date":"2025-08-27T16:38:50","date_gmt":"2025-08-27T13:38:50","guid":{"rendered":"https:\/\/roveyayinevi.com.tr\/index.php\/urun\/bu-mektup-sana\/"},"modified":"2026-04-08T02:25:12","modified_gmt":"2026-04-07T23:25:12","slug":"bu-mektup-sana","status":"publish","type":"product","link":"https:\/\/roveyayinevi.com.tr\/index.php\/urun\/bu-mektup-sana\/","title":{"rendered":"Bu Mektup Sana"},"content":{"rendered":"<p>Her \u015fey bir \u00f6devle ba\u015flad\u0131. Mektup yazmak gerekiyormu\u015f. En az iki tane olacakm\u0131\u015f ve e\u011fer bu \u00f6dev yap\u0131lmazsa karneye y\u0131ld\u0131z yap\u0131\u015ft\u0131r\u0131lmayacakm\u0131\u015f&#8230; Ama bir dakika, ne kadar \u00e7ok mektup olmaya ba\u015flad\u0131 b\u00f6yle! Baban\u0131n ya da annenin \u201cBu mektup sana!\u201d demesini ne kadar \u00e7ok bekler oldun \u00f6yle&#8230; Yoksa bu mektupla\u015fma i\u015fini \u00e7ok mu sevdin? \ufffcTan\u0131t\u0131m Metni<\/p>\n","protected":false},"excerpt":{"rendered":"<p>Her \u015fey bir \u00f6devle ba\u015flad\u0131. Mektup yazmak gerekiyormu\u015f. En az iki tane olacakm\u0131\u015f ve e\u011fer bu \u00f6dev yap\u0131lmazsa karneye y\u0131ld\u0131z yap\u0131\u015ft\u0131r\u0131lmayacakm\u0131\u015f&#8230; Ama bir dakika, ne kadar<span class=\"excerpt-hellip\"> [\u2026]<\/span><\/p>\n","protected":false},"featured_media":0,"template":"","meta":{"_monsterinsights_skip_tracking":false,"_monsterinsights_sitenote_active":false,"_monsterinsights_sitenote_note":"","_monsterinsights_sitenote_category":0},"product_brand":[],"product_cat":[12274,12284],"product_tag":[],"class_list":{"0":"post-710736","1":"product","2":"type-product","3":"status-publish","5":"product_cat-cocuk-ve-genclik-kitaplari","6":"product_cat-hikayeler","7":"pa_cilt-ciltsiz","8":"pa_tur-kitap","9":"pa_yayinevi-ayrinti-yayinlari","10":"pa_yazar-nilay-sanli","12":"first","13":"instock","14":"sale","15":"shipping-taxable","16":"purchasable","17":"product-type-simple"},"_links":{"self":[{"href":"https:\/\/roveyayinevi.com.tr\/index.php\/wp-json\/wp\/v2\/product\/710736","targetHints":{"allow":["GET"]}}],"collection":[{"href":"https:\/\/roveyayinevi.com.tr\/index.php\/wp-json\/wp\/v2\/product"}],"about":[{"href":"https:\/\/roveyayinevi.com.tr\/index.php\/wp-json\/wp\/v2\/types\/product"}],"wp:attachment":[{"href":"https:\/\/roveyayinevi.com.tr\/index.php\/wp-json\/wp\/v2\/media?parent=710736"}],"wp:term":[{"taxonomy":"product_brand","embeddable":true,"href":"https:\/\/roveyayinevi.com.tr\/index.php\/wp-json\/wp\/v2\/product_brand?post=710736"},{"taxonomy":"product_cat","embeddable":true,"href":"https:\/\/roveyayinevi.com.tr\/index.php\/wp-json\/wp\/v2\/product_cat?post=710736"},{"taxonomy":"product_tag","embeddable":true,"href":"https:\/\/roveyayinevi.com.tr\/index.php\/wp-json\/wp\/v2\/product_tag?post=710736"}],"curies":[{"name":"wp","href":"https:\/\/api.w.org\/{rel}","templated":true}]}}