{"id":710727,"date":"2025-08-27T16:38:45","date_gmt":"2025-08-27T13:38:45","guid":{"rendered":"https:\/\/roveyayinevi.com.tr\/index.php\/urun\/yagmurun-ulkesine-yolculuk\/"},"modified":"2026-04-16T02:19:24","modified_gmt":"2026-04-15T23:19:24","slug":"yagmurun-ulkesine-yolculuk","status":"publish","type":"product","link":"https:\/\/roveyayinevi.com.tr\/index.php\/urun\/yagmurun-ulkesine-yolculuk\/","title":{"rendered":"Ya\u011fmurun \u00dclkesine Yolculuk"},"content":{"rendered":"<p>\u00c7ocukken evimiz \u015fehrin d\u0131\u015f\u0131nda, yama\u00e7ta, t\u00fcm \u015fehri yukar\u0131dan g\u00f6ren bir tepenin yamac\u0131nda, ufac\u0131k bir gecekonduydu.T\u00fcm tepede \u00fc\u00e7 be\u015f tane ev vard\u0131, kaderleri bize benzeyen. O evlerin \u00e7ocuklar\u0131 mahalle arkada\u015f\u0131m\u0131zd\u0131. O tepelerde boyumuzu a\u015fan \u00e7imenlerin i\u00e7inde kaybolurduk bahar aylar\u0131nda. K\u0131\u015f geldi mi karda kayard\u0131k tepeyi boydan boya, u\u00e7ard\u0131k, donard\u0131k, yanard\u0131k so\u011fuktan, yara bere i\u00e7inde kal\u0131rd\u0131k ama g\u00fcn batmadan girmezdik eve.Yaz ya\u011fmurlar\u0131nda tepemizin arkas\u0131nda g\u00f6kku\u015fa\u011f\u0131 \u00e7\u0131kard\u0131, ya\u011fmurdan sonra, g\u00f6\u011f\u00fc boydan boya sarar, uzansak tutacak kadar yak\u0131n san\u0131rd\u0131k maviyi, ye\u015fili, sar\u0131y\u0131.Anam, g\u00f6kku\u015fa\u011f\u0131n\u0131n alt\u0131ndan ge\u00e7en cennete gider demi\u015fti bir seferinde. Sonras\u0131nda ilk g\u00f6kku\u015fa\u011f\u0131nda alt\u0131ndan ge\u00e7mek i\u00e7in ko\u015fmu\u015ftuk, \u00e7ocukluk i\u015fte. Tepeye vard\u0131\u011f\u0131m\u0131zda bir adamla kar\u015f\u0131la\u015fm\u0131\u015ft\u0131k, adam s\u0131r\u0131ls\u0131klam \u0131slanm\u0131\u015f, t\u00fcm ya\u011fmuru i\u00e7ine \u00e7ekmi\u015f gibiydi, burnundan soluyordu, yorulmu\u015ftu, belki ac\u0131km\u0131\u015ft\u0131 da, yorgundu da.Adam\u0131 g\u00f6r\u00fcnce \u00e7ok heyecanlanm\u0131\u015ft\u0131k, adam ya\u011fmurun \u00fclkesinden geliyor sanm\u0131\u015ft\u0131k, g\u00f6kku\u015fa\u011f\u0131n\u0131n do\u011fdu\u011fu yerden, cennetten. G\u00f6kku\u015fa\u011f\u0131n\u0131n sahibi gibi g\u00f6r\u00fcn\u00fcyordu uzaktan, sanki onu oraya o adam dizmi\u015f, elce\u011fizleriyle yerle\u015ftirmi\u015fti. <\/p>\n","protected":false},"excerpt":{"rendered":"<p>\u00c7ocukken evimiz \u015fehrin d\u0131\u015f\u0131nda, yama\u00e7ta, t\u00fcm \u015fehri yukar\u0131dan g\u00f6ren bir tepenin yamac\u0131nda, ufac\u0131k bir gecekonduydu.T\u00fcm tepede \u00fc\u00e7 be\u015f tane ev vard\u0131, kaderleri bize benzeyen. O evlerin<span class=\"excerpt-hellip\"> [\u2026]<\/span><\/p>\n","protected":false},"featured_media":0,"template":"","meta":{"_monsterinsights_skip_tracking":false,"_monsterinsights_sitenote_active":false,"_monsterinsights_sitenote_note":"","_monsterinsights_sitenote_category":0},"product_brand":[],"product_cat":[12364,12376],"product_tag":[],"class_list":{"0":"post-710727","1":"product","2":"type-product","3":"status-publish","5":"product_cat-genel-konular","6":"product_cat-kisisel-gelisim","7":"pa_cilt-ciltsiz","8":"pa_tur-kitap","9":"pa_yayinevi-la-kitap-yayinlari","10":"pa_yazar-haydar-ersoz","12":"first","13":"instock","14":"sale","15":"shipping-taxable","16":"purchasable","17":"product-type-simple"},"_links":{"self":[{"href":"https:\/\/roveyayinevi.com.tr\/index.php\/wp-json\/wp\/v2\/product\/710727","targetHints":{"allow":["GET"]}}],"collection":[{"href":"https:\/\/roveyayinevi.com.tr\/index.php\/wp-json\/wp\/v2\/product"}],"about":[{"href":"https:\/\/roveyayinevi.com.tr\/index.php\/wp-json\/wp\/v2\/types\/product"}],"wp:attachment":[{"href":"https:\/\/roveyayinevi.com.tr\/index.php\/wp-json\/wp\/v2\/media?parent=710727"}],"wp:term":[{"taxonomy":"product_brand","embeddable":true,"href":"https:\/\/roveyayinevi.com.tr\/index.php\/wp-json\/wp\/v2\/product_brand?post=710727"},{"taxonomy":"product_cat","embeddable":true,"href":"https:\/\/roveyayinevi.com.tr\/index.php\/wp-json\/wp\/v2\/product_cat?post=710727"},{"taxonomy":"product_tag","embeddable":true,"href":"https:\/\/roveyayinevi.com.tr\/index.php\/wp-json\/wp\/v2\/product_tag?post=710727"}],"curies":[{"name":"wp","href":"https:\/\/api.w.org\/{rel}","templated":true}]}}