{"id":710714,"date":"2025-08-27T16:38:39","date_gmt":"2025-08-27T13:38:39","guid":{"rendered":"https:\/\/roveyayinevi.com.tr\/index.php\/urun\/simone-de-beauvoir-aramizda\/"},"modified":"2026-04-16T02:19:23","modified_gmt":"2026-04-15T23:19:23","slug":"simone-de-beauvoir-aramizda","status":"publish","type":"product","link":"https:\/\/roveyayinevi.com.tr\/index.php\/urun\/simone-de-beauvoir-aramizda\/","title":{"rendered":"Simone De Beauvoir Aram\u0131zda"},"content":{"rendered":"<p>Julia Kristeva ve Simone de Beauvoir&#8230; Kad\u0131n \u00f6zg\u00fcrl\u00fc\u011f\u00fc m\u00fccadelesinde ufuk a\u00e7\u0131c\u0131 \u00e7al\u0131\u015fmalar\u0131yla an\u0131lan iki isim, iki d\u00fc\u015f\u00fcnce insan\u0131, iki yazar&#8230;Kristeva\u2019n\u0131n hayranl\u0131k ve ele\u015ftirellikle ele ald\u0131\u011f\u0131, d\u00f6nemini \u00f6nceleyen ve kendisini ku\u015fatan Simone de Beauvoir \u00fczerine yaz\u0131lar\u0131ndan olu\u015fan bu derleme bizi Beauvoir\u2019\u0131 yeniden okumaya davet ediyor. Hem ya\u015fam\u0131yla hem de eserleriyle antropolojik bir devrim ger\u00e7ekle\u015ftirmi\u015f, bireysel ve toplumsal gelece\u011fimize damgas\u0131n\u0131 vurmu\u015f Beauvoir\u2019dan bu yana feminist hareketin temel sorunlar\u0131na, farkl\u0131la\u015fan alg\u0131 ve yakla\u015f\u0131mlar\u0131na g\u00fc\u00e7l\u00fc bir de\u011fini niteli\u011fi ta\u015f\u0131yor.\u00c7in\u2019den Afganistan\u2019a uzanan bir co\u011frafyada temel ya\u015fam haklar\u0131ndan dahi mahrum kad\u0131nlar\u0131n m\u00fccadelesini yine Kristeva\u2019n\u0131n kaleminden okudu\u011fumuz bu derleme, her ikisinin de d\u00fc\u015f\u00fcn evrenine derinlemesine bir giri\u015f&#8230; <\/p>\n","protected":false},"excerpt":{"rendered":"<p>Julia Kristeva ve Simone de Beauvoir&#8230; Kad\u0131n \u00f6zg\u00fcrl\u00fc\u011f\u00fc m\u00fccadelesinde ufuk a\u00e7\u0131c\u0131 \u00e7al\u0131\u015fmalar\u0131yla an\u0131lan iki isim, iki d\u00fc\u015f\u00fcnce insan\u0131, iki yazar&#8230;Kristeva\u2019n\u0131n hayranl\u0131k ve ele\u015ftirellikle ele ald\u0131\u011f\u0131, d\u00f6nemini<span class=\"excerpt-hellip\"> [\u2026]<\/span><\/p>\n","protected":false},"featured_media":0,"template":"","meta":{"_monsterinsights_skip_tracking":false,"_monsterinsights_sitenote_active":false,"_monsterinsights_sitenote_note":"","_monsterinsights_sitenote_category":0},"product_brand":[],"product_cat":[26396,13488],"product_tag":[],"class_list":{"0":"post-710714","1":"product","2":"type-product","3":"status-publish","5":"product_cat-kadin-erkek-iliskileri","6":"product_cat-toplum-ve-insan","7":"pa_cilt-ciltsiz","8":"pa_tur-kitap","9":"pa_yayinevi-sel-yayincilik","10":"pa_yazar-julia-kristeva","12":"first","13":"instock","14":"sale","15":"shipping-taxable","16":"purchasable","17":"product-type-simple"},"_links":{"self":[{"href":"https:\/\/roveyayinevi.com.tr\/index.php\/wp-json\/wp\/v2\/product\/710714","targetHints":{"allow":["GET"]}}],"collection":[{"href":"https:\/\/roveyayinevi.com.tr\/index.php\/wp-json\/wp\/v2\/product"}],"about":[{"href":"https:\/\/roveyayinevi.com.tr\/index.php\/wp-json\/wp\/v2\/types\/product"}],"wp:attachment":[{"href":"https:\/\/roveyayinevi.com.tr\/index.php\/wp-json\/wp\/v2\/media?parent=710714"}],"wp:term":[{"taxonomy":"product_brand","embeddable":true,"href":"https:\/\/roveyayinevi.com.tr\/index.php\/wp-json\/wp\/v2\/product_brand?post=710714"},{"taxonomy":"product_cat","embeddable":true,"href":"https:\/\/roveyayinevi.com.tr\/index.php\/wp-json\/wp\/v2\/product_cat?post=710714"},{"taxonomy":"product_tag","embeddable":true,"href":"https:\/\/roveyayinevi.com.tr\/index.php\/wp-json\/wp\/v2\/product_tag?post=710714"}],"curies":[{"name":"wp","href":"https:\/\/api.w.org\/{rel}","templated":true}]}}