{"id":710706,"date":"2025-08-27T16:38:35","date_gmt":"2025-08-27T13:38:35","guid":{"rendered":"https:\/\/roveyayinevi.com.tr\/index.php\/urun\/hukuka-giris\/"},"modified":"2026-04-16T02:19:23","modified_gmt":"2026-04-15T23:19:23","slug":"hukuka-giris","status":"publish","type":"product","link":"https:\/\/roveyayinevi.com.tr\/index.php\/urun\/hukuka-giris\/","title":{"rendered":"Hukuka Giri\u015f"},"content":{"rendered":"<p>Bu eserde temel ama\u00e7 hukuk \u00f6\u011frenimine yeni ba\u015flayan \u00f6\u011frencilere, giri\u015f mahiyetinde bilgileri derli toplu bir \u015fekilde kazand\u0131rmakt\u0131r. Eseri, gen\u00e7 hukuk\u00e7ular i\u00e7in anla\u015f\u0131l\u0131r ve \u00f6z bir \u015fekilde sunmaya gayret sarfettik. Bu nedenle eser, hem hukuka giri\u015f dersi alanlara hem de program\u0131nda hukuk dersleri yer alan siyasal bilgiler fak\u00fcltesi ve idari bilimler fak\u00fcltesi \u00f6\u011frencilerine tavsiye edilmi\u015ftir.Eser, 2017 anayasa de\u011fi\u015fiklikleri sonras\u0131ndaki de\u011fi\u015fiklikler \u00e7er\u00e7evesinde yeniden g\u00f6zden ge\u00e7irilmi\u015f, g\u00fcncellenmi\u015f ve yeni bas\u0131m eserlerle takviye edilmi\u015ftir.<\/p>\n","protected":false},"excerpt":{"rendered":"<p>Bu eserde temel ama\u00e7 hukuk \u00f6\u011frenimine yeni ba\u015flayan \u00f6\u011frencilere, giri\u015f mahiyetinde bilgileri derli toplu bir \u015fekilde kazand\u0131rmakt\u0131r. Eseri, gen\u00e7 hukuk\u00e7ular i\u00e7in anla\u015f\u0131l\u0131r ve \u00f6z bir \u015fekilde<span class=\"excerpt-hellip\"> [\u2026]<\/span><\/p>\n","protected":false},"featured_media":0,"template":"","meta":{"_monsterinsights_skip_tracking":false,"_monsterinsights_sitenote_active":false,"_monsterinsights_sitenote_note":"","_monsterinsights_sitenote_category":0},"product_brand":[],"product_cat":[15350,17602],"product_tag":[],"class_list":{"0":"post-710706","1":"product","2":"type-product","3":"status-publish","5":"product_cat-hukuk","6":"product_cat-hukuk-uzerine","7":"pa_cilt-ciltsiz","8":"pa_tur-kitap","9":"pa_yayinevi-astana-yayinlari","10":"pa_yazar-ilyas-dogan","12":"first","13":"instock","14":"sale","15":"shipping-taxable","16":"purchasable","17":"product-type-simple"},"_links":{"self":[{"href":"https:\/\/roveyayinevi.com.tr\/index.php\/wp-json\/wp\/v2\/product\/710706","targetHints":{"allow":["GET"]}}],"collection":[{"href":"https:\/\/roveyayinevi.com.tr\/index.php\/wp-json\/wp\/v2\/product"}],"about":[{"href":"https:\/\/roveyayinevi.com.tr\/index.php\/wp-json\/wp\/v2\/types\/product"}],"wp:attachment":[{"href":"https:\/\/roveyayinevi.com.tr\/index.php\/wp-json\/wp\/v2\/media?parent=710706"}],"wp:term":[{"taxonomy":"product_brand","embeddable":true,"href":"https:\/\/roveyayinevi.com.tr\/index.php\/wp-json\/wp\/v2\/product_brand?post=710706"},{"taxonomy":"product_cat","embeddable":true,"href":"https:\/\/roveyayinevi.com.tr\/index.php\/wp-json\/wp\/v2\/product_cat?post=710706"},{"taxonomy":"product_tag","embeddable":true,"href":"https:\/\/roveyayinevi.com.tr\/index.php\/wp-json\/wp\/v2\/product_tag?post=710706"}],"curies":[{"name":"wp","href":"https:\/\/api.w.org\/{rel}","templated":true}]}}