{"id":710701,"date":"2025-08-27T16:38:33","date_gmt":"2025-08-27T13:38:33","guid":{"rendered":"https:\/\/roveyayinevi.com.tr\/index.php\/urun\/ilk-oguzlar\/"},"modified":"2026-04-16T02:19:23","modified_gmt":"2026-04-15T23:19:23","slug":"ilk-oguzlar","status":"publish","type":"product","link":"https:\/\/roveyayinevi.com.tr\/index.php\/urun\/ilk-oguzlar\/","title":{"rendered":"\u0130lk O\u011fuzlar"},"content":{"rendered":"<p>O\u011fuzlar, tarihin bize uzak olmayan bir an\u0131nda ortaya \u00e7\u0131kt\u0131lar. Torunlar\u0131n\u0131n son bin y\u0131l\u0131n tarihini yazacaklar\u0131n\u0131 bilmiyorlard\u0131 elbette. Ne var ki, bu \u00f6nemli toplulu\u011fun erken d\u00f6nemleriyle ilgili ara\u015ft\u0131rmalar yok denecek kadar azd\u0131r ve olanlar da siyas\u00ee tarih a\u011f\u0131rl\u0131kl\u0131 \u00e7al\u0131\u015fmalard\u0131r. Sel\u00e7uklular, Osmanl\u0131lar, Akkoyunlular, Karakoyunlular, Safeviler ve Kacarlar gibi imparatorluk sahibi pek \u00e7ok hanedan \u00e7\u0131kartan ve belki k\u0131rk tane devlet kuran, ama hepsinden \u00f6nemlisi d\u00fcnyan\u0131n tam ortas\u0131na bin y\u0131l boyunca h\u00e2kim olan O\u011fuzlar\u0131n nas\u0131l ortaya \u00e7\u0131kt\u0131\u011f\u0131 ise h\u00e2l\u00e2 belirsizli\u011fini korumaktad\u0131r. \u00c7ok eski tarihlerde de\u011fil, Orta\u00e7a\u011f\u2019\u0131n ilerleyen as\u0131rlar\u0131nda ger\u00e7ekle\u015fen O\u011fuz etnogenezi, \u00fczerinde \u00e7ok d\u00fc\u015f\u00fcnmeyi ve ayr\u0131nt\u0131l\u0131 \u00e7al\u0131\u015fmay\u0131 hak etmektedir. Etnik olu\u015fum ara\u015ft\u0131rmalar\u0131n\u0131n \u00fclkemizdeki en \u00f6nemli ismi olan Prof. Dr. Osman Karatay, bu eserinde O\u011fuzlu\u011fun ortaya \u00e7\u0131kt\u0131\u011f\u0131 zaman, mek\u00e2n ve ortam ile etnik bile\u015fenleri konusunda yeni baz\u0131 savlar sunmaktad\u0131r. Daha \u00f6nceki \u201cH\u0131rvat Ulusunun Olu\u015fumu\u201d, \u201c\u0130ran ile Turan\u201d, \u201cBey ile B\u00fcy\u00fcc\u00fc\u201d, \u201cT\u00fcrklerin K\u00f6keni\u201d ve \u201cHazarlar: Yahudi T\u00fcrkler, T\u00fcrk Yahudiler ve \u00d6tekiler\u201d adl\u0131 kitaplar\u0131 b\u00fcy\u00fck ilgi g\u00f6ren Karatay, bu kitab\u0131nda O\u011fuz-Hazar ili\u015fkilerini de \u00e7ok ayr\u0131nt\u0131l\u0131 bir \u015fekilde a\u00e7\u0131kl\u0131yor ve dolay\u0131s\u0131yla Sel\u00e7uklu k\u00f6klerine dair yeni fikirler \u00f6neriyor. <\/p>\n","protected":false},"excerpt":{"rendered":"<p>O\u011fuzlar, tarihin bize uzak olmayan bir an\u0131nda ortaya \u00e7\u0131kt\u0131lar. Torunlar\u0131n\u0131n son bin y\u0131l\u0131n tarihini yazacaklar\u0131n\u0131 bilmiyorlard\u0131 elbette. Ne var ki, bu \u00f6nemli toplulu\u011fun erken d\u00f6nemleriyle ilgili<span class=\"excerpt-hellip\"> [\u2026]<\/span><\/p>\n","protected":false},"featured_media":0,"template":"","meta":{"_monsterinsights_skip_tracking":false,"_monsterinsights_sitenote_active":false,"_monsterinsights_sitenote_note":"","_monsterinsights_sitenote_category":0},"product_brand":[],"product_cat":[12304,13650],"product_tag":[],"class_list":{"0":"post-710701","1":"product","2":"type-product","3":"status-publish","5":"product_cat-tarih","6":"product_cat-turk-tarihi-arastirmalari","7":"pa_cilt-ciltsiz","8":"pa_tur-kitap","9":"pa_yayinevi-otuken-nesriyat","10":"pa_yazar-osman-karatay","12":"first","13":"instock","14":"sale","15":"shipping-taxable","16":"purchasable","17":"product-type-simple"},"_links":{"self":[{"href":"https:\/\/roveyayinevi.com.tr\/index.php\/wp-json\/wp\/v2\/product\/710701","targetHints":{"allow":["GET"]}}],"collection":[{"href":"https:\/\/roveyayinevi.com.tr\/index.php\/wp-json\/wp\/v2\/product"}],"about":[{"href":"https:\/\/roveyayinevi.com.tr\/index.php\/wp-json\/wp\/v2\/types\/product"}],"wp:attachment":[{"href":"https:\/\/roveyayinevi.com.tr\/index.php\/wp-json\/wp\/v2\/media?parent=710701"}],"wp:term":[{"taxonomy":"product_brand","embeddable":true,"href":"https:\/\/roveyayinevi.com.tr\/index.php\/wp-json\/wp\/v2\/product_brand?post=710701"},{"taxonomy":"product_cat","embeddable":true,"href":"https:\/\/roveyayinevi.com.tr\/index.php\/wp-json\/wp\/v2\/product_cat?post=710701"},{"taxonomy":"product_tag","embeddable":true,"href":"https:\/\/roveyayinevi.com.tr\/index.php\/wp-json\/wp\/v2\/product_tag?post=710701"}],"curies":[{"name":"wp","href":"https:\/\/api.w.org\/{rel}","templated":true}]}}