{"id":710685,"date":"2025-08-27T16:38:25","date_gmt":"2025-08-27T13:38:25","guid":{"rendered":"https:\/\/roveyayinevi.com.tr\/index.php\/urun\/gundelik-hayata-sosyolojik-bakmak\/"},"modified":"2026-04-16T02:19:23","modified_gmt":"2026-04-15T23:19:23","slug":"gundelik-hayata-sosyolojik-bakmak","status":"publish","type":"product","link":"https:\/\/roveyayinevi.com.tr\/index.php\/urun\/gundelik-hayata-sosyolojik-bakmak\/","title":{"rendered":"G\u00fcndelik Hayata Sosyolojik Bakmak"},"content":{"rendered":"<p>Sorgulanmayan hayat ya\u015fanmaya de\u011fer bir hayat de\u011fildir&#8221; der, Sokrates. Hayat\u0131n sorgulanmas\u0131, hayat\u0131n ontolojik olarak sorgulanmas\u0131 \u015feklinde anla\u015f\u0131labilece\u011fi gibi s\u0131radanla\u015fm\u0131\u015f ve tek-tiple\u015fmi\u015f hayat\u0131n sorgulanmas\u0131 \u015feklinde de anla\u015f\u0131labilir. Hayat\u0131n ontolojik olarak sorgulanmas\u0131 felsefi zeminde y\u00fczy\u0131llard\u0131r tart\u0131\u015f\u0131lm\u0131\u015f ve tart\u0131\u015f\u0131lmaya da devam edilmektedir. Y\u00fczeysel bir g\u00f6zlemle g\u00fcndelik hayat s\u00f6ylendi\u011fi gibi basit s\u0131radan ve hatta \u00e7o\u011fu zaman anlams\u0131zm\u0131\u015f gibi g\u00f6r\u00fcnen davran\u0131\u015flar\u0131n sergilendi\u011fi bir alan olarak g\u00f6r\u00fclebilir. Ancak \u00f6zellikle yorumlay\u0131c\u0131 sosyoloji a\u00e7\u0131s\u0131ndan son derece \u00f6nemli olan sosyal etkile\u015fimler bu basit ve s\u0131radan g\u00f6z\u00fcken g\u00fcndelik hayatta meydana gelmektedir. Hayat\u0131n i\u00e7ine kat\u0131lan sosyolog ya\u015fam\u0131n anlam\u0131na ve geli\u015fimine g\u00f6z kulak olur. B\u00f6ylece o g\u00fcndelik hayat\u0131n i\u00e7inde toplumsal de\u011fi\u015fmeyi sa\u011flayan ve toplumsal de\u011fi\u015fmeyi yava\u015flatan veya engelleyen \u015feyi ortaya koyabilir. <\/p>\n","protected":false},"excerpt":{"rendered":"<p>Sorgulanmayan hayat ya\u015fanmaya de\u011fer bir hayat de\u011fildir&#8221; der, Sokrates. Hayat\u0131n sorgulanmas\u0131, hayat\u0131n ontolojik olarak sorgulanmas\u0131 \u015feklinde anla\u015f\u0131labilece\u011fi gibi s\u0131radanla\u015fm\u0131\u015f ve tek-tiple\u015fmi\u015f hayat\u0131n sorgulanmas\u0131 \u015feklinde de anla\u015f\u0131labilir.<span class=\"excerpt-hellip\"> [\u2026]<\/span><\/p>\n","protected":false},"featured_media":0,"template":"","meta":{"_monsterinsights_skip_tracking":false,"_monsterinsights_sitenote_active":false,"_monsterinsights_sitenote_note":"","_monsterinsights_sitenote_category":0},"product_brand":[],"product_cat":[12312,12304],"product_tag":[],"class_list":{"0":"post-710685","1":"product","2":"type-product","3":"status-publish","5":"product_cat-diger","6":"product_cat-tarih","7":"pa_cilt-ciltsiz","8":"pa_tur-kitap","9":"pa_yayinevi-siyasal-kitabevi","10":"pa_yazar-ensar-cetin","12":"first","13":"instock","14":"sale","15":"shipping-taxable","16":"purchasable","17":"product-type-simple"},"_links":{"self":[{"href":"https:\/\/roveyayinevi.com.tr\/index.php\/wp-json\/wp\/v2\/product\/710685","targetHints":{"allow":["GET"]}}],"collection":[{"href":"https:\/\/roveyayinevi.com.tr\/index.php\/wp-json\/wp\/v2\/product"}],"about":[{"href":"https:\/\/roveyayinevi.com.tr\/index.php\/wp-json\/wp\/v2\/types\/product"}],"wp:attachment":[{"href":"https:\/\/roveyayinevi.com.tr\/index.php\/wp-json\/wp\/v2\/media?parent=710685"}],"wp:term":[{"taxonomy":"product_brand","embeddable":true,"href":"https:\/\/roveyayinevi.com.tr\/index.php\/wp-json\/wp\/v2\/product_brand?post=710685"},{"taxonomy":"product_cat","embeddable":true,"href":"https:\/\/roveyayinevi.com.tr\/index.php\/wp-json\/wp\/v2\/product_cat?post=710685"},{"taxonomy":"product_tag","embeddable":true,"href":"https:\/\/roveyayinevi.com.tr\/index.php\/wp-json\/wp\/v2\/product_tag?post=710685"}],"curies":[{"name":"wp","href":"https:\/\/api.w.org\/{rel}","templated":true}]}}