{"id":710681,"date":"2025-08-27T16:38:24","date_gmt":"2025-08-27T13:38:24","guid":{"rendered":"https:\/\/roveyayinevi.com.tr\/index.php\/urun\/elt-methodology\/"},"modified":"2026-04-16T02:19:23","modified_gmt":"2026-04-15T23:19:23","slug":"elt-methodology","status":"publish","type":"product","link":"https:\/\/roveyayinevi.com.tr\/index.php\/urun\/elt-methodology\/","title":{"rendered":"ELT Methodology"},"content":{"rendered":"<p>Foreign language education has been attached great importance across the world for ages.AUTHORSZekiye M\u00dcGE TAVIL Turan PAKER\u00d6zkan KIRMIZI G\u00fclin DA\u011eDEV\u0130REN KIRMIZI Gonca YANGIN EK\u015e\u0130 Ceylan YANGIN ERSANLI Filiz YAL\u00c7IN TILFARLIO\u011eLU Oktay YA\u011eIZ <\/p>\n","protected":false},"excerpt":{"rendered":"<p>Foreign language education has been attached great importance across the world for ages.AUTHORSZekiye M\u00dcGE TAVIL Turan PAKER\u00d6zkan KIRMIZI G\u00fclin DA\u011eDEV\u0130REN KIRMIZI Gonca YANGIN EK\u015e\u0130 Ceylan YANGIN<span class=\"excerpt-hellip\"> [\u2026]<\/span><\/p>\n","protected":false},"featured_media":0,"template":"","meta":{"_monsterinsights_skip_tracking":false,"_monsterinsights_sitenote_active":false,"_monsterinsights_sitenote_note":"","_monsterinsights_sitenote_category":0},"product_brand":[],"product_cat":[12573,12566],"product_tag":[],"class_list":{"0":"post-710681","1":"product","2":"type-product","3":"status-publish","5":"product_cat-akademik-kitaplar","6":"product_cat-egitim","7":"pa_cilt-ciltsiz","8":"pa_tur-kitap","9":"pa_yayinevi-ani-yayincilik","10":"pa_yazar-arif-saricoban","12":"first","13":"instock","14":"sale","15":"shipping-taxable","16":"purchasable","17":"product-type-simple"},"_links":{"self":[{"href":"https:\/\/roveyayinevi.com.tr\/index.php\/wp-json\/wp\/v2\/product\/710681","targetHints":{"allow":["GET"]}}],"collection":[{"href":"https:\/\/roveyayinevi.com.tr\/index.php\/wp-json\/wp\/v2\/product"}],"about":[{"href":"https:\/\/roveyayinevi.com.tr\/index.php\/wp-json\/wp\/v2\/types\/product"}],"wp:attachment":[{"href":"https:\/\/roveyayinevi.com.tr\/index.php\/wp-json\/wp\/v2\/media?parent=710681"}],"wp:term":[{"taxonomy":"product_brand","embeddable":true,"href":"https:\/\/roveyayinevi.com.tr\/index.php\/wp-json\/wp\/v2\/product_brand?post=710681"},{"taxonomy":"product_cat","embeddable":true,"href":"https:\/\/roveyayinevi.com.tr\/index.php\/wp-json\/wp\/v2\/product_cat?post=710681"},{"taxonomy":"product_tag","embeddable":true,"href":"https:\/\/roveyayinevi.com.tr\/index.php\/wp-json\/wp\/v2\/product_tag?post=710681"}],"curies":[{"name":"wp","href":"https:\/\/api.w.org\/{rel}","templated":true}]}}