{"id":710674,"date":"2025-08-27T16:38:20","date_gmt":"2025-08-27T13:38:20","guid":{"rendered":"https:\/\/roveyayinevi.com.tr\/index.php\/urun\/taksitle-olum\/"},"modified":"2026-04-16T02:19:23","modified_gmt":"2026-04-15T23:19:23","slug":"taksitle-olum","status":"publish","type":"product","link":"https:\/\/roveyayinevi.com.tr\/index.php\/urun\/taksitle-olum\/","title":{"rendered":"Taksitle \u00d6l\u00fcm"},"content":{"rendered":"<p>Taksitle \u00d6l\u00fcm (1936) C\u00e9line\u2019in ikinci roman\u0131. Gecenin Sonuna Yolculuk\u2019ta (1932) oldu\u011fu gibi otobiyografik anlar i\u00e7eren bu romanda hayat\u0131n\u0131 b\u00fcy\u00fck bir yokolu\u015fa adam\u0131\u015f Ferdinand\u2019\u0131n hik\u00e2yesini anlat\u0131yor C\u00e9line. Paris sokaklar\u0131, pasajlar, tezg\u00e2htarlar, kuyumcular, hayat kad\u0131nlar\u0131, u\u00e7an balonlar, tuhaf bilimsel fikirler, sinir krizleri, kay\u0131ts\u0131zl\u0131k ve hi\u00e7lik de cabas\u0131.       Taksitle \u00d6l\u00fcm k\u00fcf\u00fcrbaz, asi, provokatif, m\u00fcptezel, haz d\u00fc\u015fk\u00fcn\u00fc, kaotik, s\u0131n\u0131r ihlali yapan, baba d\u00fc\u015fman\u0131 bir metin. Hayatta diki\u015f tutturamayanlar\u0131n, dahas\u0131 tutturmak istemeyenlerin ba\u015fucu kitab\u0131.       En sonuncu paragraf\u0131 \u015fimdi bitirdim, \u015fu i\u015fkenceyi yani. Bu i\u015f bana gani gani para getirmedi\u011fi s\u00fcrece bir daha asla yazmam, bu sefer neredeyse geberiyordum. C\u00e9line, Mah\u00e9\u2019ye yazd\u0131\u011f\u0131 mektuptan     C\u00e9line hakk\u0131nda ne zaman yaz\u0131 yazmaya \u00e7al\u0131\u015fsam delicesine bir ba\u015f a\u011fr\u0131s\u0131na tutuluyorum. \u015eimdi de tutuldum. Ba\u015fka hi\u00e7bir zaman ba\u015f\u0131m a\u011fr\u0131m\u0131yor. Kurt Vonnegut <\/p>\n","protected":false},"excerpt":{"rendered":"<p>Taksitle \u00d6l\u00fcm (1936) C\u00e9line\u2019in ikinci roman\u0131. Gecenin Sonuna Yolculuk\u2019ta (1932) oldu\u011fu gibi otobiyografik anlar i\u00e7eren bu romanda hayat\u0131n\u0131 b\u00fcy\u00fck bir yokolu\u015fa adam\u0131\u015f Ferdinand\u2019\u0131n hik\u00e2yesini anlat\u0131yor C\u00e9line.<span class=\"excerpt-hellip\"> [\u2026]<\/span><\/p>\n","protected":false},"featured_media":0,"template":"","meta":{"_monsterinsights_skip_tracking":false,"_monsterinsights_sitenote_active":false,"_monsterinsights_sitenote_note":"","_monsterinsights_sitenote_category":0},"product_brand":[],"product_cat":[12312,12304],"product_tag":[],"class_list":{"0":"post-710674","1":"product","2":"type-product","3":"status-publish","5":"product_cat-diger","6":"product_cat-tarih","7":"pa_cilt-ciltsiz","8":"pa_tur-kitap","9":"pa_yayinevi-yapi-kredi-yayinlari","10":"pa_yazar-louis-ferdinand-celine","12":"first","13":"instock","14":"sale","15":"shipping-taxable","16":"purchasable","17":"product-type-simple"},"_links":{"self":[{"href":"https:\/\/roveyayinevi.com.tr\/index.php\/wp-json\/wp\/v2\/product\/710674","targetHints":{"allow":["GET"]}}],"collection":[{"href":"https:\/\/roveyayinevi.com.tr\/index.php\/wp-json\/wp\/v2\/product"}],"about":[{"href":"https:\/\/roveyayinevi.com.tr\/index.php\/wp-json\/wp\/v2\/types\/product"}],"wp:attachment":[{"href":"https:\/\/roveyayinevi.com.tr\/index.php\/wp-json\/wp\/v2\/media?parent=710674"}],"wp:term":[{"taxonomy":"product_brand","embeddable":true,"href":"https:\/\/roveyayinevi.com.tr\/index.php\/wp-json\/wp\/v2\/product_brand?post=710674"},{"taxonomy":"product_cat","embeddable":true,"href":"https:\/\/roveyayinevi.com.tr\/index.php\/wp-json\/wp\/v2\/product_cat?post=710674"},{"taxonomy":"product_tag","embeddable":true,"href":"https:\/\/roveyayinevi.com.tr\/index.php\/wp-json\/wp\/v2\/product_tag?post=710674"}],"curies":[{"name":"wp","href":"https:\/\/api.w.org\/{rel}","templated":true}]}}