{"id":710638,"date":"2025-08-27T16:38:02","date_gmt":"2025-08-27T13:38:02","guid":{"rendered":"https:\/\/roveyayinevi.com.tr\/index.php\/urun\/iste-frank-lloyd-wright\/"},"modified":"2026-04-16T02:19:22","modified_gmt":"2026-04-15T23:19:22","slug":"iste-frank-lloyd-wright","status":"publish","type":"product","link":"https:\/\/roveyayinevi.com.tr\/index.php\/urun\/iste-frank-lloyd-wright\/","title":{"rendered":"\u0130\u015fte Frank Lloyd Wright"},"content":{"rendered":"<p>Bacon, Caravaggio, C\u00e9zanne, Dal\u00ed, Gaud\u00ed, Gauguin, Goya, Kandinsky, Leonardo da Vinci, Magritte, Matisse, Monet, Pollock, Rembrandt, Van Gogh, Warhol, Frank Lloyd Wright. Farkl\u0131 \u00fclkelerden, farkl\u0131 ak\u0131mlardan, sanat d\u00fcnyas\u0131nda iz b\u0131rakm\u0131\u015f on yedi sanat\u00e7\u0131. \u00d6d\u00fcll\u00fc \u00e7izerlerin kitaplara \u00f6zel \u00e7izdikleri ill\u00fcstrasyonlarla her biri kendi ba\u015f\u0131na da bir sanat eseri aday\u0131 olan on yedi kitap. hep kitap \u201c\u0130\u015fte\u201d dizisiyle sanatseverleri keyifli bir yolculu\u011fa \u00e7\u0131kar\u0131yor. Dizinin son iki kitab\u0131 ise \u0130\u015fte Frank Lloyd Wright ve \u0130\u015fte Gaud\u00ed.Hayat\u0131n\u0131 radikal de\u011fi\u015fiklikler ve talihsizlikler aras\u0131nda ge\u00e7iren bir usta. M\u00fcthi\u015f bir \u00f6\u011fretmen. Yapt\u0131\u011f\u0131 evlerin i\u00e7ini de birer sanat eserine d\u00f6n\u00fc\u015ft\u00fcren bir mimar. Kimi zaman bir idealist, kimi zaman bir ka\u00e7\u0131k. Pe\u015fini b\u0131rakmayan yang\u0131nlara inat bug\u00fcn bile insanlar\u0131n hayranl\u0131kla bakt\u0131\u011f\u0131 eserler b\u0131rakm\u0131\u015f bir sanat\u00e7\u0131: \u0130\u015fte Frank Lloyd Wright.Sanat tarih\u00e7isi Ian Volner\u2019\u0131n bilgisi ile \u00e7izimlerinde insanlar ve mek\u00e2nlar aras\u0131ndaki ili\u015fkilere yo\u011funla\u015fan Michael Kirkham\u2019\u0131n ill\u00fcstrasyonlar\u0131 birle\u015fiyor, okuru tan\u0131n\u0131rl\u0131\u011f\u0131na ra\u011fmen anla\u015f\u0131lmaz kalmay\u0131 ba\u015farm\u0131\u015f bu sanat\u00e7\u0131n\u0131n ayak izlerinin pe\u015finden s\u00fcr\u00fckl\u00fcyor. <\/p>\n","protected":false},"excerpt":{"rendered":"<p>Bacon, Caravaggio, C\u00e9zanne, Dal\u00ed, Gaud\u00ed, Gauguin, Goya, Kandinsky, Leonardo da Vinci, Magritte, Matisse, Monet, Pollock, Rembrandt, Van Gogh, Warhol, Frank Lloyd Wright. Farkl\u0131 \u00fclkelerden, farkl\u0131 ak\u0131mlardan,<span class=\"excerpt-hellip\"> [\u2026]<\/span><\/p>\n","protected":false},"featured_media":0,"template":"","meta":{"_monsterinsights_skip_tracking":false,"_monsterinsights_sitenote_active":false,"_monsterinsights_sitenote_note":"","_monsterinsights_sitenote_category":0},"product_brand":[],"product_cat":[12274,14573],"product_tag":[],"class_list":{"0":"post-710638","1":"product","2":"type-product","3":"status-publish","5":"product_cat-cocuk-ve-genclik-kitaplari","6":"product_cat-referans-kitaplar-cocuk-ve-genclik-kitaplari","7":"pa_cilt-ciltsiz","8":"pa_tur-kitap","9":"pa_yayinevi-hep-kitap","10":"pa_yazar-ian-volner","12":"first","13":"instock","14":"sale","15":"shipping-taxable","16":"purchasable","17":"product-type-simple"},"_links":{"self":[{"href":"https:\/\/roveyayinevi.com.tr\/index.php\/wp-json\/wp\/v2\/product\/710638","targetHints":{"allow":["GET"]}}],"collection":[{"href":"https:\/\/roveyayinevi.com.tr\/index.php\/wp-json\/wp\/v2\/product"}],"about":[{"href":"https:\/\/roveyayinevi.com.tr\/index.php\/wp-json\/wp\/v2\/types\/product"}],"wp:attachment":[{"href":"https:\/\/roveyayinevi.com.tr\/index.php\/wp-json\/wp\/v2\/media?parent=710638"}],"wp:term":[{"taxonomy":"product_brand","embeddable":true,"href":"https:\/\/roveyayinevi.com.tr\/index.php\/wp-json\/wp\/v2\/product_brand?post=710638"},{"taxonomy":"product_cat","embeddable":true,"href":"https:\/\/roveyayinevi.com.tr\/index.php\/wp-json\/wp\/v2\/product_cat?post=710638"},{"taxonomy":"product_tag","embeddable":true,"href":"https:\/\/roveyayinevi.com.tr\/index.php\/wp-json\/wp\/v2\/product_tag?post=710638"}],"curies":[{"name":"wp","href":"https:\/\/api.w.org\/{rel}","templated":true}]}}