{"id":710628,"date":"2025-08-27T16:37:51","date_gmt":"2025-08-27T13:37:51","guid":{"rendered":"https:\/\/roveyayinevi.com.tr\/index.php\/urun\/ileri-theta-healing\/"},"modified":"2026-04-08T02:25:09","modified_gmt":"2026-04-07T23:25:09","slug":"ileri-theta-healing","status":"publish","type":"product","link":"https:\/\/roveyayinevi.com.tr\/index.php\/urun\/ileri-theta-healing\/","title":{"rendered":"\u0130leri Theta Healing"},"content":{"rendered":"<p>B\u00fct\u00fcn seviyelerde -fiziksel, zihinsel, duygusal ve ruhsal- de\u011fi\u015fmenizi m\u00fcmk\u00fcn k\u0131lan, ileri enerji \u015fifas\u0131&#8230; ThetaHealing tekni\u011finin yarat\u0131c\u0131s\u0131 ViannaStibal, ilk kitab\u0131nda bu inan\u0131lmaz \u015fifa tekni\u011fini d\u00fcnyaya tan\u0131tm\u0131\u015ft\u0131. Vianna ile birlikte dikkat \u00e7ekici \u015fifalar deneyimleyen dan\u0131\u015fanlarla yap\u0131lan binlerce seansa dayanan bu kapsaml\u0131 devam kitab\u0131, ThetaHealing\u2019in ana \u00e7al\u0131\u015fmalar\u0131na ve uygulamalar\u0131na derin bir ke\u015fif sunuyor. His, \u0130nan\u00e7 ve Kazma \u00e7al\u0131\u015fmas\u0131 i\u00e7in detayl\u0131 bir rehber olan kitap, ayn\u0131 zamanda sevginin en y\u00fcksek seviyesi ile Var Olan Her \u015eey&#8217;in enerjisiyle ba\u011flant\u0131 kurmay\u0131 sa\u011flayan 7 Varolu\u015f Seviyesi hakk\u0131nda \u00e7ok daha fazla bilgi sunuyor.   V\u0131annaSt\u0131bal bir ressam, yazar, \u00f6\u011fretmen ve sezgisel okuyucudur. Amerika Birle\u015fik Devletleri, IdohaFalls&#8217;da ya\u015famaktad\u0131r. Kendini, bu iyile\u015ftirme modelini d\u00fcnyaya yaymaya adam\u0131\u015ft\u0131r ve 25&#8217;ten fazla \u00fclkede e\u011fitmenler ve uygulay\u0131c\u0131lar yeti\u015ftirmi\u015ftir. Vianna, her \u0131rktan, her inan\u00e7tan ve her dinden insan\u0131 ThetaHealing y\u00f6ntemi hakk\u0131nda e\u011fitmek \u00fczere uluslararas\u0131 seminerler d\u00fczenlemektedir. <\/p>\n","protected":false},"excerpt":{"rendered":"<p>B\u00fct\u00fcn seviyelerde -fiziksel, zihinsel, duygusal ve ruhsal- de\u011fi\u015fmenizi m\u00fcmk\u00fcn k\u0131lan, ileri enerji \u015fifas\u0131&#8230; ThetaHealing tekni\u011finin yarat\u0131c\u0131s\u0131 ViannaStibal, ilk kitab\u0131nda bu inan\u0131lmaz \u015fifa tekni\u011fini d\u00fcnyaya tan\u0131tm\u0131\u015ft\u0131. Vianna<span class=\"excerpt-hellip\"> [\u2026]<\/span><\/p>\n","protected":false},"featured_media":0,"template":"","meta":{"_monsterinsights_skip_tracking":false,"_monsterinsights_sitenote_active":false,"_monsterinsights_sitenote_note":"","_monsterinsights_sitenote_category":0},"product_brand":[],"product_cat":[12364,12376],"product_tag":[],"class_list":{"0":"post-710628","1":"product","2":"type-product","3":"status-publish","5":"product_cat-genel-konular","6":"product_cat-kisisel-gelisim","7":"pa_cilt-ciltsiz","8":"pa_tur-kitap","9":"pa_yayinevi-nemesis-kitap","10":"pa_yazar-vianna-stibal","12":"first","13":"instock","14":"sale","15":"shipping-taxable","16":"purchasable","17":"product-type-simple"},"_links":{"self":[{"href":"https:\/\/roveyayinevi.com.tr\/index.php\/wp-json\/wp\/v2\/product\/710628","targetHints":{"allow":["GET"]}}],"collection":[{"href":"https:\/\/roveyayinevi.com.tr\/index.php\/wp-json\/wp\/v2\/product"}],"about":[{"href":"https:\/\/roveyayinevi.com.tr\/index.php\/wp-json\/wp\/v2\/types\/product"}],"wp:attachment":[{"href":"https:\/\/roveyayinevi.com.tr\/index.php\/wp-json\/wp\/v2\/media?parent=710628"}],"wp:term":[{"taxonomy":"product_brand","embeddable":true,"href":"https:\/\/roveyayinevi.com.tr\/index.php\/wp-json\/wp\/v2\/product_brand?post=710628"},{"taxonomy":"product_cat","embeddable":true,"href":"https:\/\/roveyayinevi.com.tr\/index.php\/wp-json\/wp\/v2\/product_cat?post=710628"},{"taxonomy":"product_tag","embeddable":true,"href":"https:\/\/roveyayinevi.com.tr\/index.php\/wp-json\/wp\/v2\/product_tag?post=710628"}],"curies":[{"name":"wp","href":"https:\/\/api.w.org\/{rel}","templated":true}]}}