{"id":710615,"date":"2025-08-27T16:37:44","date_gmt":"2025-08-27T13:37:44","guid":{"rendered":"https:\/\/roveyayinevi.com.tr\/index.php\/urun\/dunyaca-unlu-eserler-serisi-altin-kaz\/"},"modified":"2025-11-06T04:24:21","modified_gmt":"2025-11-06T01:24:21","slug":"dunyaca-unlu-eserler-serisi-altin-kaz","status":"publish","type":"product","link":"https:\/\/roveyayinevi.com.tr\/index.php\/urun\/dunyaca-unlu-eserler-serisi-altin-kaz\/","title":{"rendered":"D\u00fcnyaca \u00dcnl\u00fc Eserler Serisi &#8211; Alt\u0131n Kaz"},"content":{"rendered":"<p>Ya\u015fl\u0131 bir adama yard\u0131m eden iyiliksever Billy\u2019nin hayat\u0131 bir anda de\u011fi\u015fir. Grimm Karde\u015flerin masal\u0131n\u0131n bu e\u011flenceli uyarlamas\u0131n\u0131 \u00e7ok seveceksin. \ufffcTan\u0131t\u0131m Metni<\/p>\n","protected":false},"excerpt":{"rendered":"<p>Ya\u015fl\u0131 bir adama yard\u0131m eden iyiliksever Billy\u2019nin hayat\u0131 bir anda de\u011fi\u015fir. Grimm Karde\u015flerin masal\u0131n\u0131n bu e\u011flenceli uyarlamas\u0131n\u0131 \u00e7ok seveceksin. \ufffcTan\u0131t\u0131m Metni<\/p>\n","protected":false},"featured_media":0,"template":"","meta":{"_monsterinsights_skip_tracking":false,"_monsterinsights_sitenote_active":false,"_monsterinsights_sitenote_note":"","_monsterinsights_sitenote_category":0},"product_brand":[],"product_cat":[12274,12284],"product_tag":[],"class_list":{"0":"post-710615","1":"product","2":"type-product","3":"status-publish","5":"product_cat-cocuk-ve-genclik-kitaplari","6":"product_cat-hikayeler","7":"pa_cilt-ciltsiz","8":"pa_tur-kitap","9":"pa_yayinevi-1001-cicek-kitaplar","10":"pa_yazar-grimm-kardesler","12":"first","13":"instock","14":"sale","15":"shipping-taxable","16":"purchasable","17":"product-type-simple"},"_links":{"self":[{"href":"https:\/\/roveyayinevi.com.tr\/index.php\/wp-json\/wp\/v2\/product\/710615","targetHints":{"allow":["GET"]}}],"collection":[{"href":"https:\/\/roveyayinevi.com.tr\/index.php\/wp-json\/wp\/v2\/product"}],"about":[{"href":"https:\/\/roveyayinevi.com.tr\/index.php\/wp-json\/wp\/v2\/types\/product"}],"wp:attachment":[{"href":"https:\/\/roveyayinevi.com.tr\/index.php\/wp-json\/wp\/v2\/media?parent=710615"}],"wp:term":[{"taxonomy":"product_brand","embeddable":true,"href":"https:\/\/roveyayinevi.com.tr\/index.php\/wp-json\/wp\/v2\/product_brand?post=710615"},{"taxonomy":"product_cat","embeddable":true,"href":"https:\/\/roveyayinevi.com.tr\/index.php\/wp-json\/wp\/v2\/product_cat?post=710615"},{"taxonomy":"product_tag","embeddable":true,"href":"https:\/\/roveyayinevi.com.tr\/index.php\/wp-json\/wp\/v2\/product_tag?post=710615"}],"curies":[{"name":"wp","href":"https:\/\/api.w.org\/{rel}","templated":true}]}}