{"id":710600,"date":"2025-08-27T16:37:36","date_gmt":"2025-08-27T13:37:36","guid":{"rendered":"https:\/\/roveyayinevi.com.tr\/index.php\/urun\/temel-turkce-sozluk\/"},"modified":"2025-09-12T11:42:46","modified_gmt":"2025-09-12T08:42:46","slug":"temel-turkce-sozluk","status":"publish","type":"product","link":"https:\/\/roveyayinevi.com.tr\/index.php\/urun\/temel-turkce-sozluk\/","title":{"rendered":"Temel T\u00fcrk\u00e7e S\u00f6zl\u00fck"},"content":{"rendered":"<p>R\u00fc\u015ft\u00fc Aydo\u011fan\u2019\u0131n haz\u0131rlad\u0131\u011f\u0131 Temel T\u00fcrk\u00e7e S\u00f6zl\u00fck kullan\u0131mda olan kelimeleri titiz, anla\u015f\u0131l\u0131r bir dille a\u00e7\u0131klam\u0131\u015ft\u0131r.<\/p>\n","protected":false},"excerpt":{"rendered":"<p>R\u00fc\u015ft\u00fc Aydo\u011fan\u2019\u0131n haz\u0131rlad\u0131\u011f\u0131 Temel T\u00fcrk\u00e7e S\u00f6zl\u00fck kullan\u0131mda olan kelimeleri titiz, anla\u015f\u0131l\u0131r bir dille a\u00e7\u0131klam\u0131\u015ft\u0131r.<\/p>\n","protected":false},"featured_media":0,"template":"","meta":{"_monsterinsights_skip_tracking":false,"_monsterinsights_sitenote_active":false,"_monsterinsights_sitenote_note":"","_monsterinsights_sitenote_category":0},"product_brand":[],"product_cat":[12566,13611,19496],"product_tag":[],"class_list":{"0":"post-710600","1":"product","2":"type-product","3":"status-publish","5":"product_cat-egitim","6":"product_cat-sozlukler-ve-konusma-kilavuzlari","7":"product_cat-turkce-sozlukler","8":"pa_cilt-ciltsiz","9":"pa_tur-kitap","10":"pa_yayinevi-evrensel-iletisim-yayinlari","11":"pa_yazar-rustu-aydogan","13":"first","14":"instock","15":"sale","16":"shipping-taxable","17":"purchasable","18":"product-type-simple"},"_links":{"self":[{"href":"https:\/\/roveyayinevi.com.tr\/index.php\/wp-json\/wp\/v2\/product\/710600","targetHints":{"allow":["GET"]}}],"collection":[{"href":"https:\/\/roveyayinevi.com.tr\/index.php\/wp-json\/wp\/v2\/product"}],"about":[{"href":"https:\/\/roveyayinevi.com.tr\/index.php\/wp-json\/wp\/v2\/types\/product"}],"wp:attachment":[{"href":"https:\/\/roveyayinevi.com.tr\/index.php\/wp-json\/wp\/v2\/media?parent=710600"}],"wp:term":[{"taxonomy":"product_brand","embeddable":true,"href":"https:\/\/roveyayinevi.com.tr\/index.php\/wp-json\/wp\/v2\/product_brand?post=710600"},{"taxonomy":"product_cat","embeddable":true,"href":"https:\/\/roveyayinevi.com.tr\/index.php\/wp-json\/wp\/v2\/product_cat?post=710600"},{"taxonomy":"product_tag","embeddable":true,"href":"https:\/\/roveyayinevi.com.tr\/index.php\/wp-json\/wp\/v2\/product_tag?post=710600"}],"curies":[{"name":"wp","href":"https:\/\/api.w.org\/{rel}","templated":true}]}}