{"id":710596,"date":"2025-08-27T16:37:34","date_gmt":"2025-08-27T13:37:34","guid":{"rendered":"https:\/\/roveyayinevi.com.tr\/index.php\/urun\/sosyoloji-ve-sosyal-bilimler-sosyoloji-bilimine-giris-1\/"},"modified":"2026-04-16T02:19:21","modified_gmt":"2026-04-15T23:19:21","slug":"sosyoloji-ve-sosyal-bilimler-sosyoloji-bilimine-giris-1","status":"publish","type":"product","link":"https:\/\/roveyayinevi.com.tr\/index.php\/urun\/sosyoloji-ve-sosyal-bilimler-sosyoloji-bilimine-giris-1\/","title":{"rendered":"Sosyoloji ve Sosyal Bilimler (Sosyoloji Bilimine Giri\u015f 1)"},"content":{"rendered":"<p>\u201cKavramsal ve soyut bilimin g\u00fcn\u00fcn birinde hayat\u0131n somut olaylar\u0131n\u0131 anlaml\u0131 bir \u015fekilde form\u00fclle ve genel terimlerle ortaya koyabilecek ve belki de koyacak olmas\u0131 felsefecilerin hayali olmu\u015ftur. Bilgilerini g\u00f6zlem ve ara\u015ft\u0131rmadan ziyade ders kitaplar\u0131ndan elde eden s\u00f6zde entelekt\u00fceller i\u00e7in bilimin bu hayali \u00e7oktan ger\u00e7ekle\u015ftirmi\u015f oldu\u011fu d\u00fc\u015f\u00fcncesi trajik bir hatad\u0131r. Ancak bilimin, somut tecr\u00fcbenin kaynaklar\u0131n\u0131 veya \u00f6nemini t\u00fcketmeye ba\u015flad\u0131\u011f\u0131na dair bir i\u015faret yoktur. D\u0131\u015f do\u011fan\u0131n s\u0131n\u0131rs\u0131z \u00e7e\u015fitlili\u011fi ve ki\u015fisel deneyimlerime dair s\u0131n\u0131rs\u0131z zenginlik \u015fimdiye kadar bilimsel s\u0131n\u0131fland\u0131rma end\u00fcstrisine kar\u015f\u0131 \u00e7\u0131km\u0131\u015ft\u0131r ve \u015f\u00fcphesiz kar\u015f\u0131 \u00e7\u0131kmaya da devam edecektir. \u00d6te yandan, bilimin ke\u015fifleri her ge\u00e7en g\u00fcn, yeni ve daha geni\u015f deneyim alanlar\u0131n\u0131 bizim i\u00e7in eri\u015filebilir hale getirmektedir.\u201d  Robert E. Park, 20. y\u00fczy\u0131l\u0131n ba\u015f\u0131ndaki \u00e7al\u0131\u015fmalar\u0131yla, Amerikan sosyolojisinin en etkili isimlerinden biri olarak kabul edilegelmektedir. Kent, ekoloji, g\u00f6\u00e7, asimilasyon gibi sosyolojik \u00e7al\u0131\u015fma alanlar\u0131nda \u00f6nc\u00fcd\u00fcr. Park\u2019\u0131n y\u0131llara meydan okuyan, hacimli Sosyoloji Bilimine Giri\u015f kitab\u0131n\u0131n \u201cSosyoloji ve Sosyal Bilimler\u201d ba\u015fl\u0131kl\u0131 ilk b\u00f6l\u00fcm\u00fcn\u00fcn \u00e7evirisi olan bu kitap, yaln\u0131zca kendi \u00f6nemsedi\u011fi sosyolojik \u00e7al\u0131\u015fma alanlar\u0131n\u0131n iyi bir \u00f6zeti olmakla kalm\u0131yor; sosyal bilimlerin tarihine ve geli\u015fimine ili\u015fkin olarak, her d\u00fczeyden okura e\u015fsiz bir okuma tecr\u00fcbesi sunuyor. <\/p>\n","protected":false},"excerpt":{"rendered":"<p>\u201cKavramsal ve soyut bilimin g\u00fcn\u00fcn birinde hayat\u0131n somut olaylar\u0131n\u0131 anlaml\u0131 bir \u015fekilde form\u00fclle ve genel terimlerle ortaya koyabilecek ve belki de koyacak olmas\u0131 felsefecilerin hayali olmu\u015ftur.<span class=\"excerpt-hellip\"> [\u2026]<\/span><\/p>\n","protected":false},"featured_media":0,"template":"","meta":{"_monsterinsights_skip_tracking":false,"_monsterinsights_sitenote_active":false,"_monsterinsights_sitenote_note":"","_monsterinsights_sitenote_category":0},"product_brand":[],"product_cat":[12324,27533],"product_tag":[],"class_list":{"0":"post-710596","1":"product","2":"type-product","3":"status-publish","5":"product_cat-sosyoloji","6":"product_cat-sosyolojiye-giris","7":"pa_cilt-ciltsiz","8":"pa_tur-kitap","9":"pa_yayinevi-pinhan-yayincilik","10":"pa_yazar-robert-ezra-park","12":"first","13":"instock","14":"sale","15":"shipping-taxable","16":"purchasable","17":"product-type-simple"},"_links":{"self":[{"href":"https:\/\/roveyayinevi.com.tr\/index.php\/wp-json\/wp\/v2\/product\/710596","targetHints":{"allow":["GET"]}}],"collection":[{"href":"https:\/\/roveyayinevi.com.tr\/index.php\/wp-json\/wp\/v2\/product"}],"about":[{"href":"https:\/\/roveyayinevi.com.tr\/index.php\/wp-json\/wp\/v2\/types\/product"}],"wp:attachment":[{"href":"https:\/\/roveyayinevi.com.tr\/index.php\/wp-json\/wp\/v2\/media?parent=710596"}],"wp:term":[{"taxonomy":"product_brand","embeddable":true,"href":"https:\/\/roveyayinevi.com.tr\/index.php\/wp-json\/wp\/v2\/product_brand?post=710596"},{"taxonomy":"product_cat","embeddable":true,"href":"https:\/\/roveyayinevi.com.tr\/index.php\/wp-json\/wp\/v2\/product_cat?post=710596"},{"taxonomy":"product_tag","embeddable":true,"href":"https:\/\/roveyayinevi.com.tr\/index.php\/wp-json\/wp\/v2\/product_tag?post=710596"}],"curies":[{"name":"wp","href":"https:\/\/api.w.org\/{rel}","templated":true}]}}