{"id":710593,"date":"2025-08-27T16:37:33","date_gmt":"2025-08-27T13:37:33","guid":{"rendered":"https:\/\/roveyayinevi.com.tr\/index.php\/urun\/yalniz-degiliz-2\/"},"modified":"2026-04-16T02:19:21","modified_gmt":"2026-04-15T23:19:21","slug":"yalniz-degiliz-2","status":"publish","type":"product","link":"https:\/\/roveyayinevi.com.tr\/index.php\/urun\/yalniz-degiliz-2\/","title":{"rendered":"Yaln\u0131z De\u011filiz"},"content":{"rendered":"<p>\u201cBildiklerinizi unutun.Ana ak\u0131m bilimin dayatm\u0131\u015f oldu\u011fu sahte ve s\u0131n\u0131rland\u0131r\u0131lm\u0131\u015f tarihi bilgileri, beyninizi kafeslemi\u015f olan dogmalar\u0131 y\u0131kmaya geldim.Evrende yaln\u0131z m\u0131y\u0131z?Kesinlikle YALNIZ DE\u011e\u0130L\u0130Z! \u201cA\u015fg\u0131n, kitab\u0131n\u0131 b\u00f6yle tan\u0131ml\u0131yor\u2026Dini, mitolojik ve tarihsel a\u00e7\u0131dan ak\u0131llarda soru i\u015fareti olarak kalan bir\u00e7ok nokta bu kitap sayesinde \u00e7\u00f6z\u00fcl\u00fcyor\u2026\u0130nsanl\u0131\u011f\u0131 Hominid durumundan Homosapiens&#8217;e y\u00fckselten g\u00f6ksel varl\u0131klara dair kadim metinler, yaz\u0131l\u0131 kil tabletler, on binlerce y\u0131ll\u0131k Hiyeroglif \u00e7izimler, petroglif semboller ile boyanan ma\u011faralar ve kadim k\u00fclt\u00fcrlerde yaz\u0131lan say\u0131s\u0131z destanlar\u2026Hep beraber kadim medeniyetlere bir ke\u015ffe \u00e7\u0131kaca\u011f\u0131z ve bizlere neler anlatmak istediklerini ke\u015ffedece\u011fiz. <\/p>\n","protected":false},"excerpt":{"rendered":"<p>\u201cBildiklerinizi unutun.Ana ak\u0131m bilimin dayatm\u0131\u015f oldu\u011fu sahte ve s\u0131n\u0131rland\u0131r\u0131lm\u0131\u015f tarihi bilgileri, beyninizi kafeslemi\u015f olan dogmalar\u0131 y\u0131kmaya geldim.Evrende yaln\u0131z m\u0131y\u0131z?Kesinlikle YALNIZ DE\u011e\u0130L\u0130Z! \u201cA\u015fg\u0131n, kitab\u0131n\u0131 b\u00f6yle tan\u0131ml\u0131yor\u2026Dini, mitolojik<span class=\"excerpt-hellip\"> [\u2026]<\/span><\/p>\n","protected":false},"featured_media":0,"template":"","meta":{"_monsterinsights_skip_tracking":false,"_monsterinsights_sitenote_active":false,"_monsterinsights_sitenote_note":"","_monsterinsights_sitenote_category":0},"product_brand":[],"product_cat":[13590,12337],"product_tag":[],"class_list":{"0":"post-710593","1":"product","2":"type-product","3":"status-publish","5":"product_cat-arastirma-inceleme-politika-siyaset","6":"product_cat-politika-siyaset","7":"pa_cilt-ciltsiz","8":"pa_tur-kitap","9":"pa_yayinevi-atayurt-yayinlari","10":"pa_yazar-mevlut-asgin","12":"first","13":"instock","14":"sale","15":"shipping-taxable","16":"purchasable","17":"product-type-simple"},"_links":{"self":[{"href":"https:\/\/roveyayinevi.com.tr\/index.php\/wp-json\/wp\/v2\/product\/710593","targetHints":{"allow":["GET"]}}],"collection":[{"href":"https:\/\/roveyayinevi.com.tr\/index.php\/wp-json\/wp\/v2\/product"}],"about":[{"href":"https:\/\/roveyayinevi.com.tr\/index.php\/wp-json\/wp\/v2\/types\/product"}],"wp:attachment":[{"href":"https:\/\/roveyayinevi.com.tr\/index.php\/wp-json\/wp\/v2\/media?parent=710593"}],"wp:term":[{"taxonomy":"product_brand","embeddable":true,"href":"https:\/\/roveyayinevi.com.tr\/index.php\/wp-json\/wp\/v2\/product_brand?post=710593"},{"taxonomy":"product_cat","embeddable":true,"href":"https:\/\/roveyayinevi.com.tr\/index.php\/wp-json\/wp\/v2\/product_cat?post=710593"},{"taxonomy":"product_tag","embeddable":true,"href":"https:\/\/roveyayinevi.com.tr\/index.php\/wp-json\/wp\/v2\/product_tag?post=710593"}],"curies":[{"name":"wp","href":"https:\/\/api.w.org\/{rel}","templated":true}]}}