{"id":710587,"date":"2025-08-27T16:37:30","date_gmt":"2025-08-27T13:37:30","guid":{"rendered":"https:\/\/roveyayinevi.com.tr\/index.php\/urun\/masumiyetin-son-gunleri\/"},"modified":"2026-04-16T02:19:21","modified_gmt":"2026-04-15T23:19:21","slug":"masumiyetin-son-gunleri","status":"publish","type":"product","link":"https:\/\/roveyayinevi.com.tr\/index.php\/urun\/masumiyetin-son-gunleri\/","title":{"rendered":"Masumiyetin Son G\u00fcnleri"},"content":{"rendered":"<p>\u201c\u0130li\u015fki kuran mahvolmu\u015f demektir\u201ddenilmi\u015f. Denilmi\u015f, ancak istisnalar da yok de\u011fildir. Yani, kavu\u015fmalar\u0131na ra\u011fmen mahvolmam\u0131\u015f insanlar vard\u0131r. Evlenmelerine ra\u011fmen yaln\u0131zl\u0131k \u00e7ekmeyen insanlar vard\u0131r. Bunlardan baz\u0131lar\u0131 meslekleri sayesinde yaln\u0131zkalmazlar. Baz\u0131lar\u0131n\u0131n ger\u00e7ekten arkada\u015flar\u0131, aileleri, dostlar\u0131 vard\u0131r. Baz\u0131lar\u0131 ise yaln\u0131zl\u0131ktan bo\u011fulur gibi olunca, suyun \u00fcst\u00fcnde kalmak i\u00e7in kayalardaki yosunlara, ota, alkole, veya \u201ckanayan bir sosyal yaraya\u201dtutunur. Baz\u0131lar\u0131, \u00f6zellikle kad\u0131nlar, ufak paralar kar\u015f\u0131l\u0131\u011f\u0131nda kahve falc\u0131lar\u0131ndan gen\u00e7 sevgili, zengin yeni koca, yozla\u015fm\u0131\u015f gelecek sat\u0131n al\u0131r. \u0130kinciel mucize, uzun yol ve \u0131\u015f\u0131klar\u0131 kasten a\u00e7\u0131k b\u0131rak\u0131lm\u0131\u015f \u015fans sat\u0131n al\u0131r. Masum\u2019un epeyi su yutmu\u015f yaln\u0131zl\u0131\u011f\u0131 ise telveye de\u011fil, u\u00e7suz bucaks\u0131z denizde mucize eseri bir sabit fikir kayal\u0131\u011f\u0131na tutunmu\u015ftu: Sanatsinemas\u0131na! <\/p>\n","protected":false},"excerpt":{"rendered":"<p>\u201c\u0130li\u015fki kuran mahvolmu\u015f demektir\u201ddenilmi\u015f. Denilmi\u015f, ancak istisnalar da yok de\u011fildir. Yani, kavu\u015fmalar\u0131na ra\u011fmen mahvolmam\u0131\u015f insanlar vard\u0131r. Evlenmelerine ra\u011fmen yaln\u0131zl\u0131k \u00e7ekmeyen insanlar vard\u0131r. Bunlardan baz\u0131lar\u0131 meslekleri sayesinde<span class=\"excerpt-hellip\"> [\u2026]<\/span><\/p>\n","protected":false},"featured_media":0,"template":"","meta":{"_monsterinsights_skip_tracking":false,"_monsterinsights_sitenote_active":false,"_monsterinsights_sitenote_note":"","_monsterinsights_sitenote_category":0},"product_brand":[],"product_cat":[12291,12711],"product_tag":[],"class_list":{"0":"post-710587","1":"product","2":"type-product","3":"status-publish","5":"product_cat-edebiyat","6":"product_cat-roman-oyku","7":"pa_cilt-ciltsiz","8":"pa_tur-kitap","9":"pa_yayinevi-profil-kitap","10":"pa_yazar-selahattin-yusuf","12":"first","13":"instock","14":"sale","15":"shipping-taxable","16":"purchasable","17":"product-type-simple"},"_links":{"self":[{"href":"https:\/\/roveyayinevi.com.tr\/index.php\/wp-json\/wp\/v2\/product\/710587","targetHints":{"allow":["GET"]}}],"collection":[{"href":"https:\/\/roveyayinevi.com.tr\/index.php\/wp-json\/wp\/v2\/product"}],"about":[{"href":"https:\/\/roveyayinevi.com.tr\/index.php\/wp-json\/wp\/v2\/types\/product"}],"wp:attachment":[{"href":"https:\/\/roveyayinevi.com.tr\/index.php\/wp-json\/wp\/v2\/media?parent=710587"}],"wp:term":[{"taxonomy":"product_brand","embeddable":true,"href":"https:\/\/roveyayinevi.com.tr\/index.php\/wp-json\/wp\/v2\/product_brand?post=710587"},{"taxonomy":"product_cat","embeddable":true,"href":"https:\/\/roveyayinevi.com.tr\/index.php\/wp-json\/wp\/v2\/product_cat?post=710587"},{"taxonomy":"product_tag","embeddable":true,"href":"https:\/\/roveyayinevi.com.tr\/index.php\/wp-json\/wp\/v2\/product_tag?post=710587"}],"curies":[{"name":"wp","href":"https:\/\/api.w.org\/{rel}","templated":true}]}}