{"id":710585,"date":"2025-08-27T16:37:29","date_gmt":"2025-08-27T13:37:29","guid":{"rendered":"https:\/\/roveyayinevi.com.tr\/index.php\/urun\/lacivert\/"},"modified":"2026-04-12T02:22:40","modified_gmt":"2026-04-11T23:22:40","slug":"lacivert","status":"publish","type":"product","link":"https:\/\/roveyayinevi.com.tr\/index.php\/urun\/lacivert\/","title":{"rendered":"Lacivert"},"content":{"rendered":"<p>P\u0131nar Gogulan S\u0131rlar\u0131n, g\u00f6lgelerin,k\u00f6r noktalar\u0131n, en derinlerdekinin su y\u00fcz\u00fcne \u00e7\u0131kma hik\u00e2yesiT\u0131pk\u0131 sen gibi,T\u0131pk\u0131 ben gibi ..\u2022 \u2022 \u2022Bir y\u00fczle\u015fme hik\u00e2yesi Lacivert&#8230; \u0130\u00e7inde z\u0131tl\u0131klar, derin ac\u0131lar, b\u00fcy\u00fck co\u015fkular, bitmez sorgular, \u00e7aresizlikler ve masmavi umutlar ta\u015f\u0131yor.\u00d6l\u00fcm\u00fcn s\u0131cak koynundan s\u0131yr\u0131l\u0131p ya\u015fam\u0131n so\u011fuk ger\u00e7e\u011fiyle y\u00fczle\u015fme ve regresyon yard\u0131m\u0131yla ge\u00e7mi\u015fle tan\u0131\u015fma ser\u00fcveni bir anlamda&#8230; \u015eimdi t\u00fcm bu duygular, y\u00fczle\u015fmeler, yan\u0131lsama- lar ve sorgular ba\u015fkalar\u0131na \u015fifa oluyor. Birle\u015fmek ve b\u00fct\u00fcn olmak i\u00e7in&#8230; <\/p>\n","protected":false},"excerpt":{"rendered":"<p>P\u0131nar Gogulan S\u0131rlar\u0131n, g\u00f6lgelerin,k\u00f6r noktalar\u0131n, en derinlerdekinin su y\u00fcz\u00fcne \u00e7\u0131kma hik\u00e2yesiT\u0131pk\u0131 sen gibi,T\u0131pk\u0131 ben gibi ..\u2022 \u2022 \u2022Bir y\u00fczle\u015fme hik\u00e2yesi Lacivert&#8230; \u0130\u00e7inde z\u0131tl\u0131klar, derin ac\u0131lar, b\u00fcy\u00fck<span class=\"excerpt-hellip\"> [\u2026]<\/span><\/p>\n","protected":false},"featured_media":0,"template":"","meta":{"_monsterinsights_skip_tracking":false,"_monsterinsights_sitenote_active":false,"_monsterinsights_sitenote_note":"","_monsterinsights_sitenote_category":0},"product_brand":[],"product_cat":[12364,12376],"product_tag":[],"class_list":{"0":"post-710585","1":"product","2":"type-product","3":"status-publish","5":"product_cat-genel-konular","6":"product_cat-kisisel-gelisim","7":"pa_cilt-ciltsiz","8":"pa_tur-kitap","9":"pa_yayinevi-libros-yayinlari","10":"pa_yazar-pinar-gogulan","12":"first","13":"instock","14":"sale","15":"shipping-taxable","16":"purchasable","17":"product-type-simple"},"_links":{"self":[{"href":"https:\/\/roveyayinevi.com.tr\/index.php\/wp-json\/wp\/v2\/product\/710585","targetHints":{"allow":["GET"]}}],"collection":[{"href":"https:\/\/roveyayinevi.com.tr\/index.php\/wp-json\/wp\/v2\/product"}],"about":[{"href":"https:\/\/roveyayinevi.com.tr\/index.php\/wp-json\/wp\/v2\/types\/product"}],"wp:attachment":[{"href":"https:\/\/roveyayinevi.com.tr\/index.php\/wp-json\/wp\/v2\/media?parent=710585"}],"wp:term":[{"taxonomy":"product_brand","embeddable":true,"href":"https:\/\/roveyayinevi.com.tr\/index.php\/wp-json\/wp\/v2\/product_brand?post=710585"},{"taxonomy":"product_cat","embeddable":true,"href":"https:\/\/roveyayinevi.com.tr\/index.php\/wp-json\/wp\/v2\/product_cat?post=710585"},{"taxonomy":"product_tag","embeddable":true,"href":"https:\/\/roveyayinevi.com.tr\/index.php\/wp-json\/wp\/v2\/product_tag?post=710585"}],"curies":[{"name":"wp","href":"https:\/\/api.w.org\/{rel}","templated":true}]}}