{"id":710578,"date":"2025-08-27T16:37:25","date_gmt":"2025-08-27T13:37:25","guid":{"rendered":"https:\/\/roveyayinevi.com.tr\/index.php\/urun\/batman-serisi-6-gece-vardiyasi\/"},"modified":"2026-04-16T02:19:20","modified_gmt":"2026-04-15T23:19:20","slug":"batman-serisi-6-gece-vardiyasi","status":"publish","type":"product","link":"https:\/\/roveyayinevi.com.tr\/index.php\/urun\/batman-serisi-6-gece-vardiyasi\/","title":{"rendered":"Batman Serisi 6 &#8211; Gece Vardiyas\u0131"},"content":{"rendered":"<p>Scott Snyder ve Greg Capullo\u2019nun ezber bozan Batman \u00e7al\u0131\u015fmas\u0131, Bayku\u015flar divan\u0131, Ailenin \u00f6l\u00fcm\u00fc ve Y\u0131l S\u0131f\u0131r ile \u00e7izgi roman d\u00fcnyas\u0131n\u0131 aya\u011fa kald\u0131rd\u0131.\u015eimdi ilk defa, hik\u00e2yeler aras\u0131ndaki hik\u00e2yeler kar\u015f\u0131m\u0131za \u00e7\u0131k\u0131yor. B\u00fcy\u00fck be\u011feni toplayan serilerdeki ba\u011f\u0131ms\u0131z \u00f6yk\u00fclerde Batman o\u011flunun yas\u0131n\u0131 tutuyor, Arkham T\u0131marhanesi\u2019ne s\u0131z\u0131yor ve bir seri katilin izini s\u00fcr\u00fcyor. Y\u0131l S\u0131f\u0131r ile Batman Eternal\u2019\u0131n gelece\u011fi aras\u0131nda mekik dokuyan bu hik\u00e2yeler, en \u00e7ok sevilen \u00e7izgi roman d\u00fcnyalar\u0131ndan birini geni\u015fletiyor ve zenginle\u015ftiriyor. <\/p>\n","protected":false},"excerpt":{"rendered":"<p>Scott Snyder ve Greg Capullo\u2019nun ezber bozan Batman \u00e7al\u0131\u015fmas\u0131, Bayku\u015flar divan\u0131, Ailenin \u00f6l\u00fcm\u00fc ve Y\u0131l S\u0131f\u0131r ile \u00e7izgi roman d\u00fcnyas\u0131n\u0131 aya\u011fa kald\u0131rd\u0131.\u015eimdi ilk defa, hik\u00e2yeler aras\u0131ndaki<span class=\"excerpt-hellip\"> [\u2026]<\/span><\/p>\n","protected":false},"featured_media":0,"template":"","meta":{"_monsterinsights_skip_tracking":false,"_monsterinsights_sitenote_active":false,"_monsterinsights_sitenote_note":"","_monsterinsights_sitenote_category":0},"product_brand":[],"product_cat":[12689,12274],"product_tag":[],"class_list":{"0":"post-710578","1":"product","2":"type-product","3":"status-publish","5":"product_cat-cizgi-roman-cocuk-ve-genclik-kitaplari","6":"product_cat-cocuk-ve-genclik-kitaplari","7":"pa_cilt-ciltsiz","8":"pa_tur-kitap","9":"pa_yayinevi-jbc-yayincilik","10":"pa_yazar-scott-snyder-greg-capullo","12":"first","13":"instock","14":"sale","15":"shipping-taxable","16":"purchasable","17":"product-type-simple"},"_links":{"self":[{"href":"https:\/\/roveyayinevi.com.tr\/index.php\/wp-json\/wp\/v2\/product\/710578","targetHints":{"allow":["GET"]}}],"collection":[{"href":"https:\/\/roveyayinevi.com.tr\/index.php\/wp-json\/wp\/v2\/product"}],"about":[{"href":"https:\/\/roveyayinevi.com.tr\/index.php\/wp-json\/wp\/v2\/types\/product"}],"wp:attachment":[{"href":"https:\/\/roveyayinevi.com.tr\/index.php\/wp-json\/wp\/v2\/media?parent=710578"}],"wp:term":[{"taxonomy":"product_brand","embeddable":true,"href":"https:\/\/roveyayinevi.com.tr\/index.php\/wp-json\/wp\/v2\/product_brand?post=710578"},{"taxonomy":"product_cat","embeddable":true,"href":"https:\/\/roveyayinevi.com.tr\/index.php\/wp-json\/wp\/v2\/product_cat?post=710578"},{"taxonomy":"product_tag","embeddable":true,"href":"https:\/\/roveyayinevi.com.tr\/index.php\/wp-json\/wp\/v2\/product_tag?post=710578"}],"curies":[{"name":"wp","href":"https:\/\/api.w.org\/{rel}","templated":true}]}}