{"id":710555,"date":"2025-08-27T16:37:13","date_gmt":"2025-08-27T13:37:13","guid":{"rendered":"https:\/\/roveyayinevi.com.tr\/index.php\/urun\/merhaba-sevda\/"},"modified":"2026-04-16T02:19:20","modified_gmt":"2026-04-15T23:19:20","slug":"merhaba-sevda","status":"publish","type":"product","link":"https:\/\/roveyayinevi.com.tr\/index.php\/urun\/merhaba-sevda\/","title":{"rendered":"Merhaba Sevda"},"content":{"rendered":"<p>\u201cVaro\u015f r\u00fczg\u00e2r\u0131 deli eser, toprak yollar\u0131n tozunu savurup durur. Bah\u00e7elerde \u00e7ama\u015f\u0131rlar kirlenir \u00f6nce, kimi damlarda kiremitler. Y\u00fcr\u00fcrken a\u011fz\u0131 burnu toz dolar insan\u0131n yaz gelince. Yaz\u0131n toz, k\u0131\u015f\u0131n \u00e7amur, bizim buralar\u0131 zordur abi, zordur. Bu y\u00fczden \u00e7o\u011funun akl\u0131 kentte, buradan kurtulmak isterler ama varo\u015f b\u0131rakmaz, \u2018Gitmeyin, ge\u00e7inemezsiniz,\u2019 der! Ve m\u0131hlan\u0131p kal\u0131r aileler.\u201d Mizah ve tiyatro yazar\u0131 Kandemir Konduk Merhaba Sevda\u2019da 17 ya\u015f\u0131nda bir yazar\u0131n yer yer argo ve isyank\u00e2r dilinden, \u0130stanbul\u2019un \u00e7evresinde giderek b\u00fcy\u00fcyen yepyeni yerle\u015fim b\u00f6lgelerindeki ya\u015fam\u0131 tan\u0131t\u0131yor. Sonra da Bo\u011faz\u2019daki bir yal\u0131n\u0131n \u201czengin k\u0131z\u0131yla\u201d varo\u015ftaki gen\u00e7lerden birinin imk\u00e2ns\u0131z a\u015fk\u0131n\u0131 g\u00fcld\u00fcr\u00fc ve h\u00fcz\u00fcnle kar\u0131\u015f\u0131k aktar\u0131rken s\u0131n\u0131fsal \u00e7at\u0131\u015fmalar\u0131, siyasal ortam\u0131 da mizahi bir dille g\u0131d\u0131kl\u0131yor. <\/p>\n","protected":false},"excerpt":{"rendered":"<p>\u201cVaro\u015f r\u00fczg\u00e2r\u0131 deli eser, toprak yollar\u0131n tozunu savurup durur. Bah\u00e7elerde \u00e7ama\u015f\u0131rlar kirlenir \u00f6nce, kimi damlarda kiremitler. Y\u00fcr\u00fcrken a\u011fz\u0131 burnu toz dolar insan\u0131n yaz gelince. Yaz\u0131n toz,<span class=\"excerpt-hellip\"> [\u2026]<\/span><\/p>\n","protected":false},"featured_media":0,"template":"","meta":{"_monsterinsights_skip_tracking":false,"_monsterinsights_sitenote_active":false,"_monsterinsights_sitenote_note":"","_monsterinsights_sitenote_category":0},"product_brand":[],"product_cat":[12291,12711],"product_tag":[],"class_list":{"0":"post-710555","1":"product","2":"type-product","3":"status-publish","5":"product_cat-edebiyat","6":"product_cat-roman-oyku","7":"pa_cilt-ciltsiz","8":"pa_tur-kitap","9":"pa_yayinevi-kirmizi-kedi-yayinevi","10":"pa_yazar-kandemir-konduk","12":"first","13":"instock","14":"sale","15":"shipping-taxable","16":"purchasable","17":"product-type-simple"},"_links":{"self":[{"href":"https:\/\/roveyayinevi.com.tr\/index.php\/wp-json\/wp\/v2\/product\/710555","targetHints":{"allow":["GET"]}}],"collection":[{"href":"https:\/\/roveyayinevi.com.tr\/index.php\/wp-json\/wp\/v2\/product"}],"about":[{"href":"https:\/\/roveyayinevi.com.tr\/index.php\/wp-json\/wp\/v2\/types\/product"}],"wp:attachment":[{"href":"https:\/\/roveyayinevi.com.tr\/index.php\/wp-json\/wp\/v2\/media?parent=710555"}],"wp:term":[{"taxonomy":"product_brand","embeddable":true,"href":"https:\/\/roveyayinevi.com.tr\/index.php\/wp-json\/wp\/v2\/product_brand?post=710555"},{"taxonomy":"product_cat","embeddable":true,"href":"https:\/\/roveyayinevi.com.tr\/index.php\/wp-json\/wp\/v2\/product_cat?post=710555"},{"taxonomy":"product_tag","embeddable":true,"href":"https:\/\/roveyayinevi.com.tr\/index.php\/wp-json\/wp\/v2\/product_tag?post=710555"}],"curies":[{"name":"wp","href":"https:\/\/api.w.org\/{rel}","templated":true}]}}