{"id":710554,"date":"2025-08-27T16:37:12","date_gmt":"2025-08-27T13:37:12","guid":{"rendered":"https:\/\/roveyayinevi.com.tr\/index.php\/urun\/baris-takimi-serisi-4-devrimlere-kosuyor\/"},"modified":"2026-04-16T02:19:20","modified_gmt":"2026-04-15T23:19:20","slug":"baris-takimi-serisi-4-devrimlere-kosuyor","status":"publish","type":"product","link":"https:\/\/roveyayinevi.com.tr\/index.php\/urun\/baris-takimi-serisi-4-devrimlere-kosuyor\/","title":{"rendered":"Bar\u0131\u015f Tak\u0131m\u0131 Serisi 4 &#8211; Devrimlere Ko\u015fuyor!"},"content":{"rendered":"<p>Bar\u0131\u015f Tak\u0131m\u0131n\u0131n Ba\u015fkan\u0131 Ezgi, \u00c7anakkale Sava\u015flar\u0131n\u0131, Kurtulu\u015f Sava\u015f\u0131n\u0131 ara\u015ft\u0131rd\u0131. O y\u0131llar\u0131, Atat\u00fcrk\u2019\u00fcn ya\u015fam\u0131n\u0131 \u00f6\u011frendi. Ama Atat\u00fcrk\u2019\u00fc daha iyi anlamak istiyordu. Atat\u00fcrk bir\u00e7ok devrim yapm\u0131\u015ft\u0131; peki bu devrimleri ni\u00e7in yapm\u0131\u015ft\u0131? Ezgi, bu sorunun yan\u0131t\u0131n\u0131 aramaya ba\u015flad\u0131. B\u00fcy\u00fckleri de ona yard\u0131m ettiler. Birlikte kitaplar kar\u0131\u015ft\u0131rd\u0131lar. Her konuyu tart\u0131\u015ft\u0131lar. Ezgi, \u201cayd\u0131nlanma\u201dn\u0131n anlam\u0131n\u0131 kavrad\u0131. Atat\u00fcrk, koskoca bir \u00fclkeye yaln\u0131zca ba\u011f\u0131ms\u0131zl\u0131k kazand\u0131rmam\u0131\u015ft\u0131. Yurtta\u015flara bilimin, sanat\u0131n yolunu a\u00e7m\u0131\u015ft\u0131. Yaz\u0131, k\u0131l\u0131k k\u0131yafet, \u00f6l\u00e7\u00fc, tart\u0131, takvim&#8230; Her \u015fey yenilenmi\u015fti. Ezgi, kafas\u0131ndaki bir\u00e7ok soruya yan\u0131t bulmu\u015ftu. Bunlar\u0131 size de anlatmak istedi! <\/p>\n","protected":false},"excerpt":{"rendered":"<p>Bar\u0131\u015f Tak\u0131m\u0131n\u0131n Ba\u015fkan\u0131 Ezgi, \u00c7anakkale Sava\u015flar\u0131n\u0131, Kurtulu\u015f Sava\u015f\u0131n\u0131 ara\u015ft\u0131rd\u0131. O y\u0131llar\u0131, Atat\u00fcrk\u2019\u00fcn ya\u015fam\u0131n\u0131 \u00f6\u011frendi. Ama Atat\u00fcrk\u2019\u00fc daha iyi anlamak istiyordu. Atat\u00fcrk bir\u00e7ok devrim yapm\u0131\u015ft\u0131; peki bu<span class=\"excerpt-hellip\"> [\u2026]<\/span><\/p>\n","protected":false},"featured_media":0,"template":"","meta":{"_monsterinsights_skip_tracking":false,"_monsterinsights_sitenote_active":false,"_monsterinsights_sitenote_note":"","_monsterinsights_sitenote_category":0},"product_brand":[],"product_cat":[12274,12284],"product_tag":[],"class_list":{"0":"post-710554","1":"product","2":"type-product","3":"status-publish","5":"product_cat-cocuk-ve-genclik-kitaplari","6":"product_cat-hikayeler","7":"pa_cilt-ciltsiz","8":"pa_tur-kitap","9":"pa_yayinevi-kirmizi-kedi-yayinevi","10":"pa_yazar-sevgi-ozel-ibrahim-dizman","12":"first","13":"instock","14":"sale","15":"shipping-taxable","16":"purchasable","17":"product-type-simple"},"_links":{"self":[{"href":"https:\/\/roveyayinevi.com.tr\/index.php\/wp-json\/wp\/v2\/product\/710554","targetHints":{"allow":["GET"]}}],"collection":[{"href":"https:\/\/roveyayinevi.com.tr\/index.php\/wp-json\/wp\/v2\/product"}],"about":[{"href":"https:\/\/roveyayinevi.com.tr\/index.php\/wp-json\/wp\/v2\/types\/product"}],"wp:attachment":[{"href":"https:\/\/roveyayinevi.com.tr\/index.php\/wp-json\/wp\/v2\/media?parent=710554"}],"wp:term":[{"taxonomy":"product_brand","embeddable":true,"href":"https:\/\/roveyayinevi.com.tr\/index.php\/wp-json\/wp\/v2\/product_brand?post=710554"},{"taxonomy":"product_cat","embeddable":true,"href":"https:\/\/roveyayinevi.com.tr\/index.php\/wp-json\/wp\/v2\/product_cat?post=710554"},{"taxonomy":"product_tag","embeddable":true,"href":"https:\/\/roveyayinevi.com.tr\/index.php\/wp-json\/wp\/v2\/product_tag?post=710554"}],"curies":[{"name":"wp","href":"https:\/\/api.w.org\/{rel}","templated":true}]}}