{"id":710552,"date":"2025-08-27T16:37:11","date_gmt":"2025-08-27T13:37:11","guid":{"rendered":"https:\/\/roveyayinevi.com.tr\/index.php\/urun\/guzel-ise-evet\/"},"modified":"2026-04-16T02:19:20","modified_gmt":"2026-04-15T23:19:20","slug":"guzel-ise-evet","status":"publish","type":"product","link":"https:\/\/roveyayinevi.com.tr\/index.php\/urun\/guzel-ise-evet\/","title":{"rendered":"G\u00fczel \u0130se Evet"},"content":{"rendered":"<p>Reklamc\u0131l\u0131k, g\u00fczellik mitinin en \u00e7ok konu\u015fuldu\u011fu alanlardan bir tanesi. G\u00fcndelik ya\u015famda fiziksel g\u00fczelli\u011fe sahip insanlara yap\u0131lan pozitif g\u00f6ndermeler, bu ki\u015filere duyulan ilgi ve sevgi, fiziksel g\u00fczelli\u011fe sahip insanlar\u0131n reklamlarda bir ikna unsuru olarak yer almas\u0131n\u0131 da beraberinde getiriyor.T\u00fcketiciler reklamlarda g\u00f6rd\u00fckleri g\u00fczel ki\u015fileri nas\u0131l alg\u0131l\u0131yor? Fiziksel g\u00fczellik, bir mesaj kayna\u011f\u0131n\u0131n inan\u0131l\u0131rl\u0131\u011f\u0131n\u0131 art\u0131r\u0131yor mu? Fiziksel g\u00fczelli\u011fin farkl\u0131 d\u00fczeyleri reklam etkilili\u011finde ne gibi farkl\u0131l\u0131klar yarat\u0131yor? Fiziksel g\u00fczelli\u011fe sahip \u00fcnl\u00fclerin ileti\u015fim etkisi nas\u0131l ortaya \u00e7\u0131k\u0131yor? Fiziksel g\u00fczellik ile t\u00fcketici ilginli\u011fi aras\u0131nda nas\u0131l bir ba\u011flant\u0131 var?Bu kitap, g\u00fczellik k\u00fclt\u00fcr\u00fcn\u00fc ve bu k\u00fclt\u00fcr\u00fcn reklamlarla olan ili\u015fkisini ele al\u0131yor ve yukar\u0131daki sorulara ve daha fazlas\u0131na yan\u0131tlar ar\u0131yor. <\/p>\n","protected":false},"excerpt":{"rendered":"<p>Reklamc\u0131l\u0131k, g\u00fczellik mitinin en \u00e7ok konu\u015fuldu\u011fu alanlardan bir tanesi. G\u00fcndelik ya\u015famda fiziksel g\u00fczelli\u011fe sahip insanlara yap\u0131lan pozitif g\u00f6ndermeler, bu ki\u015filere duyulan ilgi ve sevgi, fiziksel g\u00fczelli\u011fe<span class=\"excerpt-hellip\"> [\u2026]<\/span><\/p>\n","protected":false},"featured_media":0,"template":"","meta":{"_monsterinsights_skip_tracking":false,"_monsterinsights_sitenote_active":false,"_monsterinsights_sitenote_note":"","_monsterinsights_sitenote_category":0},"product_brand":[],"product_cat":[13043,17492],"product_tag":[],"class_list":{"0":"post-710552","1":"product","2":"type-product","3":"status-publish","5":"product_cat-ekonomi","6":"product_cat-pazarlama-satis-reklam","7":"pa_cilt-ciltsiz","8":"pa_tur-kitap","9":"pa_yayinevi-say-yayinlari","10":"pa_yazar-ugur-bakir","12":"first","13":"instock","14":"sale","15":"shipping-taxable","16":"purchasable","17":"product-type-simple"},"_links":{"self":[{"href":"https:\/\/roveyayinevi.com.tr\/index.php\/wp-json\/wp\/v2\/product\/710552","targetHints":{"allow":["GET"]}}],"collection":[{"href":"https:\/\/roveyayinevi.com.tr\/index.php\/wp-json\/wp\/v2\/product"}],"about":[{"href":"https:\/\/roveyayinevi.com.tr\/index.php\/wp-json\/wp\/v2\/types\/product"}],"wp:attachment":[{"href":"https:\/\/roveyayinevi.com.tr\/index.php\/wp-json\/wp\/v2\/media?parent=710552"}],"wp:term":[{"taxonomy":"product_brand","embeddable":true,"href":"https:\/\/roveyayinevi.com.tr\/index.php\/wp-json\/wp\/v2\/product_brand?post=710552"},{"taxonomy":"product_cat","embeddable":true,"href":"https:\/\/roveyayinevi.com.tr\/index.php\/wp-json\/wp\/v2\/product_cat?post=710552"},{"taxonomy":"product_tag","embeddable":true,"href":"https:\/\/roveyayinevi.com.tr\/index.php\/wp-json\/wp\/v2\/product_tag?post=710552"}],"curies":[{"name":"wp","href":"https:\/\/api.w.org\/{rel}","templated":true}]}}