{"id":710549,"date":"2025-08-27T16:37:10","date_gmt":"2025-08-27T13:37:10","guid":{"rendered":"https:\/\/roveyayinevi.com.tr\/index.php\/urun\/mecburiyet\/"},"modified":"2026-04-16T02:19:20","modified_gmt":"2026-04-15T23:19:20","slug":"mecburiyet","status":"publish","type":"product","link":"https:\/\/roveyayinevi.com.tr\/index.php\/urun\/mecburiyet\/","title":{"rendered":"Mecburiyet"},"content":{"rendered":"<p>Sava\u015f kar\u015f\u0131t\u0131 g\u00f6r\u00fc\u015fleriyle tan\u0131nan Zweig I. D\u00fcnya Sava\u015f\u0131 boyunca bu g\u00f6r\u00fc\u015flerini yaymay\u0131 kendine misyon edinmi\u015fti. Avrupal\u0131 ve \u201cd\u00fcnya vatanda\u015f\u0131\u201d kimli\u011fine b\u00fcy\u00fck de\u011fer veren yazar, yap\u0131tlar\u0131nda sava\u015f\u0131n y\u0131k\u0131ma u\u011fratt\u0131\u011f\u0131 \u201ceski d\u00fcnya\u201dn\u0131n de\u011ferlerinin kaybolu\u015funu b\u00fcy\u00fck \u00f6l\u00e7\u00fcde dert edinmi\u015ftir. Mecburiyet \u2019in ana karakteri ressam Ferdinand da sava\u015f s\u0131ras\u0131nda askere al\u0131nmamak i\u00e7in \u0130svi\u00e7re\u2019ye ka\u00e7m\u0131\u015ft\u0131r. Bir g\u00fcn askerli\u011fe elveri\u015flili\u011finin tespiti i\u00e7in konsoloslu\u011fa davet edildi\u011finde, kar\u0131s\u0131n\u0131n \u015fiddet kar\u015f\u0131t\u0131 duru\u015funa ihanet etmemesi yolundaki telkinlerine kar\u015f\u0131n kendini gitmek zorunda hisseder. G\u00f6rev duygusu, sava\u015f kar\u015f\u0131t\u0131 d\u00fc\u015f\u00fcnceleri ve kar\u0131s\u0131na duydu\u011fu sevgi aras\u0131nda s\u0131k\u0131\u015f\u0131p kalm\u0131\u015ft\u0131r. Ferdinand her ne kadar \u201cinsanl\u0131\u011f\u0131n \u00f6tesinde bir vatan\u0131\u201d olmasa da, \u201cyirmi milyon insan\u0131 bo\u011fan o zinciri\u201d k\u0131ramayaca\u011f\u0131n\u0131 d\u00fc\u015f\u00fcn\u00fcr&#8230; \ufffcTan\u0131t\u0131m Metni<\/p>\n","protected":false},"excerpt":{"rendered":"<p>Sava\u015f kar\u015f\u0131t\u0131 g\u00f6r\u00fc\u015fleriyle tan\u0131nan Zweig I. D\u00fcnya Sava\u015f\u0131 boyunca bu g\u00f6r\u00fc\u015flerini yaymay\u0131 kendine misyon edinmi\u015fti. Avrupal\u0131 ve \u201cd\u00fcnya vatanda\u015f\u0131\u201d kimli\u011fine b\u00fcy\u00fck de\u011fer veren yazar, yap\u0131tlar\u0131nda sava\u015f\u0131n<span class=\"excerpt-hellip\"> [\u2026]<\/span><\/p>\n","protected":false},"featured_media":0,"template":"","meta":{"_monsterinsights_skip_tracking":false,"_monsterinsights_sitenote_active":false,"_monsterinsights_sitenote_note":"","_monsterinsights_sitenote_category":0},"product_brand":[],"product_cat":[13835],"product_tag":[],"class_list":{"0":"post-710549","1":"product","2":"type-product","3":"status-publish","5":"product_cat-cok-satanlar","6":"pa_cilt-ciltsiz","7":"pa_tur-kitap","8":"pa_yayinevi-is-bankasi-kultur-yayinlari","9":"pa_yazar-stefan-zweig","11":"first","12":"instock","13":"sale","14":"shipping-taxable","15":"purchasable","16":"product-type-simple"},"_links":{"self":[{"href":"https:\/\/roveyayinevi.com.tr\/index.php\/wp-json\/wp\/v2\/product\/710549","targetHints":{"allow":["GET"]}}],"collection":[{"href":"https:\/\/roveyayinevi.com.tr\/index.php\/wp-json\/wp\/v2\/product"}],"about":[{"href":"https:\/\/roveyayinevi.com.tr\/index.php\/wp-json\/wp\/v2\/types\/product"}],"wp:attachment":[{"href":"https:\/\/roveyayinevi.com.tr\/index.php\/wp-json\/wp\/v2\/media?parent=710549"}],"wp:term":[{"taxonomy":"product_brand","embeddable":true,"href":"https:\/\/roveyayinevi.com.tr\/index.php\/wp-json\/wp\/v2\/product_brand?post=710549"},{"taxonomy":"product_cat","embeddable":true,"href":"https:\/\/roveyayinevi.com.tr\/index.php\/wp-json\/wp\/v2\/product_cat?post=710549"},{"taxonomy":"product_tag","embeddable":true,"href":"https:\/\/roveyayinevi.com.tr\/index.php\/wp-json\/wp\/v2\/product_tag?post=710549"}],"curies":[{"name":"wp","href":"https:\/\/api.w.org\/{rel}","templated":true}]}}