{"id":710546,"date":"2025-08-27T16:37:08","date_gmt":"2025-08-27T13:37:08","guid":{"rendered":"https:\/\/roveyayinevi.com.tr\/index.php\/urun\/gencler-icin-amak-i-hayal-hayal-dunyasinda-bir-gezgin\/"},"modified":"2026-04-16T02:19:20","modified_gmt":"2026-04-15T23:19:20","slug":"gencler-icin-amak-i-hayal-hayal-dunyasinda-bir-gezgin","status":"publish","type":"product","link":"https:\/\/roveyayinevi.com.tr\/index.php\/urun\/gencler-icin-amak-i-hayal-hayal-dunyasinda-bir-gezgin\/","title":{"rendered":"Gen\u00e7ler \u0130\u00e7in Amak-\u0131 Hayal (Hayal D\u00fcnyas\u0131nda Bir Gezgin&#8230;)"},"content":{"rendered":"<p>\u0130yi bir sorusu olan\u0131n iyi de bir hik\u00e2yesi olur&#8230; \u201cArkada\u015flar\u0131m\u0131n yapt\u0131\u011f\u0131 gibi okuldan \u00e7\u0131kar \u00e7\u0131kmaz kitaplar\u0131m\u0131 bir k\u00f6\u015feye atmazd\u0131m. Bilgimi geli\u015ftirmek i\u00e7in bol bol okurdum. Bu y\u00fczden her konu hakk\u0131nda az ya da \u00e7ok fikir sahibi oldum. Her bilgiyi sorguluyordum. Sorgulamak, hi\u00e7bir \u015feyi kabul etmemek anlam\u0131na gelmez. Kabul etmemek ba\u015fka \u015fey, sorgulamak ba\u015fka&#8230; \u00d6\u011frendi\u011fim b\u00fct\u00fcn yeni bilgileri sorgulamaya devam ettim. Her \u015feye \u015f\u00fcpheyle yakla\u015ft\u0131m. Zavall\u0131 beynim neredeyse bir sava\u015f meydan\u0131na d\u00f6nm\u00fc\u015ft\u00fc. Ta ki o g\u00fcne kadar&#8230; Aynal\u0131 Baba kar\u015f\u0131ma \u00e7\u0131kt\u0131\u011f\u0131ndan beri herkesin hayal sand\u0131\u011f\u0131 bir d\u00fcnyan\u0131n ziyaret\u00e7isi oldum&#8230;\u201d <\/p>\n","protected":false},"excerpt":{"rendered":"<p>\u0130yi bir sorusu olan\u0131n iyi de bir hik\u00e2yesi olur&#8230; \u201cArkada\u015flar\u0131m\u0131n yapt\u0131\u011f\u0131 gibi okuldan \u00e7\u0131kar \u00e7\u0131kmaz kitaplar\u0131m\u0131 bir k\u00f6\u015feye atmazd\u0131m. Bilgimi geli\u015ftirmek i\u00e7in bol bol okurdum. Bu<span class=\"excerpt-hellip\"> [\u2026]<\/span><\/p>\n","protected":false},"featured_media":0,"template":"","meta":{"_monsterinsights_skip_tracking":false,"_monsterinsights_sitenote_active":false,"_monsterinsights_sitenote_note":"","_monsterinsights_sitenote_category":0},"product_brand":[],"product_cat":[12291,12711],"product_tag":[],"class_list":{"0":"post-710546","1":"product","2":"type-product","3":"status-publish","5":"product_cat-edebiyat","6":"product_cat-roman-oyku","7":"pa_cilt-ciltsiz","8":"pa_tur-kitap","9":"pa_yayinevi-destek-yayinlari","10":"pa_yazar-sehbenderzade-filibeli-ahmed-hilmi","12":"first","13":"instock","14":"sale","15":"shipping-taxable","16":"purchasable","17":"product-type-simple"},"_links":{"self":[{"href":"https:\/\/roveyayinevi.com.tr\/index.php\/wp-json\/wp\/v2\/product\/710546","targetHints":{"allow":["GET"]}}],"collection":[{"href":"https:\/\/roveyayinevi.com.tr\/index.php\/wp-json\/wp\/v2\/product"}],"about":[{"href":"https:\/\/roveyayinevi.com.tr\/index.php\/wp-json\/wp\/v2\/types\/product"}],"wp:attachment":[{"href":"https:\/\/roveyayinevi.com.tr\/index.php\/wp-json\/wp\/v2\/media?parent=710546"}],"wp:term":[{"taxonomy":"product_brand","embeddable":true,"href":"https:\/\/roveyayinevi.com.tr\/index.php\/wp-json\/wp\/v2\/product_brand?post=710546"},{"taxonomy":"product_cat","embeddable":true,"href":"https:\/\/roveyayinevi.com.tr\/index.php\/wp-json\/wp\/v2\/product_cat?post=710546"},{"taxonomy":"product_tag","embeddable":true,"href":"https:\/\/roveyayinevi.com.tr\/index.php\/wp-json\/wp\/v2\/product_tag?post=710546"}],"curies":[{"name":"wp","href":"https:\/\/api.w.org\/{rel}","templated":true}]}}