{"id":710542,"date":"2025-08-27T16:37:06","date_gmt":"2025-08-27T13:37:06","guid":{"rendered":"https:\/\/roveyayinevi.com.tr\/index.php\/urun\/kutsal-aile\/"},"modified":"2026-04-16T02:19:20","modified_gmt":"2026-04-15T23:19:20","slug":"kutsal-aile","status":"publish","type":"product","link":"https:\/\/roveyayinevi.com.tr\/index.php\/urun\/kutsal-aile\/","title":{"rendered":"Kutsal Aile"},"content":{"rendered":"<p>Bir aile\u2026 Hepimizin i\u00e7inde yer ald\u0131\u011f\u0131, akrabalar\u0131m\u0131zla mutlu mesut ya\u015fad\u0131\u011f\u0131m\u0131z ailemize benzeyen&#8230; Kahraman\u0131m\u0131z \u0130smail, kar\u0131s\u0131 Gu\u0308lcan, o\u011flu Alican, annesi ve babas\u0131, a\u011fabeyi, bacana\u011f\u0131, kay\u0131nbiraderi, kaynanas\u0131, kay\u0131npederi, day\u0131s\u0131 ve arkada\u015flar\u0131\u2026 Fatih Alt\u0131n\u00f6z, Kutsal Aile\u2019de \u201cs\u0131ms\u0131cak yuvam\u0131za\u201d bir ba\u015fka g\u00f6zle bak\u0131p normalin anormal, s\u0131radan\u0131n s\u0131rad\u0131\u015f\u0131, ola\u011fan\u0131n \u00e7\u0131lg\u0131nca, sessizce ak\u0131p gidenin s\u00fcrprizli y\u00f6nlerini anlat\u0131yor. \u201cEvet, tu\u0308m bunlar\u0131 ben de ya\u015f\u0131yorum,\u201d diyerek \u015fa\u015f\u0131racaks\u0131n\u0131z. Kanayan yaralar\u0131n\u0131z\u0131n ac\u0131s\u0131yla k\u0131vran\u0131rken kahkahan\u0131z\u0131 tutamayacaks\u0131n\u0131z. Ger\u00e7eklerle bir kez daha y\u00fczle\u015fecek onca ciddi \u015feyin ne kadar komik oldu\u011funu g\u00f6receksiniz. <\/p>\n","protected":false},"excerpt":{"rendered":"<p>Bir aile\u2026 Hepimizin i\u00e7inde yer ald\u0131\u011f\u0131, akrabalar\u0131m\u0131zla mutlu mesut ya\u015fad\u0131\u011f\u0131m\u0131z ailemize benzeyen&#8230; Kahraman\u0131m\u0131z \u0130smail, kar\u0131s\u0131 Gu\u0308lcan, o\u011flu Alican, annesi ve babas\u0131, a\u011fabeyi, bacana\u011f\u0131, kay\u0131nbiraderi, kaynanas\u0131, kay\u0131npederi,<span class=\"excerpt-hellip\"> [\u2026]<\/span><\/p>\n","protected":false},"featured_media":0,"template":"","meta":{"_monsterinsights_skip_tracking":false,"_monsterinsights_sitenote_active":false,"_monsterinsights_sitenote_note":"","_monsterinsights_sitenote_category":0},"product_brand":[],"product_cat":[12291,12711],"product_tag":[],"class_list":{"0":"post-710542","1":"product","2":"type-product","3":"status-publish","5":"product_cat-edebiyat","6":"product_cat-roman-oyku","7":"pa_cilt-ciltsiz","8":"pa_tur-kitap","9":"pa_yayinevi-cinar-yayinlari","10":"pa_yazar-fatih-altinoz","12":"first","13":"instock","14":"sale","15":"shipping-taxable","16":"purchasable","17":"product-type-simple"},"_links":{"self":[{"href":"https:\/\/roveyayinevi.com.tr\/index.php\/wp-json\/wp\/v2\/product\/710542","targetHints":{"allow":["GET"]}}],"collection":[{"href":"https:\/\/roveyayinevi.com.tr\/index.php\/wp-json\/wp\/v2\/product"}],"about":[{"href":"https:\/\/roveyayinevi.com.tr\/index.php\/wp-json\/wp\/v2\/types\/product"}],"wp:attachment":[{"href":"https:\/\/roveyayinevi.com.tr\/index.php\/wp-json\/wp\/v2\/media?parent=710542"}],"wp:term":[{"taxonomy":"product_brand","embeddable":true,"href":"https:\/\/roveyayinevi.com.tr\/index.php\/wp-json\/wp\/v2\/product_brand?post=710542"},{"taxonomy":"product_cat","embeddable":true,"href":"https:\/\/roveyayinevi.com.tr\/index.php\/wp-json\/wp\/v2\/product_cat?post=710542"},{"taxonomy":"product_tag","embeddable":true,"href":"https:\/\/roveyayinevi.com.tr\/index.php\/wp-json\/wp\/v2\/product_tag?post=710542"}],"curies":[{"name":"wp","href":"https:\/\/api.w.org\/{rel}","templated":true}]}}