{"id":710524,"date":"2025-08-27T16:36:56","date_gmt":"2025-08-27T13:36:56","guid":{"rendered":"https:\/\/roveyayinevi.com.tr\/index.php\/urun\/hayat-opucugu\/"},"modified":"2026-04-16T02:19:19","modified_gmt":"2026-04-15T23:19:19","slug":"hayat-opucugu","status":"publish","type":"product","link":"https:\/\/roveyayinevi.com.tr\/index.php\/urun\/hayat-opucugu\/","title":{"rendered":"Hayat \u00d6p\u00fcc\u00fc\u011f\u00fc"},"content":{"rendered":"<p>Hay\u0131r, bazen en de\u011ferli kelimedir. \u00d6zg\u00fcr ruhlu Mia Castellano, hemcinslerine dayat\u0131lan kal\u0131plardan kurtulup ba\u011f\u0131ms\u0131z bir kad\u0131n olarak d\u00fcnyaya a\u00e7\u0131lmakta kararl\u0131d\u0131r. Fakat bundan \u00f6nce, atlatt\u0131\u011f\u0131 talihsiz ni\u015fanl\u0131l\u0131k s\u00fcrecinin sonu\u00e7lar\u0131yla y\u00fczle\u015fmesi gerekmektedir. Bu y\u00fczden, onu korumas\u0131 i\u00e7in g\u00f6nderilen Lord David ile beraber vasisini ziyaret etmek \u00fczere yola \u00e7\u0131kar. Tamamen z\u0131t karakterlere sahip Mia ve David, yol boyunca ba\u015flar\u0131na gelen olaylar\u0131n da etkisiyle birbirleriyle yak\u0131nla\u015f\u0131rlar ve aralar\u0131nda kar\u015f\u0131 konulamaz bir \u00e7ekim ortaya \u00e7\u0131kar. Bu yolculuk, hayat\u0131 bir macera olarak g\u00f6ren Mia i\u00e7in e\u011flenceli fakat bir o kadar da zorlu ge\u00e7ecektir. <\/p>\n","protected":false},"excerpt":{"rendered":"<p>Hay\u0131r, bazen en de\u011ferli kelimedir. \u00d6zg\u00fcr ruhlu Mia Castellano, hemcinslerine dayat\u0131lan kal\u0131plardan kurtulup ba\u011f\u0131ms\u0131z bir kad\u0131n olarak d\u00fcnyaya a\u00e7\u0131lmakta kararl\u0131d\u0131r. Fakat bundan \u00f6nce, atlatt\u0131\u011f\u0131 talihsiz ni\u015fanl\u0131l\u0131k<span class=\"excerpt-hellip\"> [\u2026]<\/span><\/p>\n","protected":false},"featured_media":0,"template":"","meta":{"_monsterinsights_skip_tracking":false,"_monsterinsights_sitenote_active":false,"_monsterinsights_sitenote_note":"","_monsterinsights_sitenote_category":0},"product_brand":[],"product_cat":[12291,12711],"product_tag":[],"class_list":{"0":"post-710524","1":"product","2":"type-product","3":"status-publish","5":"product_cat-edebiyat","6":"product_cat-roman-oyku","7":"pa_cilt-ciltsiz","8":"pa_tur-kitap","9":"pa_yayinevi-epsilon-yayinlari","10":"pa_yazar-mary-blayney","12":"first","13":"instock","14":"sale","15":"shipping-taxable","16":"purchasable","17":"product-type-simple"},"_links":{"self":[{"href":"https:\/\/roveyayinevi.com.tr\/index.php\/wp-json\/wp\/v2\/product\/710524","targetHints":{"allow":["GET"]}}],"collection":[{"href":"https:\/\/roveyayinevi.com.tr\/index.php\/wp-json\/wp\/v2\/product"}],"about":[{"href":"https:\/\/roveyayinevi.com.tr\/index.php\/wp-json\/wp\/v2\/types\/product"}],"wp:attachment":[{"href":"https:\/\/roveyayinevi.com.tr\/index.php\/wp-json\/wp\/v2\/media?parent=710524"}],"wp:term":[{"taxonomy":"product_brand","embeddable":true,"href":"https:\/\/roveyayinevi.com.tr\/index.php\/wp-json\/wp\/v2\/product_brand?post=710524"},{"taxonomy":"product_cat","embeddable":true,"href":"https:\/\/roveyayinevi.com.tr\/index.php\/wp-json\/wp\/v2\/product_cat?post=710524"},{"taxonomy":"product_tag","embeddable":true,"href":"https:\/\/roveyayinevi.com.tr\/index.php\/wp-json\/wp\/v2\/product_tag?post=710524"}],"curies":[{"name":"wp","href":"https:\/\/api.w.org\/{rel}","templated":true}]}}