{"id":710518,"date":"2025-08-27T16:36:53","date_gmt":"2025-08-27T13:36:53","guid":{"rendered":"https:\/\/roveyayinevi.com.tr\/index.php\/urun\/vool-serisi-3-toz\/"},"modified":"2025-11-19T16:22:51","modified_gmt":"2025-11-19T13:22:51","slug":"vool-serisi-3-toz","status":"publish","type":"product","link":"https:\/\/roveyayinevi.com.tr\/index.php\/urun\/vool-serisi-3-toz\/","title":{"rendered":"Vool Serisi 3 &#8211; Toz"},"content":{"rendered":"<p>Tan\u0131d\u0131\u011f\u0131n\u0131z herkesin kaderi avu\u00e7lar\u0131n\u0131zda olsayd\u0131 ve tercihleriniz onlar\u0131n kurtulu\u015funa ya da \u00f6l\u00fcm\u00fcne sebep olsayd\u0131 ne yapard\u0131n\u0131z? Merakla beklenen Wool Serisi\u2019nin 3. kitab\u0131 TOZ t\u00fcm sorular\u0131n yan\u0131t\u0131n\u0131 veriyor ve zihinlerde unutulmaz bir tat b\u0131rakarak seriyi sonland\u0131r\u0131yor. D\u00fc\u011f\u00fcm hi\u00e7 beklemedi\u011finiz bir \u015fekilde \u00e7\u00f6z\u00fcl\u00fcyor. Amazon.com\u2019un en pop\u00fcler yazarlar s\u0131ralamas\u0131nda bulunan Hugh Howey\u2019in d\u00fcnyaca \u00fcnl\u00fc bilimkurgu serisi Wool\u2019un son cildi TOZ, silolar aras\u0131ndaki ili\u015fkileri a\u00e7\u0131kl\u0131\u011fa kavu\u015ftururken, kurtulu\u015f ve \u00f6l\u00fcm aras\u0131ndaki ba\u015f d\u00f6nd\u00fcr\u00fcc\u00fc denklemi de \u00e7\u00f6z\u00fcyor. <\/p>\n","protected":false},"excerpt":{"rendered":"<p>Tan\u0131d\u0131\u011f\u0131n\u0131z herkesin kaderi avu\u00e7lar\u0131n\u0131zda olsayd\u0131 ve tercihleriniz onlar\u0131n kurtulu\u015funa ya da \u00f6l\u00fcm\u00fcne sebep olsayd\u0131 ne yapard\u0131n\u0131z? Merakla beklenen Wool Serisi\u2019nin 3. kitab\u0131 TOZ t\u00fcm sorular\u0131n yan\u0131t\u0131n\u0131<span class=\"excerpt-hellip\"> [\u2026]<\/span><\/p>\n","protected":false},"featured_media":0,"template":"","meta":{"_monsterinsights_skip_tracking":false,"_monsterinsights_sitenote_active":false,"_monsterinsights_sitenote_note":"","_monsterinsights_sitenote_category":0},"product_brand":[],"product_cat":[12540,12291],"product_tag":[],"class_list":{"0":"post-710518","1":"product","2":"type-product","3":"status-publish","5":"product_cat-bilim-kurgu","6":"product_cat-edebiyat","7":"pa_cilt-ciltsiz","8":"pa_tur-kitap","9":"pa_yayinevi-monokl","10":"pa_yazar-hugh-howey","12":"first","13":"instock","14":"sale","15":"shipping-taxable","16":"purchasable","17":"product-type-simple"},"_links":{"self":[{"href":"https:\/\/roveyayinevi.com.tr\/index.php\/wp-json\/wp\/v2\/product\/710518","targetHints":{"allow":["GET"]}}],"collection":[{"href":"https:\/\/roveyayinevi.com.tr\/index.php\/wp-json\/wp\/v2\/product"}],"about":[{"href":"https:\/\/roveyayinevi.com.tr\/index.php\/wp-json\/wp\/v2\/types\/product"}],"wp:attachment":[{"href":"https:\/\/roveyayinevi.com.tr\/index.php\/wp-json\/wp\/v2\/media?parent=710518"}],"wp:term":[{"taxonomy":"product_brand","embeddable":true,"href":"https:\/\/roveyayinevi.com.tr\/index.php\/wp-json\/wp\/v2\/product_brand?post=710518"},{"taxonomy":"product_cat","embeddable":true,"href":"https:\/\/roveyayinevi.com.tr\/index.php\/wp-json\/wp\/v2\/product_cat?post=710518"},{"taxonomy":"product_tag","embeddable":true,"href":"https:\/\/roveyayinevi.com.tr\/index.php\/wp-json\/wp\/v2\/product_tag?post=710518"}],"curies":[{"name":"wp","href":"https:\/\/api.w.org\/{rel}","templated":true}]}}