{"id":710517,"date":"2025-08-27T16:36:52","date_gmt":"2025-08-27T13:36:52","guid":{"rendered":"https:\/\/roveyayinevi.com.tr\/index.php\/urun\/yolculuklar-izlenimler-serisi-3-new-york-amerikan-ruyasinin-baskenti\/"},"modified":"2026-04-16T02:19:19","modified_gmt":"2026-04-15T23:19:19","slug":"yolculuklar-izlenimler-serisi-3-new-york-amerikan-ruyasinin-baskenti","status":"publish","type":"product","link":"https:\/\/roveyayinevi.com.tr\/index.php\/urun\/yolculuklar-izlenimler-serisi-3-new-york-amerikan-ruyasinin-baskenti\/","title":{"rendered":"Yolculuklar &amp; \u0130zlenimler Serisi 3 &#8211; New York (Amerikan R\u00fcyas\u0131n\u0131n Ba\u015fkenti)"},"content":{"rendered":"<p>\u201c\u00c7ok anlat\u0131ld\u0131 New York kenti. \u00c7irkin dendi, g\u00fczel dendi. Kenti tan\u0131mlayan t\u00fcm s\u0131fatlar\u0131n \u00f6n\u00fcne zorunlu bir \u2018en\u2019 eklendi hep. D\u00fcnyan\u0131n en b\u00fcy\u00fck, en geni\u015f, en vars\u0131l, en yoksul, en korkulu, en e\u011flenceli, en \u00e7\u0131lg\u0131n, en vah\u015fi, en bo\u011fucu, en ferah kenti oldu\u011fu s\u00f6ylendi. New York iki y\u00fcz y\u0131ld\u0131r milyonlar\u0131n \u00f6zg\u00fcrl\u00fck d\u00fc\u015flerini s\u00fcsledi. Ve art\u0131k \u00f6zg\u00fcrl\u00fck i\u00e7in olmasa bile, milyonlarcas\u0131n\u0131n zenginlik, \u00fcn ya da macera hayallerini simgelemeye devam ediyor. Bu kent, t\u00fcm d\u00fcnya \u0131rklar\u0131n\u0131n, k\u00fclt\u00fcrlerinin birlikte mayaland\u0131\u011f\u0131 bir insanl\u0131k efsanesi.\u201d Mine G. K\u0131r\u0131kkanat, Paris kitab\u0131ndan sonra New York ve Amerika i\u00e7in kalem oynat\u0131yor. Simgele\u015fmi\u015f bu kentin sokaklar\u0131nda gezerken ABD\u2019nin tarihine, siyasetine ve unutulmaz ki\u015filerine, o kendine has diliyle dokundurmadan da ge\u00e7miyor. <\/p>\n","protected":false},"excerpt":{"rendered":"<p>\u201c\u00c7ok anlat\u0131ld\u0131 New York kenti. \u00c7irkin dendi, g\u00fczel dendi. Kenti tan\u0131mlayan t\u00fcm s\u0131fatlar\u0131n \u00f6n\u00fcne zorunlu bir \u2018en\u2019 eklendi hep. D\u00fcnyan\u0131n en b\u00fcy\u00fck, en geni\u015f, en vars\u0131l,<span class=\"excerpt-hellip\"> [\u2026]<\/span><\/p>\n","protected":false},"featured_media":0,"template":"","meta":{"_monsterinsights_skip_tracking":false,"_monsterinsights_sitenote_active":false,"_monsterinsights_sitenote_note":"","_monsterinsights_sitenote_category":0},"product_brand":[],"product_cat":[13054,24413],"product_tag":[],"class_list":{"0":"post-710517","1":"product","2":"type-product","3":"status-publish","5":"product_cat-gezi-ve-rehber-kitaplari","6":"product_cat-kent-rehberleri","7":"pa_cilt-ciltsiz","8":"pa_tur-kitap","9":"pa_yayinevi-kirmizi-kedi-yayinevi","10":"pa_yazar-mine-g-kirikkanat","12":"first","13":"instock","14":"sale","15":"shipping-taxable","16":"purchasable","17":"product-type-simple"},"_links":{"self":[{"href":"https:\/\/roveyayinevi.com.tr\/index.php\/wp-json\/wp\/v2\/product\/710517","targetHints":{"allow":["GET"]}}],"collection":[{"href":"https:\/\/roveyayinevi.com.tr\/index.php\/wp-json\/wp\/v2\/product"}],"about":[{"href":"https:\/\/roveyayinevi.com.tr\/index.php\/wp-json\/wp\/v2\/types\/product"}],"wp:attachment":[{"href":"https:\/\/roveyayinevi.com.tr\/index.php\/wp-json\/wp\/v2\/media?parent=710517"}],"wp:term":[{"taxonomy":"product_brand","embeddable":true,"href":"https:\/\/roveyayinevi.com.tr\/index.php\/wp-json\/wp\/v2\/product_brand?post=710517"},{"taxonomy":"product_cat","embeddable":true,"href":"https:\/\/roveyayinevi.com.tr\/index.php\/wp-json\/wp\/v2\/product_cat?post=710517"},{"taxonomy":"product_tag","embeddable":true,"href":"https:\/\/roveyayinevi.com.tr\/index.php\/wp-json\/wp\/v2\/product_tag?post=710517"}],"curies":[{"name":"wp","href":"https:\/\/api.w.org\/{rel}","templated":true}]}}