{"id":710501,"date":"2025-08-27T16:36:43","date_gmt":"2025-08-27T13:36:43","guid":{"rendered":"https:\/\/roveyayinevi.com.tr\/index.php\/urun\/anlatis\/"},"modified":"2026-04-16T02:19:19","modified_gmt":"2026-04-15T23:19:19","slug":"anlatis","status":"publish","type":"product","link":"https:\/\/roveyayinevi.com.tr\/index.php\/urun\/anlatis\/","title":{"rendered":"Anlat\u0131\u015f"},"content":{"rendered":"<p>Locus En \u0130yi Roman \u00d6d\u00fcl\u00fc   Karanl\u0131\u011f\u0131n Sol Eli ve S\u00fcrg\u00fcn Gezegeni gibi unutulmaz kitaplar\u0131n dahil oldu\u011fu Hainli D\u00f6ng\u00fcs\u00fc\u2019n\u00fcn \u00f6zenli bir par\u00e7as\u0131 olan Anlat\u0131\u015f, 1974\u2019te yay\u0131mlanan M\u00fclks\u00fczler\u2019in ard\u0131ndan Le Guin\u2019in yazd\u0131\u011f\u0131 ilk Ekumen ve \u015fimdilik, yazar\u0131n kaleminden \u00e7\u0131km\u0131\u015f son bilimkurgu roman\u0131.   Bu kitapta Le Guin, \u00e7o\u011fu eserinde oldu\u011fu gibi yine \u00f6tekilik ve ileti\u015fim gibi temalara e\u011filerek \u00f6nyarg\u0131lar\u0131m\u0131za ayna tutuyor. \u201cDin\u201d kavram\u0131n\u0131 sorguluyor ve son derece politik bir bilimkurgu sunuyor. Yine de Le Guin, t\u00fcm bunlar\u0131n \u00f6tesinde edebiyat\u0131n kendisine d\u00f6n\u00fcyor, \u00e7\u00fcnk\u00fc bu roman\u0131n oda\u011f\u0131nda bir\u00e7ok \u00f6nemli de\u011feri simgeleyen bir k\u00fclt\u00fcr, usul usul s\u00fcrd\u00fcr\u00fclen bir gelenek var: Hik\u00e2ye anlat\u0131c\u0131l\u0131\u011f\u0131.   Edebiyat ve tarihle aras\u0131 iyi olan Sutty, bask\u0131c\u0131 bir rejimin alt\u0131nda de\u011ferlerin nas\u0131l kayboldu\u011funu, tarihin nas\u0131l silindi\u011fini g\u00f6rmek, bu rejimin ula\u015famad\u0131\u011f\u0131 noktalardaki direni\u015fi incelemek, efsanelerde bahsedilen hik\u00e2ye anlat\u0131c\u0131lar\u0131n\u0131n d\u00fcnyas\u0131n\u0131 ke\u015ffetmek i\u00e7in Aka gezegeninde bir yolculu\u011fa \u00e7\u0131kar. Geride b\u0131rakt\u0131\u011f\u0131 d\u00fcnya ile vard\u0131\u011f\u0131 d\u00fcnya aras\u0131ndaki farklar deh\u015fete d\u00fc\u015f\u00fcr\u00fcc\u00fc, benzerlikler ise d\u00fc\u015f\u00fcnd\u00fcr\u00fcc\u00fcd\u00fcr. Anlat\u0131\u015f, dinlemek, anlamak ve inanmakla, hakikati tan\u0131mlamaya \u00e7al\u0131\u015fmakla ilgili bir yolculuk \u00f6yk\u00fcs\u00fc.   \u201cLe Guin Anlat\u0131\u015f\u2019ta kurgusunu hem \u015fairane yaz\u0131yor hem de alegorinin derinli\u011fiyle kusursuzca birle\u015ftiriyor.\u201d \u2013Jonathan Lethem<\/p>\n","protected":false},"excerpt":{"rendered":"<p>Locus En \u0130yi Roman \u00d6d\u00fcl\u00fc Karanl\u0131\u011f\u0131n Sol Eli ve S\u00fcrg\u00fcn Gezegeni gibi unutulmaz kitaplar\u0131n dahil oldu\u011fu Hainli D\u00f6ng\u00fcs\u00fc\u2019n\u00fcn \u00f6zenli bir par\u00e7as\u0131 olan Anlat\u0131\u015f, 1974\u2019te yay\u0131mlanan M\u00fclks\u00fczler\u2019in<span class=\"excerpt-hellip\"> [\u2026]<\/span><\/p>\n","protected":false},"featured_media":0,"template":"","meta":{"_monsterinsights_skip_tracking":false,"_monsterinsights_sitenote_active":false,"_monsterinsights_sitenote_note":"","_monsterinsights_sitenote_category":0},"product_brand":[],"product_cat":[12540,12291],"product_tag":[],"class_list":{"0":"post-710501","1":"product","2":"type-product","3":"status-publish","5":"product_cat-bilim-kurgu","6":"product_cat-edebiyat","7":"pa_cilt-ciltsiz","8":"pa_tur-kitap","9":"pa_yayinevi-ithaki-yayinlari","10":"pa_yazar-ursula-k-le-guin","12":"first","13":"instock","14":"sale","15":"shipping-taxable","16":"purchasable","17":"product-type-simple"},"_links":{"self":[{"href":"https:\/\/roveyayinevi.com.tr\/index.php\/wp-json\/wp\/v2\/product\/710501","targetHints":{"allow":["GET"]}}],"collection":[{"href":"https:\/\/roveyayinevi.com.tr\/index.php\/wp-json\/wp\/v2\/product"}],"about":[{"href":"https:\/\/roveyayinevi.com.tr\/index.php\/wp-json\/wp\/v2\/types\/product"}],"wp:attachment":[{"href":"https:\/\/roveyayinevi.com.tr\/index.php\/wp-json\/wp\/v2\/media?parent=710501"}],"wp:term":[{"taxonomy":"product_brand","embeddable":true,"href":"https:\/\/roveyayinevi.com.tr\/index.php\/wp-json\/wp\/v2\/product_brand?post=710501"},{"taxonomy":"product_cat","embeddable":true,"href":"https:\/\/roveyayinevi.com.tr\/index.php\/wp-json\/wp\/v2\/product_cat?post=710501"},{"taxonomy":"product_tag","embeddable":true,"href":"https:\/\/roveyayinevi.com.tr\/index.php\/wp-json\/wp\/v2\/product_tag?post=710501"}],"curies":[{"name":"wp","href":"https:\/\/api.w.org\/{rel}","templated":true}]}}