{"id":710499,"date":"2025-08-27T16:36:42","date_gmt":"2025-08-27T13:36:42","guid":{"rendered":"https:\/\/roveyayinevi.com.tr\/index.php\/urun\/insan-figuru-cizimi\/"},"modified":"2026-04-16T02:19:19","modified_gmt":"2026-04-15T23:19:19","slug":"insan-figuru-cizimi","status":"publish","type":"product","link":"https:\/\/roveyayinevi.com.tr\/index.php\/urun\/insan-figuru-cizimi\/","title":{"rendered":"\u0130nsan Fig\u00fcr\u00fc \u00c7izimi"},"content":{"rendered":"<p>\u0130nsan bedenini \u00e7izmek zordur, ayn\u0131 anda birden \u00e7ok kural\u0131 bilip uygulaman\u0131z gerekir. Andr\u00e1s Szunyoghy \u0130nsan Fig\u00fcr\u00fc \u00c7izimi kitab\u0131nda ihtiyac\u0131n\u0131z olan b\u00fct\u00fcn kurallar\u0131 tek tek inceliyor. D\u00fcrer Izgaras\u0131, insan anatomisi, el, ayak, ba\u015f \u00e7iziminin kurallar\u0131, perspektif gibi temel bilgiler \u00fczerine detayl\u0131 a\u00e7\u0131klamalar\u0131n yer ald\u0131\u011f\u0131 kitap hem profesyoneller hem amat\u00f6rler i\u00e7in e\u015fsiz bir kaynak! Anatomik yap\u0131y\u0131 nas\u0131l tasvir edece\u011finizi, \u0131\u015f\u0131k ve g\u00f6lgenin etkisini, tonlamay\u0131, kompozisyon ve renklendirmeyi \u00f6\u011frenmek ya da bilgilerinizi geli\u015ftirmek istiyorsan\u0131z tek ihtiyac\u0131n\u0131z bu kitap! Ad\u0131m ad\u0131m y\u00f6nlendirmelerin e\u015flik etti\u011fi faydal\u0131 egzersizler sayesinde g\u00f6zlemden yaratma a\u015famas\u0131na kadar t\u00fcm sanatsal s\u00fcreci anlayacak, \u00e7izim becerilerinizi geli\u015ftireceksiniz. <\/p>\n","protected":false},"excerpt":{"rendered":"<p>\u0130nsan bedenini \u00e7izmek zordur, ayn\u0131 anda birden \u00e7ok kural\u0131 bilip uygulaman\u0131z gerekir. Andr\u00e1s Szunyoghy \u0130nsan Fig\u00fcr\u00fc \u00c7izimi kitab\u0131nda ihtiyac\u0131n\u0131z olan b\u00fct\u00fcn kurallar\u0131 tek tek inceliyor. D\u00fcrer<span class=\"excerpt-hellip\"> [\u2026]<\/span><\/p>\n","protected":false},"featured_media":0,"template":"","meta":{"_monsterinsights_skip_tracking":false,"_monsterinsights_sitenote_active":false,"_monsterinsights_sitenote_note":"","_monsterinsights_sitenote_category":0},"product_brand":[],"product_cat":[15733,12408],"product_tag":[],"class_list":{"0":"post-710499","1":"product","2":"type-product","3":"status-publish","5":"product_cat-resim","6":"product_cat-sanat","7":"pa_cilt-ciltsiz","8":"pa_tur-kitap","9":"pa_yayinevi-hep-kitap","10":"pa_yazar-andras-szunyoghy","11":"pa_yazar-gyorgy-feher","13":"first","14":"instock","15":"sale","16":"shipping-taxable","17":"purchasable","18":"product-type-simple"},"_links":{"self":[{"href":"https:\/\/roveyayinevi.com.tr\/index.php\/wp-json\/wp\/v2\/product\/710499","targetHints":{"allow":["GET"]}}],"collection":[{"href":"https:\/\/roveyayinevi.com.tr\/index.php\/wp-json\/wp\/v2\/product"}],"about":[{"href":"https:\/\/roveyayinevi.com.tr\/index.php\/wp-json\/wp\/v2\/types\/product"}],"wp:attachment":[{"href":"https:\/\/roveyayinevi.com.tr\/index.php\/wp-json\/wp\/v2\/media?parent=710499"}],"wp:term":[{"taxonomy":"product_brand","embeddable":true,"href":"https:\/\/roveyayinevi.com.tr\/index.php\/wp-json\/wp\/v2\/product_brand?post=710499"},{"taxonomy":"product_cat","embeddable":true,"href":"https:\/\/roveyayinevi.com.tr\/index.php\/wp-json\/wp\/v2\/product_cat?post=710499"},{"taxonomy":"product_tag","embeddable":true,"href":"https:\/\/roveyayinevi.com.tr\/index.php\/wp-json\/wp\/v2\/product_tag?post=710499"}],"curies":[{"name":"wp","href":"https:\/\/api.w.org\/{rel}","templated":true}]}}