{"id":710493,"date":"2025-08-27T16:36:39","date_gmt":"2025-08-27T13:36:39","guid":{"rendered":"https:\/\/roveyayinevi.com.tr\/index.php\/urun\/sofistike-dusunde-dusle\/"},"modified":"2026-04-16T02:19:19","modified_gmt":"2026-04-15T23:19:19","slug":"sofistike-dusunde-dusle","status":"publish","type":"product","link":"https:\/\/roveyayinevi.com.tr\/index.php\/urun\/sofistike-dusunde-dusle\/","title":{"rendered":"Sofistike (D\u00fc\u015f\u00fcnde D\u00fc\u015fle!)"},"content":{"rendered":"<p>i\u00e7indekiler: i\u00e7imdekiler!.. b\u00f6l\u00fcm ilkbahabar: soft dokunu\u015flar b\u00f6l\u00fcm k\u0131\u015f: donmu\u015f yaln\u0131zl\u0131k b\u00f6l\u00fcm karak\u0131\u015f: iri karanl\u0131k b\u00f6l\u00fcm d\u00f6ng\u00fc: yazar\u0131n d\u00fc\u015fleri ..tammis <\/p>\n","protected":false},"excerpt":{"rendered":"<p>i\u00e7indekiler: i\u00e7imdekiler!.. b\u00f6l\u00fcm ilkbahabar: soft dokunu\u015flar b\u00f6l\u00fcm k\u0131\u015f: donmu\u015f yaln\u0131zl\u0131k b\u00f6l\u00fcm karak\u0131\u015f: iri karanl\u0131k b\u00f6l\u00fcm d\u00f6ng\u00fc: yazar\u0131n d\u00fc\u015fleri ..tammis<\/p>\n","protected":false},"featured_media":0,"template":"","meta":{"_monsterinsights_skip_tracking":false,"_monsterinsights_sitenote_active":false,"_monsterinsights_sitenote_note":"","_monsterinsights_sitenote_category":0},"product_brand":[],"product_cat":[12291,12509],"product_tag":[],"class_list":{"0":"post-710493","1":"product","2":"type-product","3":"status-publish","5":"product_cat-edebiyat","6":"product_cat-siir","7":"pa_cilt-ciltli","8":"pa_tur-kitap","9":"pa_yayinevi-ayata-kitap","10":"pa_yazar-okyanus-tammis","12":"first","13":"instock","14":"sale","15":"shipping-taxable","16":"purchasable","17":"product-type-simple"},"_links":{"self":[{"href":"https:\/\/roveyayinevi.com.tr\/index.php\/wp-json\/wp\/v2\/product\/710493","targetHints":{"allow":["GET"]}}],"collection":[{"href":"https:\/\/roveyayinevi.com.tr\/index.php\/wp-json\/wp\/v2\/product"}],"about":[{"href":"https:\/\/roveyayinevi.com.tr\/index.php\/wp-json\/wp\/v2\/types\/product"}],"wp:attachment":[{"href":"https:\/\/roveyayinevi.com.tr\/index.php\/wp-json\/wp\/v2\/media?parent=710493"}],"wp:term":[{"taxonomy":"product_brand","embeddable":true,"href":"https:\/\/roveyayinevi.com.tr\/index.php\/wp-json\/wp\/v2\/product_brand?post=710493"},{"taxonomy":"product_cat","embeddable":true,"href":"https:\/\/roveyayinevi.com.tr\/index.php\/wp-json\/wp\/v2\/product_cat?post=710493"},{"taxonomy":"product_tag","embeddable":true,"href":"https:\/\/roveyayinevi.com.tr\/index.php\/wp-json\/wp\/v2\/product_tag?post=710493"}],"curies":[{"name":"wp","href":"https:\/\/api.w.org\/{rel}","templated":true}]}}