{"id":710484,"date":"2025-08-27T16:36:35","date_gmt":"2025-08-27T13:36:35","guid":{"rendered":"https:\/\/roveyayinevi.com.tr\/index.php\/urun\/hayat-saat-farkiyla\/"},"modified":"2026-04-16T02:19:18","modified_gmt":"2026-04-15T23:19:18","slug":"hayat-saat-farkiyla","status":"publish","type":"product","link":"https:\/\/roveyayinevi.com.tr\/index.php\/urun\/hayat-saat-farkiyla\/","title":{"rendered":"Hayat, Saat Fark\u0131yla"},"content":{"rendered":"<p>g\u00fcnd\u00fcz sata\u015ft\u0131\u011f\u0131m kalabal\u0131kay\u0131n alt\u0131nda beni azarl\u0131yorpazaryerinde y\u0131karak ge\u00e7ti\u011fim omuzlarzarafet kursunda ders vermeye ba\u015flam\u0131\u015fherkes al\u0131\u015fkanl\u0131klar\u0131n\u0131 de\u011fi\u015ftirmi\u015f\u015fehrin \u00e7\u0131taklar\u0131 bir bir k\u0131rp\u0131l\u0131rkenpay\u0131ma huysuzluk d\u00fc\u015fm\u00fc\u015fOn iki y\u0131l aradan sonra yeniden ve bir kez daha Akif Kurtulu\u015f \u015fiirleri\u2026Maziyi anlamaya cesaretli, var olmay\u0131 kavramaya haz\u0131r, kendini saklayacak kadar sade\u2026 Hayat, Saat Fark\u0131yla\u2026 <\/p>\n","protected":false},"excerpt":{"rendered":"<p>g\u00fcnd\u00fcz sata\u015ft\u0131\u011f\u0131m kalabal\u0131kay\u0131n alt\u0131nda beni azarl\u0131yorpazaryerinde y\u0131karak ge\u00e7ti\u011fim omuzlarzarafet kursunda ders vermeye ba\u015flam\u0131\u015fherkes al\u0131\u015fkanl\u0131klar\u0131n\u0131 de\u011fi\u015ftirmi\u015f\u015fehrin \u00e7\u0131taklar\u0131 bir bir k\u0131rp\u0131l\u0131rkenpay\u0131ma huysuzluk d\u00fc\u015fm\u00fc\u015fOn iki y\u0131l aradan sonra yeniden<span class=\"excerpt-hellip\"> [\u2026]<\/span><\/p>\n","protected":false},"featured_media":0,"template":"","meta":{"_monsterinsights_skip_tracking":false,"_monsterinsights_sitenote_active":false,"_monsterinsights_sitenote_note":"","_monsterinsights_sitenote_category":0},"product_brand":[],"product_cat":[12291,12509],"product_tag":[],"class_list":{"0":"post-710484","1":"product","2":"type-product","3":"status-publish","5":"product_cat-edebiyat","6":"product_cat-siir","7":"pa_cilt-ciltsiz","8":"pa_tur-kitap","9":"pa_yayinevi-can-yayinlari","10":"pa_yazar-akif-kurtulus","12":"first","13":"instock","14":"sale","15":"shipping-taxable","16":"purchasable","17":"product-type-simple"},"_links":{"self":[{"href":"https:\/\/roveyayinevi.com.tr\/index.php\/wp-json\/wp\/v2\/product\/710484","targetHints":{"allow":["GET"]}}],"collection":[{"href":"https:\/\/roveyayinevi.com.tr\/index.php\/wp-json\/wp\/v2\/product"}],"about":[{"href":"https:\/\/roveyayinevi.com.tr\/index.php\/wp-json\/wp\/v2\/types\/product"}],"wp:attachment":[{"href":"https:\/\/roveyayinevi.com.tr\/index.php\/wp-json\/wp\/v2\/media?parent=710484"}],"wp:term":[{"taxonomy":"product_brand","embeddable":true,"href":"https:\/\/roveyayinevi.com.tr\/index.php\/wp-json\/wp\/v2\/product_brand?post=710484"},{"taxonomy":"product_cat","embeddable":true,"href":"https:\/\/roveyayinevi.com.tr\/index.php\/wp-json\/wp\/v2\/product_cat?post=710484"},{"taxonomy":"product_tag","embeddable":true,"href":"https:\/\/roveyayinevi.com.tr\/index.php\/wp-json\/wp\/v2\/product_tag?post=710484"}],"curies":[{"name":"wp","href":"https:\/\/api.w.org\/{rel}","templated":true}]}}