{"id":710478,"date":"2025-08-27T16:36:32","date_gmt":"2025-08-27T13:36:32","guid":{"rendered":"https:\/\/roveyayinevi.com.tr\/index.php\/urun\/10-adimda-vajinismus-tedavisi\/"},"modified":"2026-04-16T02:19:18","modified_gmt":"2026-04-15T23:19:18","slug":"10-adimda-vajinismus-tedavisi","status":"publish","type":"product","link":"https:\/\/roveyayinevi.com.tr\/index.php\/urun\/10-adimda-vajinismus-tedavisi\/","title":{"rendered":"10 Ad\u0131mda Vajinismus Tedavisi"},"content":{"rendered":"<p>VAJ\u0130N\u0130SMUSUN \u00dcSTES\u0130NDEN GELMEK\u2026Seks yapma korkusu olarak bilinen vajinismus, \u201ca\u015fk kaslar\u0131\u201d ad\u0131n\u0131 verdi\u011fimiz pelvik taban kaslar\u0131n\u0131n kontrols\u00fcz bir \u015fekilde kas\u0131lmas\u0131 sonucu ortaya \u00e7\u0131kan ve kad\u0131nlarda en s\u0131k g\u00f6r\u00fclen cinsel i\u015flev bozukluklar\u0131n\u0131n ba\u015f\u0131nda geliyor. Vajinismuslu kad\u0131n s\u0131k s\u0131k vajinas\u0131n\u0131n \u201c\u00e7ok k\u00fc\u00e7\u00fck\u201d ya da vajina deli\u011finin \u201ckapal\u0131\u201d oldu\u011funu d\u00fc\u015f\u00fcn\u00fcyor. Bu nedenle de, her cinsel ili\u015fki deneyiminde ac\u0131 ve a\u011fr\u0131 duyarak e\u015fini itiyor, bacaklar\u0131n\u0131 kapat\u0131yor ve seks yapmay\u0131 reddediyor. Oysaki vajinismus kad\u0131nlar\u0131n\u0131n ya\u015fad\u0131\u011f\u0131 sadece negatif bir hipnoz hali\u2026 \u00dclkemizde y\u00fcz binlerce \u00e7iftin hayat\u0131n\u0131 alt \u00fcst eden \u201cvajinismusun \u00fcstesinden gelmek\u201d art\u0131k \u00e7ok kolay\u2026 Kendi alan\u0131nda bir ilk olan 10 Ad\u0131mda Vajinismus Tedavisi kitab\u0131ndaki \u201ckendi kendine tedavi y\u00f6ntemleri\u201d uygulanarak k\u0131sa bir s\u00fcre i\u00e7erisinde vajinismus sorununa elveda denilebiliyor. Unutmay\u0131n, vajinismus kader de\u011fildir!T\u00fcrkiye Psikoterapi ve Psikoterapistler Derne\u011fi \u2013 PS\u0130KODEREVL\u0130 BAK\u0130RELER\u2026Evli ama bakire olmak art\u0131k kader de\u011fil! Bilimsel metotlar ile tamamlanmam\u0131\u015f evliliklere son verilebiliyor! Kad\u0131n\u0131n kendi kendine ya da partneriyle birlikte rahatl\u0131kla uygulayabilece\u011fi tedavi teknikleri ve bilimsel \u00f6nerilerle art\u0131k vajinismus sorununa kolayl\u0131kla \u00e7\u00f6z\u00fcm bulunabiliyor. Y\u0131llard\u0131r, cinsel sorunlar, evlilik ve ili\u015fki sorunlar\u0131 \u00fczerine \u00e7al\u0131\u015fmalar yapan ve \u00fclkemizin en \u00fcnl\u00fc cinsel terapistlerinden olan Cem KE\u00c7E ve Serap G\u00dcNG\u00d6R taraf\u0131ndan kaleme al\u0131nan, profesyonel bir yakla\u015f\u0131mla haz\u0131rlanm\u0131\u015f 10 Ad\u0131mda Vajinismus Tedavisi kitab\u0131 anla\u015f\u0131labilir netlikte kaleme al\u0131nm\u0131\u015f ve a\u00e7\u0131klay\u0131c\u0131 resimlerle donat\u0131lm\u0131\u015ft\u0131r. Kendi kendine vajinismus tedavisi i\u00e7in izlenilmesi gereken ad\u0131mlar\u0131 i\u00e7eren bu ba\u015fyap\u0131tla %100 ba\u015far\u0131 sa\u011flayabilmek m\u00fcmk\u00fcn\u2026Cinsel Sa\u011fl\u0131k Enstit\u00fcs\u00fc Derne\u011fi \u2013 C\u0130SEDKES\u0130N \u00c7\u00d6Z\u00dcM ODAKLI B\u0130R TEDAV\u0130\u2026Vajinismusun \u00fcstesinden gelebilmek i\u00e7in tedavi s\u00fcrecinin bir par\u00e7as\u0131 olan ve \u201ca\u015fk oyunlar\u0131\u201d ad\u0131 verilen \u00e7e\u015fitli egzersizleri yapmak gerekiyor. Bedenin tan\u0131nmas\u0131na \u00f6zg\u00fc egzersizler, gerginli\u011fi ortadan kald\u0131rma egzersizleri, pelvik taban kaslar\u0131 fark\u0131ndal\u0131k egzersizleri, vajinal dilat\u00f6r egzersizleri gibi vajinay\u0131 penise, parmak veya dilatat\u00f6r egzersizlerine ve cinsel ili\u015fkiye haz\u0131rlayan kal\u0131c\u0131 ve kesin \u00e7\u00f6z\u00fcm odakl\u0131 profesyonel tedavi y\u00f6ntemlerini i\u00e7eren 10 Ad\u0131mda Vajinismus Tedavisi kitab\u0131 ile keyifli ve tutkulu bir cinsel ya\u015fama ad\u0131m atmak m\u00fcmk\u00fcn olabiliyor. Vajinismus sorunu ya\u015fayan \u00e7iftlerin yan\u0131 s\u0131ra profesyonel cinsel terapi uygulamalar\u0131 i\u00e7in \u00f6nemli bir yol g\u00f6sterici olan 10 Ad\u0131mda Vajinismus Tedavisi kitab\u0131ndan ba\u015fta cinsel terapistler ve cinsel dan\u0131\u015fmanlar olmak \u00fczere,psikiyatri hekimleri, jinekologlar, aile hekimleri, psikologlar, psikolojik dan\u0131\u015fmanlar, aile dan\u0131\u015fmanlar\u0131 ve medya mensuplar\u0131 da faydalanabiliyor\u2026Alan\u0131nda bir ilk olan bu kitab\u0131 okuyunuz ve tavsiye ediniz\u2026PUSULA Yay\u0131nevi <\/p>\n","protected":false},"excerpt":{"rendered":"<p>VAJ\u0130N\u0130SMUSUN \u00dcSTES\u0130NDEN GELMEK\u2026Seks yapma korkusu olarak bilinen vajinismus, \u201ca\u015fk kaslar\u0131\u201d ad\u0131n\u0131 verdi\u011fimiz pelvik taban kaslar\u0131n\u0131n kontrols\u00fcz bir \u015fekilde kas\u0131lmas\u0131 sonucu ortaya \u00e7\u0131kan ve kad\u0131nlarda en s\u0131k<span class=\"excerpt-hellip\"> [\u2026]<\/span><\/p>\n","protected":false},"featured_media":0,"template":"","meta":{"_monsterinsights_skip_tracking":false,"_monsterinsights_sitenote_active":false,"_monsterinsights_sitenote_note":"","_monsterinsights_sitenote_category":0},"product_brand":[],"product_cat":[17502,13488],"product_tag":[],"class_list":{"0":"post-710478","1":"product","2":"type-product","3":"status-publish","5":"product_cat-cinsellik","6":"product_cat-toplum-ve-insan","7":"pa_cilt-ciltsiz","8":"pa_tur-kitap","9":"pa_yayinevi-pusula-yayinevi-ankara","10":"pa_yazar-a-cem-kece","12":"first","13":"instock","14":"sale","15":"shipping-taxable","16":"purchasable","17":"product-type-simple"},"_links":{"self":[{"href":"https:\/\/roveyayinevi.com.tr\/index.php\/wp-json\/wp\/v2\/product\/710478","targetHints":{"allow":["GET"]}}],"collection":[{"href":"https:\/\/roveyayinevi.com.tr\/index.php\/wp-json\/wp\/v2\/product"}],"about":[{"href":"https:\/\/roveyayinevi.com.tr\/index.php\/wp-json\/wp\/v2\/types\/product"}],"wp:attachment":[{"href":"https:\/\/roveyayinevi.com.tr\/index.php\/wp-json\/wp\/v2\/media?parent=710478"}],"wp:term":[{"taxonomy":"product_brand","embeddable":true,"href":"https:\/\/roveyayinevi.com.tr\/index.php\/wp-json\/wp\/v2\/product_brand?post=710478"},{"taxonomy":"product_cat","embeddable":true,"href":"https:\/\/roveyayinevi.com.tr\/index.php\/wp-json\/wp\/v2\/product_cat?post=710478"},{"taxonomy":"product_tag","embeddable":true,"href":"https:\/\/roveyayinevi.com.tr\/index.php\/wp-json\/wp\/v2\/product_tag?post=710478"}],"curies":[{"name":"wp","href":"https:\/\/api.w.org\/{rel}","templated":true}]}}