{"id":710463,"date":"2025-08-27T16:36:23","date_gmt":"2025-08-27T13:36:23","guid":{"rendered":"https:\/\/roveyayinevi.com.tr\/index.php\/urun\/yuz-adimlik-yolculuk\/"},"modified":"2026-04-16T02:19:18","modified_gmt":"2026-04-15T23:19:18","slug":"yuz-adimlik-yolculuk","status":"publish","type":"product","link":"https:\/\/roveyayinevi.com.tr\/index.php\/urun\/yuz-adimlik-yolculuk\/","title":{"rendered":"Y\u00fcz Ad\u0131ml\u0131k Yolculuk"},"content":{"rendered":"<p>&#8220;Lumi\u00e8re Bulvar\u0131&#8217;n\u0131n bir taraf\u0131ndan di\u011ferine yapt\u0131\u011f\u0131m bu y\u00fcz ad\u0131ml\u0131k yolculu\u011fa bir s\u00fcr\u00fc duygu s\u0131\u011f\u0131yordu. \u015eeker tozuna bulanm\u0131\u015f s\u00f6\u011f\u00fct a\u011fac\u0131, kur\u015fun kapl\u0131 camlar ve dantel perdeler, e\u011fri ah\u015fap merdivenlerin bile harika Frans\u0131z gelenekleriyle bezeli oldu\u011fu zarif malik\u00e2ne kar\u015f\u0131mda duruyordu.&#8221; Bir g\u00f6\u00e7men olarak, Frans\u0131z mutfa\u011f\u0131n\u0131n en \u00fcnl\u00fc gurme \u015feflerinden birine d\u00f6n\u00fc\u015fen Hasan&#8217;\u0131n hik\u00e2yesi zorlu yollar ve d\u00f6neme\u00e7lerle dolu&#8230; Bu d\u00fcnyada ayakta kalabilmek ad\u0131na babas\u0131n\u0131n verdi\u011fi \u00e7abalara sayg\u0131 duyup onun yolunda ilerleyen Hasan, t\u00fcm i\u00e7tenli\u011fiyle ve masumlu\u011fuyla kalbimizi fethedecek&#8230; Frans\u0131z mutfa\u011f\u0131n\u0131n t\u00fcm inceliklerini \u00f6\u011frenmek ad\u0131na ad\u0131m att\u0131\u011f\u0131 bu yolculuk bakal\u0131m onu nereye g\u00f6t\u00fcrecek&#8230; <\/p>\n","protected":false},"excerpt":{"rendered":"<p>&#8220;Lumi\u00e8re Bulvar\u0131&#8217;n\u0131n bir taraf\u0131ndan di\u011ferine yapt\u0131\u011f\u0131m bu y\u00fcz ad\u0131ml\u0131k yolculu\u011fa bir s\u00fcr\u00fc duygu s\u0131\u011f\u0131yordu. \u015eeker tozuna bulanm\u0131\u015f s\u00f6\u011f\u00fct a\u011fac\u0131, kur\u015fun kapl\u0131 camlar ve dantel perdeler, e\u011fri<span class=\"excerpt-hellip\"> [\u2026]<\/span><\/p>\n","protected":false},"featured_media":0,"template":"","meta":{"_monsterinsights_skip_tracking":false,"_monsterinsights_sitenote_active":false,"_monsterinsights_sitenote_note":"","_monsterinsights_sitenote_category":0},"product_brand":[],"product_cat":[12312,12304],"product_tag":[],"class_list":{"0":"post-710463","1":"product","2":"type-product","3":"status-publish","5":"product_cat-diger","6":"product_cat-tarih","7":"pa_cilt-ciltsiz","8":"pa_tur-kitap","9":"pa_yayinevi-profil-kitap","10":"pa_yazar-richard-c-morais","12":"first","13":"instock","14":"sale","15":"shipping-taxable","16":"purchasable","17":"product-type-simple"},"_links":{"self":[{"href":"https:\/\/roveyayinevi.com.tr\/index.php\/wp-json\/wp\/v2\/product\/710463","targetHints":{"allow":["GET"]}}],"collection":[{"href":"https:\/\/roveyayinevi.com.tr\/index.php\/wp-json\/wp\/v2\/product"}],"about":[{"href":"https:\/\/roveyayinevi.com.tr\/index.php\/wp-json\/wp\/v2\/types\/product"}],"wp:attachment":[{"href":"https:\/\/roveyayinevi.com.tr\/index.php\/wp-json\/wp\/v2\/media?parent=710463"}],"wp:term":[{"taxonomy":"product_brand","embeddable":true,"href":"https:\/\/roveyayinevi.com.tr\/index.php\/wp-json\/wp\/v2\/product_brand?post=710463"},{"taxonomy":"product_cat","embeddable":true,"href":"https:\/\/roveyayinevi.com.tr\/index.php\/wp-json\/wp\/v2\/product_cat?post=710463"},{"taxonomy":"product_tag","embeddable":true,"href":"https:\/\/roveyayinevi.com.tr\/index.php\/wp-json\/wp\/v2\/product_tag?post=710463"}],"curies":[{"name":"wp","href":"https:\/\/api.w.org\/{rel}","templated":true}]}}