{"id":710462,"date":"2025-08-27T16:36:23","date_gmt":"2025-08-27T13:36:23","guid":{"rendered":"https:\/\/roveyayinevi.com.tr\/index.php\/urun\/hayyam-2\/"},"modified":"2026-04-16T02:19:18","modified_gmt":"2026-04-15T23:19:18","slug":"hayyam-2","status":"publish","type":"product","link":"https:\/\/roveyayinevi.com.tr\/index.php\/urun\/hayyam-2\/","title":{"rendered":"Hayyam"},"content":{"rendered":"<p>\u201cG\u00f6lgeye bir daha d\u00f6nmemek \u00fczere ayr\u0131ld\u0131m. Kendimden kurtuldum art\u0131k. Ondan bundan kurtuldum. Hi\u00e7bir han\u00e7er yaramaz tenimi, \u015ferha \u015ferha yar\u0131ld\u0131m. Bundan b\u00f6yle orada, birinci seman\u0131n feleklerinde aray\u0131n beni. \u015eimdi sadece g\u00f6z\u00fcm kamerde, \u015femste, zuhalde. Senin belirdi\u011fin yerde, ayan oldu\u011funda.\u201d \u201cHi\u00e7\u201d olma yolunda \u201c\u015fey\u201de varan bir yolcu\u2026 Hakikati y\u0131ld\u0131zlarda arayan Hayyam\u2019\u0131n hi\u00e7bir \u015feyin anlam\u0131n\u0131n kalmamas\u0131 i\u00e7in kendisini   t\u00fcm\u00fcyle aradan kald\u0131rmas\u0131 gerekti\u011fini anlad\u0131\u011f\u0131 anlar ve onun g\u00f6z\u00fcnde \u201c\u015fey\u201dlerin art\u0131k kendi   ba\u015f\u0131na bir anlam ifade etmedi\u011fi zamanlar\u2026 Y\u00fczy\u0131llardan beri ya\u015fam felsefesi, rubaileri ve s\u00f6zleriyle ruhumuzu ayd\u0131nlatan Hayyam, Sad\u0131k Yals\u0131zu\u00e7anlar\u2019\u0131n g\u00fc\u00e7l\u00fc kaleminden \u00e7\u0131kan bu anlat\u0131 ile yeniden okuyucuyla bulu\u015fuyor. <\/p>\n","protected":false},"excerpt":{"rendered":"<p>\u201cG\u00f6lgeye bir daha d\u00f6nmemek \u00fczere ayr\u0131ld\u0131m. Kendimden kurtuldum art\u0131k. Ondan bundan kurtuldum. Hi\u00e7bir han\u00e7er yaramaz tenimi, \u015ferha \u015ferha yar\u0131ld\u0131m. Bundan b\u00f6yle orada, birinci seman\u0131n feleklerinde aray\u0131n<span class=\"excerpt-hellip\"> [\u2026]<\/span><\/p>\n","protected":false},"featured_media":0,"template":"","meta":{"_monsterinsights_skip_tracking":false,"_monsterinsights_sitenote_active":false,"_monsterinsights_sitenote_note":"","_monsterinsights_sitenote_category":0},"product_brand":[],"product_cat":[12312,12304],"product_tag":[],"class_list":{"0":"post-710462","1":"product","2":"type-product","3":"status-publish","5":"product_cat-diger","6":"product_cat-tarih","7":"pa_cilt-ciltsiz","8":"pa_tur-kitap","9":"pa_yayinevi-profil-kitap","10":"pa_yazar-sadik-yalsizucanlar","12":"first","13":"instock","14":"sale","15":"shipping-taxable","16":"purchasable","17":"product-type-simple"},"_links":{"self":[{"href":"https:\/\/roveyayinevi.com.tr\/index.php\/wp-json\/wp\/v2\/product\/710462","targetHints":{"allow":["GET"]}}],"collection":[{"href":"https:\/\/roveyayinevi.com.tr\/index.php\/wp-json\/wp\/v2\/product"}],"about":[{"href":"https:\/\/roveyayinevi.com.tr\/index.php\/wp-json\/wp\/v2\/types\/product"}],"wp:attachment":[{"href":"https:\/\/roveyayinevi.com.tr\/index.php\/wp-json\/wp\/v2\/media?parent=710462"}],"wp:term":[{"taxonomy":"product_brand","embeddable":true,"href":"https:\/\/roveyayinevi.com.tr\/index.php\/wp-json\/wp\/v2\/product_brand?post=710462"},{"taxonomy":"product_cat","embeddable":true,"href":"https:\/\/roveyayinevi.com.tr\/index.php\/wp-json\/wp\/v2\/product_cat?post=710462"},{"taxonomy":"product_tag","embeddable":true,"href":"https:\/\/roveyayinevi.com.tr\/index.php\/wp-json\/wp\/v2\/product_tag?post=710462"}],"curies":[{"name":"wp","href":"https:\/\/api.w.org\/{rel}","templated":true}]}}