{"id":710461,"date":"2025-08-27T16:36:22","date_gmt":"2025-08-27T13:36:22","guid":{"rendered":"https:\/\/roveyayinevi.com.tr\/index.php\/urun\/ne-kadar-gamli-bu-aksam-vakti-safa-onal-kitabi\/"},"modified":"2026-04-16T02:19:18","modified_gmt":"2026-04-15T23:19:18","slug":"ne-kadar-gamli-bu-aksam-vakti-safa-onal-kitabi","status":"publish","type":"product","link":"https:\/\/roveyayinevi.com.tr\/index.php\/urun\/ne-kadar-gamli-bu-aksam-vakti-safa-onal-kitabi\/","title":{"rendered":"Ne Kadar Gaml\u0131 Bu Ak\u015fam Vakti (Safa \u00d6nal Kitab\u0131)"},"content":{"rendered":"<p>\u201cSafa \u00d6nal Kitab\u0131\u201d, kirlenmemi\u015f bir d\u00fcnyan\u0131n b\u00fct\u00fcn izlerini ta\u015f\u0131yor. Yasemin Arpa\u2019n\u0131n kaleme ald\u0131\u011f\u0131 kitab\u0131n ad\u0131na ise bay\u0131ld\u0131m: \u201cNe Kadar Gaml\u0131 Bu Ak\u015fam Vakti\u201d. Ahmet Ha\u015fim\u2019in \u201cBah\u00e7e\u201d adl\u0131 \u015fiirinde ge\u00e7en bu dize, Safa \u00d6nal\u2019\u0131 ne kadar da g\u00fczel \u00f6zetliyor! Edebiyatla ba\u015flayan, sinemayla yo\u011frulan bir hayat\u2026 K\u0131r\u0131lgan, eskiyi \u00f6zleyen, yeniyi yad\u0131rgayan naif bir hayat\u2026 Hararetle tavsiye ederim.   Ahmet Hakan &#8211; 1 May\u0131s 2009   Safa \u00d6nal bir ustad\u0131r, bir bellek g\u00fcc\u00fcd\u00fcr, \u2018filme \u00e7ekilmi\u015f 395\u2019 senaryosuyla \u2018bir d\u00fcnya rekorunun\u2019 sahibidir, T\u00fcrk sinemas\u0131n\u0131n en \u00f6nde gelen ki\u015filerinden, sinemam\u0131z\u0131n tarih\u00e7esi ondan sorulmal\u0131\u2026 Ama yaln\u0131z o kadar m\u0131? O kadar olmad\u0131\u011f\u0131n\u0131 olamayaca\u011f\u0131n\u0131, \u2018Ne Kadar Gaml\u0131 Bu Ak\u015fam Vakti\u2019ni okurken bir kez daha kavrad\u0131m. Dostum, a\u011fabeyim Safa \u00d6nal anlatma ustas\u0131d\u0131r. Bu anlatma ustas\u0131 ya\u015fam\u0131n\u0131\u2026ya\u015fam\u0131 anlat\u0131yor (\u2026)   Selim \u0130leri  &#8211; 19 Haziran 2009   SAFA \u00d6nal\u2019\u0131n kitab\u0131n\u0131n ad\u0131 da tam ona uygun:\u201cNe kadar gaml\u0131 bu ak\u015fam vakti\u201d Safa \u00d6nal\u2019\u0131n renkli ya\u015fam\u0131na \u00f6zenenler, k\u0131skananlar, \u00f6nce onun duygular\u0131n\u0131 bilmeliler. Hasan Pulur &#8211; 30 A\u011fustos 2009   Ne kadar gaml\u0131 bu ak\u015fam vakti\u2026 diyor Safa\u2019c\u0131\u011f\u0131m. Okumaya bir ba\u015flarsan\u0131z sabah\u0131 bulursunuz. Safa \u00d6nal\u2019\u0131 tan\u0131mak laz\u0131m. \u0130stanbul, tarih, an\u0131t, m\u00fcze, \u015fiir, musiki, a\u015fk, bal\u0131k, rak\u0131, serserilik, delikanl\u0131l\u0131k, beyefendilik, ne ararsan\u0131z var. Nemli g\u00f6zleriyle sizi sevgi ya\u011fmurunda bir g\u00fczel \u0131slat\u0131r, sonra da muhabbet denizinin tam ortas\u0131na indirir.   Rauf Tamer &#8211; 14 Ekim 2009 <\/p>\n","protected":false},"excerpt":{"rendered":"<p>\u201cSafa \u00d6nal Kitab\u0131\u201d, kirlenmemi\u015f bir d\u00fcnyan\u0131n b\u00fct\u00fcn izlerini ta\u015f\u0131yor. Yasemin Arpa\u2019n\u0131n kaleme ald\u0131\u011f\u0131 kitab\u0131n ad\u0131na ise bay\u0131ld\u0131m: \u201cNe Kadar Gaml\u0131 Bu Ak\u015fam Vakti\u201d. Ahmet Ha\u015fim\u2019in \u201cBah\u00e7e\u201d<span class=\"excerpt-hellip\"> [\u2026]<\/span><\/p>\n","protected":false},"featured_media":0,"template":"","meta":{"_monsterinsights_skip_tracking":false,"_monsterinsights_sitenote_active":false,"_monsterinsights_sitenote_note":"","_monsterinsights_sitenote_category":0},"product_brand":[],"product_cat":[12364,12826],"product_tag":[],"class_list":{"0":"post-710461","1":"product","2":"type-product","3":"status-publish","5":"product_cat-genel-konular","6":"product_cat-soylesi","7":"pa_cilt-ciltsiz","8":"pa_tur-kitap","9":"pa_yayinevi-profil-kitap","10":"pa_yazar-yasemin-arpa","12":"first","13":"instock","14":"sale","15":"shipping-taxable","16":"purchasable","17":"product-type-simple"},"_links":{"self":[{"href":"https:\/\/roveyayinevi.com.tr\/index.php\/wp-json\/wp\/v2\/product\/710461","targetHints":{"allow":["GET"]}}],"collection":[{"href":"https:\/\/roveyayinevi.com.tr\/index.php\/wp-json\/wp\/v2\/product"}],"about":[{"href":"https:\/\/roveyayinevi.com.tr\/index.php\/wp-json\/wp\/v2\/types\/product"}],"wp:attachment":[{"href":"https:\/\/roveyayinevi.com.tr\/index.php\/wp-json\/wp\/v2\/media?parent=710461"}],"wp:term":[{"taxonomy":"product_brand","embeddable":true,"href":"https:\/\/roveyayinevi.com.tr\/index.php\/wp-json\/wp\/v2\/product_brand?post=710461"},{"taxonomy":"product_cat","embeddable":true,"href":"https:\/\/roveyayinevi.com.tr\/index.php\/wp-json\/wp\/v2\/product_cat?post=710461"},{"taxonomy":"product_tag","embeddable":true,"href":"https:\/\/roveyayinevi.com.tr\/index.php\/wp-json\/wp\/v2\/product_tag?post=710461"}],"curies":[{"name":"wp","href":"https:\/\/api.w.org\/{rel}","templated":true}]}}