{"id":710444,"date":"2025-08-27T16:36:12","date_gmt":"2025-08-27T13:36:12","guid":{"rendered":"https:\/\/roveyayinevi.com.tr\/index.php\/urun\/ekmek-elden-sut-memeden\/"},"modified":"2026-04-16T02:19:18","modified_gmt":"2026-04-15T23:19:18","slug":"ekmek-elden-sut-memeden","status":"publish","type":"product","link":"https:\/\/roveyayinevi.com.tr\/index.php\/urun\/ekmek-elden-sut-memeden\/","title":{"rendered":"Ekmek Elden S\u00fct Memeden"},"content":{"rendered":"<p>H\u0131zl\u0131 gidece\u011fiz. Boynuma sar\u0131l. Bacaklar\u0131n\u0131 s\u0131k. Tamam. Hadi bakal\u0131m\u2026 Kocaman sar\u0131 bir k\u00f6pe\u011fin s\u0131rt\u0131na binece\u011fiz ve sonra ver elini g\u00f6ky\u00fcz\u00fc\u2026 Usta yazar Yusuf At\u0131lgan\u2019\u0131n kaleminden \u00e7\u0131kan bu \u00f6yk\u00fcleri okuman\u0131n ya\u015f\u0131 yok; her sayfay\u0131 b\u00fcy\u00fck bir be\u011feniyle okuyacaks\u0131n\u0131z. Ba\u015flay\u0131n sayfalar\u0131 \u00e7evirmeye&#8230; \u201cKitaplar \u00e7ocuklar i\u00e7in yaz\u0131lmamal\u0131d\u0131r ama ki\u015fi, yeti\u015fkinler i\u00e7in yaz\u0131lm\u0131\u015f eserler \u2013yani ger\u00e7ek sanat eserleri\u2013 aras\u0131ndan uygun olanlar\u0131 se\u00e7mesini bilmelidir.\u201d  Anton \u00c7ehov <\/p>\n","protected":false},"excerpt":{"rendered":"<p>H\u0131zl\u0131 gidece\u011fiz. Boynuma sar\u0131l. Bacaklar\u0131n\u0131 s\u0131k. Tamam. Hadi bakal\u0131m\u2026 Kocaman sar\u0131 bir k\u00f6pe\u011fin s\u0131rt\u0131na binece\u011fiz ve sonra ver elini g\u00f6ky\u00fcz\u00fc\u2026 Usta yazar Yusuf At\u0131lgan\u2019\u0131n kaleminden \u00e7\u0131kan<span class=\"excerpt-hellip\"> [\u2026]<\/span><\/p>\n","protected":false},"featured_media":0,"template":"","meta":{"_monsterinsights_skip_tracking":false,"_monsterinsights_sitenote_active":false,"_monsterinsights_sitenote_note":"","_monsterinsights_sitenote_category":0},"product_brand":[],"product_cat":[12274,12284],"product_tag":[],"class_list":{"0":"post-710444","1":"product","2":"type-product","3":"status-publish","5":"product_cat-cocuk-ve-genclik-kitaplari","6":"product_cat-hikayeler","7":"pa_cilt-ciltsiz","8":"pa_tur-kitap","9":"pa_yayinevi-can-cocuk-yayinlari","10":"pa_yazar-yusuf-atilgan","12":"first","13":"instock","14":"sale","15":"shipping-taxable","16":"purchasable","17":"product-type-simple"},"_links":{"self":[{"href":"https:\/\/roveyayinevi.com.tr\/index.php\/wp-json\/wp\/v2\/product\/710444","targetHints":{"allow":["GET"]}}],"collection":[{"href":"https:\/\/roveyayinevi.com.tr\/index.php\/wp-json\/wp\/v2\/product"}],"about":[{"href":"https:\/\/roveyayinevi.com.tr\/index.php\/wp-json\/wp\/v2\/types\/product"}],"wp:attachment":[{"href":"https:\/\/roveyayinevi.com.tr\/index.php\/wp-json\/wp\/v2\/media?parent=710444"}],"wp:term":[{"taxonomy":"product_brand","embeddable":true,"href":"https:\/\/roveyayinevi.com.tr\/index.php\/wp-json\/wp\/v2\/product_brand?post=710444"},{"taxonomy":"product_cat","embeddable":true,"href":"https:\/\/roveyayinevi.com.tr\/index.php\/wp-json\/wp\/v2\/product_cat?post=710444"},{"taxonomy":"product_tag","embeddable":true,"href":"https:\/\/roveyayinevi.com.tr\/index.php\/wp-json\/wp\/v2\/product_tag?post=710444"}],"curies":[{"name":"wp","href":"https:\/\/api.w.org\/{rel}","templated":true}]}}