{"id":710431,"date":"2025-08-27T16:35:35","date_gmt":"2025-08-27T13:35:35","guid":{"rendered":"https:\/\/roveyayinevi.com.tr\/index.php\/urun\/ogrenme-atesi\/"},"modified":"2026-04-16T02:19:17","modified_gmt":"2026-04-15T23:19:17","slug":"ogrenme-atesi","status":"publish","type":"product","link":"https:\/\/roveyayinevi.com.tr\/index.php\/urun\/ogrenme-atesi\/","title":{"rendered":"\u00d6\u011frenme Ate\u015fi"},"content":{"rendered":"<p>\u201cBir \u015feyi oldu\u011fu gibi g\u00f6r\u00fcp an\u0131nda eyleme ge\u00e7mek zek\u00e2d\u0131r. Bu zek\u00e2y\u0131 \u00f6ncelikle kendimizde bulup, daha sonra \u00f6\u011frenciye aktarabilir miyiz?\u201d \u2013J. Krishnamurti   Bir\u00e7ok e\u011fitimci ve ebeveyn, Krishnamurti\u2019nin insan ve \u00f6\u011frenme s\u00fcrecinin do\u011fas\u0131na dair i\u00e7g\u00f6r\u00fclerini \u00f6zellikle \u00e7ocuk e\u011fitimi a\u00e7\u0131s\u0131ndan yararl\u0131 bulur. G\u00fcn ge\u00e7tik\u00e7e daha da karma\u015f\u0131kla\u015fan d\u00fcnyam\u0131zda mant\u0131k ve bilgelikten uzakla\u015fmadan ya\u015famak isteyenler ve bu bireylerin yeti\u015ftirdikleri \u00e7ocuklar i\u00e7in \u00d6\u011frenme Ate\u015fi, di\u011fer Krishnamurti kitaplar\u0131na de\u011ferli bir ilave niteli\u011finde.   Krishnamurti, 1969 y\u0131l\u0131nda \u0130ngiltere\u2019de a\u00e7t\u0131\u011f\u0131 Brockwood Park School\u2019un \u00f6\u011fretmenleriyle yapt\u0131\u011f\u0131 bu konu\u015fmalarda, b\u00f6yle bir okula e\u011fitmenlik yapmak \u00fczere gelmi\u015f birinin rol\u00fcne b\u00fcr\u00fcn\u00fcyor. Bu yeni \u00f6\u011fretmenin okul, \u00e7al\u0131\u015fma arkada\u015flar\u0131 ve de \u00f6\u011frencilerle olan ili\u015fkisini d\u00fcr\u00fcst\u00e7e ve do\u011frudan inceleyerek \u00f6zg\u00fcrl\u00fck ve otoritenin do\u011fas\u0131n\u0131, korku ve \u015fiddetin kayna\u011f\u0131n\u0131, bireylerde zek\u00e2 ve hassasiyetin uyanma potansiyelini sorguluyor. Bu ke\u015fif s\u0131ras\u0131nda bizzat ke\u015ffetmenin do\u011fas\u0131na ve g\u00f6zlem ve ileti\u015fimde berrakl\u0131\u011f\u0131n gereklili\u011fine de de\u011finiyor.   Hepsinden \u00f6te Krishnamurti, \u00f6\u011fretmenler ve okuyucular\u0131, k\u00f6kten psikolojik de\u011fi\u015fim ihtiyac\u0131n\u0131 ve bireylerde bu de\u011fi\u015fimin ger\u00e7ekle\u015fme olas\u0131l\u0131\u011f\u0131n\u0131 sorgulamaya te\u015fvik ediyor. <\/p>\n","protected":false},"excerpt":{"rendered":"<p>\u201cBir \u015feyi oldu\u011fu gibi g\u00f6r\u00fcp an\u0131nda eyleme ge\u00e7mek zek\u00e2d\u0131r. Bu zek\u00e2y\u0131 \u00f6ncelikle kendimizde bulup, daha sonra \u00f6\u011frenciye aktarabilir miyiz?\u201d \u2013J. Krishnamurti Bir\u00e7ok e\u011fitimci ve ebeveyn, Krishnamurti\u2019nin<span class=\"excerpt-hellip\"> [\u2026]<\/span><\/p>\n","protected":false},"featured_media":0,"template":"","meta":{"_monsterinsights_skip_tracking":false,"_monsterinsights_sitenote_active":false,"_monsterinsights_sitenote_note":"","_monsterinsights_sitenote_category":0},"product_brand":[],"product_cat":[12312,12304],"product_tag":[],"class_list":{"0":"post-710431","1":"product","2":"type-product","3":"status-publish","5":"product_cat-diger","6":"product_cat-tarih","7":"pa_cilt-ciltsiz","8":"pa_tur-kitap","9":"pa_yayinevi-ganj-yayinevi","10":"pa_yazar-jiddu-krishnamurti","12":"first","13":"instock","14":"sale","15":"shipping-taxable","16":"purchasable","17":"product-type-simple"},"_links":{"self":[{"href":"https:\/\/roveyayinevi.com.tr\/index.php\/wp-json\/wp\/v2\/product\/710431","targetHints":{"allow":["GET"]}}],"collection":[{"href":"https:\/\/roveyayinevi.com.tr\/index.php\/wp-json\/wp\/v2\/product"}],"about":[{"href":"https:\/\/roveyayinevi.com.tr\/index.php\/wp-json\/wp\/v2\/types\/product"}],"wp:attachment":[{"href":"https:\/\/roveyayinevi.com.tr\/index.php\/wp-json\/wp\/v2\/media?parent=710431"}],"wp:term":[{"taxonomy":"product_brand","embeddable":true,"href":"https:\/\/roveyayinevi.com.tr\/index.php\/wp-json\/wp\/v2\/product_brand?post=710431"},{"taxonomy":"product_cat","embeddable":true,"href":"https:\/\/roveyayinevi.com.tr\/index.php\/wp-json\/wp\/v2\/product_cat?post=710431"},{"taxonomy":"product_tag","embeddable":true,"href":"https:\/\/roveyayinevi.com.tr\/index.php\/wp-json\/wp\/v2\/product_tag?post=710431"}],"curies":[{"name":"wp","href":"https:\/\/api.w.org\/{rel}","templated":true}]}}