{"id":710413,"date":"2025-08-27T16:35:25","date_gmt":"2025-08-27T13:35:25","guid":{"rendered":"https:\/\/roveyayinevi.com.tr\/index.php\/urun\/david-copperfield-7\/"},"modified":"2026-04-16T02:19:17","modified_gmt":"2026-04-15T23:19:17","slug":"david-copperfield-7","status":"publish","type":"product","link":"https:\/\/roveyayinevi.com.tr\/index.php\/urun\/david-copperfield-7\/","title":{"rendered":"David Copperfield"},"content":{"rendered":"<p>David Copperfield \u00f6ks\u00fcz bir \u00e7ocuk olarak d\u00fcnyaya gelmi\u015ftir.  \u00dcvey babas\u0131 taraf\u0131ndan k\u00f6t\u00fc m\u00fcamele g\u00f6rm\u00fc\u015f, sonra da yat\u0131l\u0131 okula g\u00f6nderilmi\u015ftir. Zorluklarla ge\u00e7en \u00e7ocukluk d\u00f6neminin ard\u0131ndan Teyzesi Betsey Trotwood sayesinde hayata tekrar tutunmu\u015ftur. Masum ve d\u00fcr\u00fcst ki\u015fili\u011fi sayesinde kendine pek \u00e7ok dost edinmi\u015ftir. Kay\u0131plarla ve kazan\u0131mlarla dolu bir gen\u00e7lik d\u00f6nemi ge\u00e7irmi\u015ftir. <\/p>\n","protected":false},"excerpt":{"rendered":"<p>David Copperfield \u00f6ks\u00fcz bir \u00e7ocuk olarak d\u00fcnyaya gelmi\u015ftir. \u00dcvey babas\u0131 taraf\u0131ndan k\u00f6t\u00fc m\u00fcamele g\u00f6rm\u00fc\u015f, sonra da yat\u0131l\u0131 okula g\u00f6nderilmi\u015ftir. Zorluklarla ge\u00e7en \u00e7ocukluk d\u00f6neminin ard\u0131ndan Teyzesi Betsey<span class=\"excerpt-hellip\"> [\u2026]<\/span><\/p>\n","protected":false},"featured_media":0,"template":"","meta":{"_monsterinsights_skip_tracking":false,"_monsterinsights_sitenote_active":false,"_monsterinsights_sitenote_note":"","_monsterinsights_sitenote_category":0},"product_brand":[],"product_cat":[12274,12284],"product_tag":[],"class_list":{"0":"post-710413","1":"product","2":"type-product","3":"status-publish","5":"product_cat-cocuk-ve-genclik-kitaplari","6":"product_cat-hikayeler","7":"pa_cilt-ciltsiz","8":"pa_tur-kitap","9":"pa_yayinevi-fark-yayinlari","10":"pa_yazar-charles-dickens","12":"first","13":"instock","14":"sale","15":"shipping-taxable","16":"purchasable","17":"product-type-simple"},"_links":{"self":[{"href":"https:\/\/roveyayinevi.com.tr\/index.php\/wp-json\/wp\/v2\/product\/710413","targetHints":{"allow":["GET"]}}],"collection":[{"href":"https:\/\/roveyayinevi.com.tr\/index.php\/wp-json\/wp\/v2\/product"}],"about":[{"href":"https:\/\/roveyayinevi.com.tr\/index.php\/wp-json\/wp\/v2\/types\/product"}],"wp:attachment":[{"href":"https:\/\/roveyayinevi.com.tr\/index.php\/wp-json\/wp\/v2\/media?parent=710413"}],"wp:term":[{"taxonomy":"product_brand","embeddable":true,"href":"https:\/\/roveyayinevi.com.tr\/index.php\/wp-json\/wp\/v2\/product_brand?post=710413"},{"taxonomy":"product_cat","embeddable":true,"href":"https:\/\/roveyayinevi.com.tr\/index.php\/wp-json\/wp\/v2\/product_cat?post=710413"},{"taxonomy":"product_tag","embeddable":true,"href":"https:\/\/roveyayinevi.com.tr\/index.php\/wp-json\/wp\/v2\/product_tag?post=710413"}],"curies":[{"name":"wp","href":"https:\/\/api.w.org\/{rel}","templated":true}]}}