{"id":710374,"date":"2025-08-27T16:35:04","date_gmt":"2025-08-27T13:35:04","guid":{"rendered":"https:\/\/roveyayinevi.com.tr\/index.php\/urun\/say-buyuk-felsefe-sozlugu-2-cilt-takim\/"},"modified":"2026-04-16T02:19:16","modified_gmt":"2026-04-15T23:19:16","slug":"say-buyuk-felsefe-sozlugu-2-cilt-takim","status":"publish","type":"product","link":"https:\/\/roveyayinevi.com.tr\/index.php\/urun\/say-buyuk-felsefe-sozlugu-2-cilt-takim\/","title":{"rendered":"Say B\u00fcy\u00fck Felsefe S\u00f6zl\u00fc\u011f\u00fc (2 Cilt Tak\u0131m)"},"content":{"rendered":"<p>Prof. Dr. Ahmet Cevizci\u2019nin b\u00fcy\u00fck emekle haz\u0131rlad\u0131\u011f\u0131 Say B\u00fcy\u00fck Felsefe S\u00f6zl\u00fc\u011f\u00fc sadece felsefe \u00f6\u011frencileriyle akademi ve akademi d\u0131\u015f\u0131ndaki felsefecilerin de\u011fil, bu alanla ilgilenen herkesin daha sa\u011fl\u0131kl\u0131 bir ara\u015ft\u0131rma yapmas\u0131 i\u00e7in elinin alt\u0131nda bulundurmas\u0131 gereken olduk\u00e7a kapsaml\u0131 bir kaynak kitapt\u0131r. Felsefenin y\u00fczlerce y\u0131ll\u0131k ge\u00e7mi\u015fine katk\u0131da bulunan b\u00fct\u00fcn filozof, ak\u0131m, ideoloji, okul ve terimlerin yan\u0131 s\u0131ra ilk ve orta\u00e7a\u011f felsefesinden modern d\u00fc\u015f\u00fcnceye, H\u0131ristiyan felsefesinden \u0130slam, Hint ve \u00c7in felsefesine, Stoac\u0131l\u0131ktan Frankfurt Okulu\u2019na, pozitivizmden varolu\u015f\u00e7uluk, hermeneutik, feminizm ve di\u011fer \u00e7a\u011fda\u015f d\u00fc\u015f\u00fcnce ak\u0131mlar\u0131na dek olduk\u00e7a geni\u015f bir \u00e7er\u00e7eveyi kapsayan Say B\u00fcy\u00fck Felsefe S\u00f6zl\u00fc\u011f\u00fc felsefi, sosyolojik, politik, psikolojik terim ve kavramlar\u0131, ayr\u0131nt\u0131l\u0131 a\u00e7\u0131klamalar\u0131 ve \u0130ngilizce, Frans\u0131zca ve Almanca kar\u015f\u0131l\u0131klar\u0131yla vermektedir. Prof. Dr. Ahmet Cevizci\u2019nin bu \u00e7al\u0131\u015fmas\u0131 T\u00fcrkiye\u2019de yay\u0131mlanan en kapsaml\u0131 ve en b\u00fcy\u00fck s\u00f6zl\u00fck olma \u00f6zelli\u011fiyle alan\u0131n b\u00fcy\u00fck bir a\u00e7\u0131\u011f\u0131n\u0131 kapat\u0131yor. <\/p>\n","protected":false},"excerpt":{"rendered":"<p>Prof. Dr. Ahmet Cevizci\u2019nin b\u00fcy\u00fck emekle haz\u0131rlad\u0131\u011f\u0131 Say B\u00fcy\u00fck Felsefe S\u00f6zl\u00fc\u011f\u00fc sadece felsefe \u00f6\u011frencileriyle akademi ve akademi d\u0131\u015f\u0131ndaki felsefecilerin de\u011fil, bu alanla ilgilenen herkesin daha sa\u011fl\u0131kl\u0131<span class=\"excerpt-hellip\"> [\u2026]<\/span><\/p>\n","protected":false},"featured_media":0,"template":"","meta":{"_monsterinsights_skip_tracking":false,"_monsterinsights_sitenote_active":false,"_monsterinsights_sitenote_note":"","_monsterinsights_sitenote_category":0},"product_brand":[],"product_cat":[13772,12364],"product_tag":[],"class_list":{"0":"post-710374","1":"product","2":"type-product","3":"status-publish","5":"product_cat-basvuru-kitaplari","6":"product_cat-genel-konular","7":"pa_cilt-ciltli","8":"pa_tur-kitap","9":"pa_yayinevi-say-yayinlari","10":"pa_yazar-ahmet-cevizci","12":"first","13":"instock","14":"sale","15":"shipping-taxable","16":"purchasable","17":"product-type-simple"},"_links":{"self":[{"href":"https:\/\/roveyayinevi.com.tr\/index.php\/wp-json\/wp\/v2\/product\/710374","targetHints":{"allow":["GET"]}}],"collection":[{"href":"https:\/\/roveyayinevi.com.tr\/index.php\/wp-json\/wp\/v2\/product"}],"about":[{"href":"https:\/\/roveyayinevi.com.tr\/index.php\/wp-json\/wp\/v2\/types\/product"}],"wp:attachment":[{"href":"https:\/\/roveyayinevi.com.tr\/index.php\/wp-json\/wp\/v2\/media?parent=710374"}],"wp:term":[{"taxonomy":"product_brand","embeddable":true,"href":"https:\/\/roveyayinevi.com.tr\/index.php\/wp-json\/wp\/v2\/product_brand?post=710374"},{"taxonomy":"product_cat","embeddable":true,"href":"https:\/\/roveyayinevi.com.tr\/index.php\/wp-json\/wp\/v2\/product_cat?post=710374"},{"taxonomy":"product_tag","embeddable":true,"href":"https:\/\/roveyayinevi.com.tr\/index.php\/wp-json\/wp\/v2\/product_tag?post=710374"}],"curies":[{"name":"wp","href":"https:\/\/api.w.org\/{rel}","templated":true}]}}

Say Büyük Felsefe Sözlüğü (2 Cilt Takım)

<p>Prof. Dr. Ahmet Cevizci’nin büyük emekle hazırladığı Say Büyük Felsefe Sözlüğü sadece felsefe öğrencileriyle akademi ve akademi dışındaki felsefecilerin değil, bu alanla ilgilenen herkesin daha sağlıklı bir araştırma yapması için elinin altında bulundurması gereken oldukça kapsamlı bir kaynak kitaptır. Felsefenin yüzlerce yıllık geçmişine katkıda bulunan bütün filozof, akım, ideoloji, okul ve terimlerin yanı sıra ilk ve ortaçağ felsefesinden modern düşünceye, Hıristiyan felsefesinden İslam, Hint ve Çin felsefesine, Stoacılıktan Frankfurt Okulu’na, pozitivizmden varoluşçuluk, hermeneutik, feminizm ve diğer çağdaş düşünce akımlarına dek oldukça geniş bir çerçeveyi kapsayan Say Büyük Felsefe Sözlüğü felsefi, sosyolojik, politik, psikolojik terim ve kavramları, ayrıntılı açıklamaları ve İngilizce, Fransızca ve Almanca karşılıklarıyla vermektedir. Prof. Dr. Ahmet Cevizci’nin bu çalışması Türkiye’de yayımlanan en kapsamlı ve en büyük sözlük olma özelliğiyle alanın büyük bir açığını kapatıyor. </p>

<p>Prof. Dr. Ahmet Cevizci’nin büyük emekle hazırladığı Say Büyük Felsefe Sözlüğü sadece felsefe öğrencileriyle akademi ve akademi dışındaki felsefecilerin değil, bu alanla ilgilenen herkesin daha sağlıklı<span class="excerpt-hellip"> […]</span></p>
