{"id":710371,"date":"2025-08-27T16:35:03","date_gmt":"2025-08-27T13:35:03","guid":{"rendered":"https:\/\/roveyayinevi.com.tr\/index.php\/urun\/cukur\/"},"modified":"2026-04-03T02:24:49","modified_gmt":"2026-04-02T23:24:49","slug":"cukur","status":"publish","type":"product","link":"https:\/\/roveyayinevi.com.tr\/index.php\/urun\/cukur\/","title":{"rendered":"\u00c7ukur"},"content":{"rendered":"<p>Stalin Rusyas\u0131\u2019nda, emek\u00e7ilerin gelecekteki g\u00fczel g\u00fcnlerde bir arada ya\u015famas\u0131 i\u00e7in yap\u0131lmas\u0131 planlanan devasa bir binan\u0131n temel \u00e7ukurunun kaz\u0131lma s\u00fcrecini anlat\u0131yor \u00c7ukur \u2013 elbette \u201cPlatonov tarz\u0131nda\u201d. Platonov okurlar\u0131 bunun ne anlama geldi\u011fini hemen anlayacakt\u0131r: abs\u00fcrd diyaloglar, varolu\u015fsal sorgulamalar, sosyalizmin soyut idealleriyle somut uygulamalar aras\u0131ndaki u\u00e7urumun g\u00f6zler \u00f6n\u00fcne serilmesi, s\u00fcrekli propagandas\u0131 yap\u0131lan ideolojiyi komik bir \u015fekilde yanl\u0131\u015f anlayan naif karakterler ve \u00f6zg\u00fcn, \u201ctuhaf\u201d, emsalsiz bir dil. <\/p>\n","protected":false},"excerpt":{"rendered":"<p>Stalin Rusyas\u0131\u2019nda, emek\u00e7ilerin gelecekteki g\u00fczel g\u00fcnlerde bir arada ya\u015famas\u0131 i\u00e7in yap\u0131lmas\u0131 planlanan devasa bir binan\u0131n temel \u00e7ukurunun kaz\u0131lma s\u00fcrecini anlat\u0131yor \u00c7ukur \u2013 elbette \u201cPlatonov tarz\u0131nda\u201d. Platonov<span class=\"excerpt-hellip\"> [\u2026]<\/span><\/p>\n","protected":false},"featured_media":0,"template":"","meta":{"_monsterinsights_skip_tracking":false,"_monsterinsights_sitenote_active":false,"_monsterinsights_sitenote_note":"","_monsterinsights_sitenote_category":0},"product_brand":[],"product_cat":[12291,12711],"product_tag":[],"class_list":{"0":"post-710371","1":"product","2":"type-product","3":"status-publish","5":"product_cat-edebiyat","6":"product_cat-roman-oyku","7":"pa_cilt-ciltsiz","8":"pa_tur-kitap","9":"pa_yayinevi-metis-yayinlari","10":"pa_yazar-andrey-platonov","12":"first","13":"instock","14":"sale","15":"shipping-taxable","16":"purchasable","17":"product-type-simple"},"_links":{"self":[{"href":"https:\/\/roveyayinevi.com.tr\/index.php\/wp-json\/wp\/v2\/product\/710371","targetHints":{"allow":["GET"]}}],"collection":[{"href":"https:\/\/roveyayinevi.com.tr\/index.php\/wp-json\/wp\/v2\/product"}],"about":[{"href":"https:\/\/roveyayinevi.com.tr\/index.php\/wp-json\/wp\/v2\/types\/product"}],"wp:attachment":[{"href":"https:\/\/roveyayinevi.com.tr\/index.php\/wp-json\/wp\/v2\/media?parent=710371"}],"wp:term":[{"taxonomy":"product_brand","embeddable":true,"href":"https:\/\/roveyayinevi.com.tr\/index.php\/wp-json\/wp\/v2\/product_brand?post=710371"},{"taxonomy":"product_cat","embeddable":true,"href":"https:\/\/roveyayinevi.com.tr\/index.php\/wp-json\/wp\/v2\/product_cat?post=710371"},{"taxonomy":"product_tag","embeddable":true,"href":"https:\/\/roveyayinevi.com.tr\/index.php\/wp-json\/wp\/v2\/product_tag?post=710371"}],"curies":[{"name":"wp","href":"https:\/\/api.w.org\/{rel}","templated":true}]}}