{"id":710369,"date":"2025-08-27T16:35:02","date_gmt":"2025-08-27T13:35:02","guid":{"rendered":"https:\/\/roveyayinevi.com.tr\/index.php\/urun\/hukuk-gostergebilimi\/"},"modified":"2026-04-16T02:19:16","modified_gmt":"2026-04-15T23:19:16","slug":"hukuk-gostergebilimi","status":"publish","type":"product","link":"https:\/\/roveyayinevi.com.tr\/index.php\/urun\/hukuk-gostergebilimi\/","title":{"rendered":"Hukuk G\u00f6stergebilimi"},"content":{"rendered":"<p>Ertu\u011frul Uzun, kendisine sayg\u0131s\u0131 olan hukuk\u00e7ular\u0131n yapmay\u0131 akl\u0131ndan ge\u00e7iremeyece\u011fi, ge\u00e7irse de asla c\u00fcret edemeyece\u011fi bir i\u015fe imza att\u0131\u011f\u0131 Hukuk G\u00f6stergebilimi\u2019nde meslekta\u015flar\u0131na basit bir \u015feyi hat\u0131rlat\u0131yor: Kendi alan\u0131n\u0131z\u0131n s\u0131n\u0131rlar\u0131 i\u00e7inde kalarak hukuku anlayamazs\u0131n\u0131z! Maalesef bu anlamda T\u00fcrkiye\u2019de bir ilk olan ve pek \u00e7ok parlak sosyal bilimler \u00f6\u011frencisine kendisini a\u015fman\u0131n yollar\u0131n\u0131 ilham eden Hukuk G\u00f6stergebilimi, hukuk felsefesi, linguistik, semiyotik ve hermen\u00f6tik gibi alanlar\u0131n s\u0131n\u0131r\u0131nda koyuldu\u011fu bu tuzaklarla dolu yolculu\u011funda ideoloji, edebiyat, yorum ve arg\u00fcmantasyon \u00fczerinden bilhassa akademik hukuk\u00e7ular\u0131m\u0131z\u0131n yabanc\u0131s\u0131 oldu\u011fu bir hukuk\u00ee refleksiyon geli\u015ftiriyor. Bu nedenle Hukuk G\u00f6stergebilimi\u2019ni hen\u00fcz okumam\u0131\u015f olman\u0131z, ku\u015fkusuz b\u00fcy\u00fck bir ay\u0131p de\u011filse de, zihninizin entelekt\u00fcel bek\u00e2retini muhafaza etti\u011fi anlam\u0131na geliyor korkar\u0131m. G\u00f6khan Yavuz Demir <\/p>\n","protected":false},"excerpt":{"rendered":"<p>Ertu\u011frul Uzun, kendisine sayg\u0131s\u0131 olan hukuk\u00e7ular\u0131n yapmay\u0131 akl\u0131ndan ge\u00e7iremeyece\u011fi, ge\u00e7irse de asla c\u00fcret edemeyece\u011fi bir i\u015fe imza att\u0131\u011f\u0131 Hukuk G\u00f6stergebilimi\u2019nde meslekta\u015flar\u0131na basit bir \u015feyi hat\u0131rlat\u0131yor: Kendi<span class=\"excerpt-hellip\"> [\u2026]<\/span><\/p>\n","protected":false},"featured_media":0,"template":"","meta":{"_monsterinsights_skip_tracking":false,"_monsterinsights_sitenote_active":false,"_monsterinsights_sitenote_note":"","_monsterinsights_sitenote_category":0},"product_brand":[],"product_cat":[12312,12304],"product_tag":[],"class_list":{"0":"post-710369","1":"product","2":"type-product","3":"status-publish","5":"product_cat-diger","6":"product_cat-tarih","7":"pa_cilt-ciltsiz","8":"pa_tur-kitap","9":"pa_yayinevi-nora-kitap","10":"pa_yazar-ertugrul-uzun","12":"first","13":"instock","14":"sale","15":"shipping-taxable","16":"purchasable","17":"product-type-simple"},"_links":{"self":[{"href":"https:\/\/roveyayinevi.com.tr\/index.php\/wp-json\/wp\/v2\/product\/710369","targetHints":{"allow":["GET"]}}],"collection":[{"href":"https:\/\/roveyayinevi.com.tr\/index.php\/wp-json\/wp\/v2\/product"}],"about":[{"href":"https:\/\/roveyayinevi.com.tr\/index.php\/wp-json\/wp\/v2\/types\/product"}],"wp:attachment":[{"href":"https:\/\/roveyayinevi.com.tr\/index.php\/wp-json\/wp\/v2\/media?parent=710369"}],"wp:term":[{"taxonomy":"product_brand","embeddable":true,"href":"https:\/\/roveyayinevi.com.tr\/index.php\/wp-json\/wp\/v2\/product_brand?post=710369"},{"taxonomy":"product_cat","embeddable":true,"href":"https:\/\/roveyayinevi.com.tr\/index.php\/wp-json\/wp\/v2\/product_cat?post=710369"},{"taxonomy":"product_tag","embeddable":true,"href":"https:\/\/roveyayinevi.com.tr\/index.php\/wp-json\/wp\/v2\/product_tag?post=710369"}],"curies":[{"name":"wp","href":"https:\/\/api.w.org\/{rel}","templated":true}]}}