{"id":710368,"date":"2025-08-27T16:35:01","date_gmt":"2025-08-27T13:35:01","guid":{"rendered":"https:\/\/roveyayinevi.com.tr\/index.php\/urun\/gercek-yasam-gencligi-yoldan-cikarmaya-yonelik-bir-cagri\/"},"modified":"2025-12-30T10:08:51","modified_gmt":"2025-12-30T07:08:51","slug":"gercek-yasam-gencligi-yoldan-cikarmaya-yonelik-bir-cagri","status":"publish","type":"product","link":"https:\/\/roveyayinevi.com.tr\/index.php\/urun\/gercek-yasam-gencligi-yoldan-cikarmaya-yonelik-bir-cagri\/","title":{"rendered":"Ger\u00e7ek Ya\u015fam (Gen\u00e7li\u011fi Yoldan \u00c7\u0131karmaya Y\u00f6nelik Bir \u00c7a\u011fr\u0131)"},"content":{"rendered":"<p>GER\u00c7EK YA\u015eAM Gen\u00e7li\u011fi Yoldan \u00c7\u0131karmaya Y\u00f6nelik Bir \u00c7a\u011fr\u0131 \u00c7a\u011fda\u015f kapitalizm gen\u00e7lere, kimi zaman i\u00e7 i\u00e7e ge\u00e7en iki se\u00e7enek sunar: G\u00fcn\u00fcn\u00fc g\u00fcn et ve\/veya d\u00fczenin basamaklar\u0131nda h\u0131zla y\u00fckselmeye \u00e7al\u0131\u015f!   Ya\u015fayan \u00f6nemli filozoflardan ve eylem insanlar\u0131ndan Alain Badiou, Ger\u00e7ek Ya\u015fam &#8211; Gen\u00e7li\u011fi Yoldan \u00c7\u0131karmaya Y\u00f6nelik Bir \u00c7a\u011fr\u0131\u2019da derlenen konu\u015fmalar\u0131nda, her iki se\u00e7ene\u011fin de ya\u015fam\u0131n ger\u00e7ekli\u011fini \u00f6rten bir yan\u0131lsama oldu\u011funun alt\u0131n\u0131 \u00e7iziyor. T\u0131pk\u0131 y\u00fczy\u0131llar \u00f6nce Sokrates\u2019in yapt\u0131\u011f\u0131 gibi, sadece ya\u015f\u0131 de\u011fil ruhu her daim gen\u00e7 olanlara ele\u015ftirel ve \u00f6zg\u00fcr d\u00fc\u015f\u00fcncenin kanallar\u0131ndan ge\u00e7erek hayat\u0131n ve hazz\u0131n ger\u00e7e\u011fine eri\u015fmenin ipu\u00e7lar\u0131n\u0131 sunarken, sistemin \u00e7izdi\u011fi s\u0131n\u0131rlar\u0131 da a\u015fmaya davet ediyor.   Orta ya\u015fl\u0131lar\u0131n tahakk\u00fcm\u00fc alt\u0131ndaki \u00e7a\u011fda\u015f toplumlar\u0131m\u0131zda ad\u0131 var kendi yok gen\u00e7ler ile toplumsal hayattan d\u0131\u015flanan ya\u015fl\u0131 ku\u015fa\u011f\u0131n ittifak\u0131n\u0131n devrimci potansiyelleri \u00fczerinde dururken, \u201cebedi ergen\u201d kalmaya mahk\u00fbm o\u011flanlar ile gen\u00e7li\u011fini ya\u015famadan kad\u0131nl\u0131\u011fa h\u0131zla ad\u0131m att\u0131r\u0131lan k\u0131zlara, d\u00fczenin tuzaklar\u0131ndan kurtulup kendini var etmenin, isyan\u0131n, a\u015fk\u0131n ve \u015fiirin kap\u0131lar\u0131n\u0131 aral\u0131yor. Her ya\u015ftan \u201cgen\u00e7ler\u201d i\u00e7in felsefenin k\u0131lavuzlu\u011funda e\u015fsiz bir yoldan \u00e7\u0131kma \u00e7a\u011fr\u0131s\u0131&#8230; <\/p>\n","protected":false},"excerpt":{"rendered":"<p>GER\u00c7EK YA\u015eAM Gen\u00e7li\u011fi Yoldan \u00c7\u0131karmaya Y\u00f6nelik Bir \u00c7a\u011fr\u0131 \u00c7a\u011fda\u015f kapitalizm gen\u00e7lere, kimi zaman i\u00e7 i\u00e7e ge\u00e7en iki se\u00e7enek sunar: G\u00fcn\u00fcn\u00fc g\u00fcn et ve\/veya d\u00fczenin basamaklar\u0131nda h\u0131zla<span class=\"excerpt-hellip\"> [\u2026]<\/span><\/p>\n","protected":false},"featured_media":0,"template":"","meta":{"_monsterinsights_skip_tracking":false,"_monsterinsights_sitenote_active":false,"_monsterinsights_sitenote_note":"","_monsterinsights_sitenote_category":0},"product_brand":[],"product_cat":[12312,12304],"product_tag":[],"class_list":{"0":"post-710368","1":"product","2":"type-product","3":"status-publish","5":"product_cat-diger","6":"product_cat-tarih","7":"pa_cilt-ciltsiz","8":"pa_tur-kitap","9":"pa_yayinevi-sel-yayincilik","10":"pa_yazar-alain-badiou","12":"first","13":"instock","14":"sale","15":"shipping-taxable","16":"purchasable","17":"product-type-simple"},"_links":{"self":[{"href":"https:\/\/roveyayinevi.com.tr\/index.php\/wp-json\/wp\/v2\/product\/710368","targetHints":{"allow":["GET"]}}],"collection":[{"href":"https:\/\/roveyayinevi.com.tr\/index.php\/wp-json\/wp\/v2\/product"}],"about":[{"href":"https:\/\/roveyayinevi.com.tr\/index.php\/wp-json\/wp\/v2\/types\/product"}],"wp:attachment":[{"href":"https:\/\/roveyayinevi.com.tr\/index.php\/wp-json\/wp\/v2\/media?parent=710368"}],"wp:term":[{"taxonomy":"product_brand","embeddable":true,"href":"https:\/\/roveyayinevi.com.tr\/index.php\/wp-json\/wp\/v2\/product_brand?post=710368"},{"taxonomy":"product_cat","embeddable":true,"href":"https:\/\/roveyayinevi.com.tr\/index.php\/wp-json\/wp\/v2\/product_cat?post=710368"},{"taxonomy":"product_tag","embeddable":true,"href":"https:\/\/roveyayinevi.com.tr\/index.php\/wp-json\/wp\/v2\/product_tag?post=710368"}],"curies":[{"name":"wp","href":"https:\/\/api.w.org\/{rel}","templated":true}]}}