{"id":710362,"date":"2025-08-27T16:34:58","date_gmt":"2025-08-27T13:34:58","guid":{"rendered":"https:\/\/roveyayinevi.com.tr\/index.php\/urun\/hermenotik-ve-sosyal-bilimler\/"},"modified":"2026-04-13T02:23:41","modified_gmt":"2026-04-12T23:23:41","slug":"hermenotik-ve-sosyal-bilimler","status":"publish","type":"product","link":"https:\/\/roveyayinevi.com.tr\/index.php\/urun\/hermenotik-ve-sosyal-bilimler\/","title":{"rendered":"Hermen\u00f6tik ve Sosyal Bilimler"},"content":{"rendered":"<p>Avrupa\u2019n\u0131n \u00f6nde gelen sosyal teorisyenlerinden olan Bauman\u2019\u0131n ilk olarak 1978\u2019de yay\u0131mlanan bu \u00f6nemli eseri, bir b\u00fct\u00fcn olarak hermen\u00f6tik gelene\u011fine en iyi giri\u015ftir denebilir. Psikoloji ve sosyoloji \u00f6\u011frencilerine yard\u0131m etmesi i\u00e7in tasarlanm\u0131\u015f olan bu \u00e7al\u0131\u015fma, \u201csosyal bilimleri anlama\u201d problemini tarihsel ve psikolojik bir ba\u011flama yerle\u015ftirir. Bu ba\u011flam\u0131 sosyolojik d\u00fc\u015f\u00fcncedeki ana ak\u0131ma bir cevap olarak sunar ve bu esnada hermen\u00f6tiklere meydan okur. Hermen\u00f6ti\u011fin tarihi uzundur ve ba\u011flant\u0131lar\u0131 epey fazlad\u0131r, sosyolojinin s\u0131n\u0131rlar\u0131n\u0131n bile \u00f6tesine uzan\u0131r. Hermen\u00f6tik gelene\u011fi sosyoloji alan\u0131nda da ilgiyi en \u00e7ok \u00fczerine \u00e7eken alanlardan biridir, fakat \u00e7ok yanl\u0131\u015f yorumlanan bir aland\u0131r da. Herm\u00f6nitikle ilgili tart\u0131\u015fmalar son s\u00fcrat ilerlemektedir ve h\u00e2l\u00e2 da do\u011fru \u00e7\u00f6z\u00fcmleri sunma giri\u015fiminin oldu\u011fu s\u00f6ylenemez. Bunun yerine vurgu ana yakla\u015f\u0131mlar\u0131n her birinin zay\u0131f ve g\u00fc\u00e7l\u00fc y\u00f6nlerini ortaya \u00e7\u0131kartma \u00fczerinedir. Bauman\u2019\u0131n g\u00f6r\u00fc\u015f\u00fc, anlama teorisinin sa\u011flam sonu\u00e7lar elde edebilmesinin yaln\u0131zca anlama problemini toplumsal ya\u015fam\u0131n devam eden bir par\u00e7as\u0131 olarak ele almakla m\u00fcmk\u00fcn olaca\u011f\u0131 y\u00f6n\u00fcndedir. Bauman\u2019\u0131n hermen\u00f6tik gelene\u011fi toplumsal varolu\u015fu devreye sokarak sorunsalla\u015ft\u0131rd\u0131\u011f\u0131 bu \u00e7al\u0131\u015fmas\u0131, mevzuyla ilgilenen herkese yard\u0131mc\u0131 olacak bir referans kitap k\u0131ymetinde&#8230; <\/p>\n","protected":false},"excerpt":{"rendered":"<p>Avrupa\u2019n\u0131n \u00f6nde gelen sosyal teorisyenlerinden olan Bauman\u2019\u0131n ilk olarak 1978\u2019de yay\u0131mlanan bu \u00f6nemli eseri, bir b\u00fct\u00fcn olarak hermen\u00f6tik gelene\u011fine en iyi giri\u015ftir denebilir. Psikoloji ve sosyoloji<span class=\"excerpt-hellip\"> [\u2026]<\/span><\/p>\n","protected":false},"featured_media":0,"template":"","meta":{"_monsterinsights_skip_tracking":false,"_monsterinsights_sitenote_active":false,"_monsterinsights_sitenote_note":"","_monsterinsights_sitenote_category":0},"product_brand":[],"product_cat":[13590,12337],"product_tag":[],"class_list":{"0":"post-710362","1":"product","2":"type-product","3":"status-publish","5":"product_cat-arastirma-inceleme-politika-siyaset","6":"product_cat-politika-siyaset","7":"pa_cilt-ciltsiz","8":"pa_tur-kitap","9":"pa_yayinevi-ayrinti-yayinlari","10":"pa_yazar-zygmunt-bauman","12":"first","13":"instock","14":"sale","15":"shipping-taxable","16":"purchasable","17":"product-type-simple"},"_links":{"self":[{"href":"https:\/\/roveyayinevi.com.tr\/index.php\/wp-json\/wp\/v2\/product\/710362","targetHints":{"allow":["GET"]}}],"collection":[{"href":"https:\/\/roveyayinevi.com.tr\/index.php\/wp-json\/wp\/v2\/product"}],"about":[{"href":"https:\/\/roveyayinevi.com.tr\/index.php\/wp-json\/wp\/v2\/types\/product"}],"wp:attachment":[{"href":"https:\/\/roveyayinevi.com.tr\/index.php\/wp-json\/wp\/v2\/media?parent=710362"}],"wp:term":[{"taxonomy":"product_brand","embeddable":true,"href":"https:\/\/roveyayinevi.com.tr\/index.php\/wp-json\/wp\/v2\/product_brand?post=710362"},{"taxonomy":"product_cat","embeddable":true,"href":"https:\/\/roveyayinevi.com.tr\/index.php\/wp-json\/wp\/v2\/product_cat?post=710362"},{"taxonomy":"product_tag","embeddable":true,"href":"https:\/\/roveyayinevi.com.tr\/index.php\/wp-json\/wp\/v2\/product_tag?post=710362"}],"curies":[{"name":"wp","href":"https:\/\/api.w.org\/{rel}","templated":true}]}}