{"id":710360,"date":"2025-08-27T16:34:57","date_gmt":"2025-08-27T13:34:57","guid":{"rendered":"https:\/\/roveyayinevi.com.tr\/index.php\/urun\/devrimcilerin-filistin-gunlugu-2-1976-1985\/"},"modified":"2026-04-16T02:19:15","modified_gmt":"2026-04-15T23:19:15","slug":"devrimcilerin-filistin-gunlugu-2-1976-1985","status":"publish","type":"product","link":"https:\/\/roveyayinevi.com.tr\/index.php\/urun\/devrimcilerin-filistin-gunlugu-2-1976-1985\/","title":{"rendered":"Devrimcilerin Filistin G\u00fcnl\u00fc\u011f\u00fc 2 (1976 &#8211; 1985)"},"content":{"rendered":"<p>Devrimcilerin Filistin G\u00fcnl\u00fc\u011f\u00fc (1968-1975) kitab\u0131yla, devrimci hareketin \u00fczerine fazlaca kalem oynat\u0131lmam\u0131\u015f, tarihsel bir kesiti ayd\u0131nlatan Oktay Duman, kitab\u0131n devam\u0131 niteli\u011findeki bu titiz \u00e7al\u0131\u015fmayla,  ya\u015fayanlar\u0131n tan\u0131kl\u0131\u011f\u0131nda bu tarihi irdelemeye devam ediyor. Kitap zengin detaylar\u0131yla okuru renkli, canl\u0131 ve keyifli bir tarih yolculu\u011funa \u00e7\u0131kar\u0131yor. Yak\u0131n tarih merakl\u0131s\u0131 okur i\u00e7in \u00e7al\u0131\u015fmaya oylum kazand\u0131ran \u00e7ok say\u0131da soru sormay\u0131 s\u00fcrd\u00fcr\u00fcyor. Sosyalist m\u00fccadelenin yeniden y\u00fckseli\u015fe ge\u00e7ti\u011fi \u201974\u2019l\u00fc y\u0131llardan sonra Filistin hareketiyle yenilenen ili\u015fkilerin \u00f6ncesinden ba\u015flayarak, 12 Eyl\u00fcl darbesiyle birlikte hangi bi\u00e7imlerde ve niteliklerde devam etti\u011fini, belgeleriyle birlikte irdeliyor. 12 Eyl\u00fcl darbesinden sonra devrimci hareketin arka bah\u00e7esi Ortado\u011fu\u2019da, Filistin hareketiyle ya\u015fananlar g\u00f6zler \u00f6n\u00fcne seriliyor. Kitapta; edinilmi\u015f bu deneyimden ka\u00e7\u0131r\u0131lan f\u0131rsatlar, Filistin hareketinin 12 Eyl\u00fcl darbesinden kurtulan devrimcilere sundu\u011fu olanaklar\u0131n nas\u0131l de\u011ferlendirildi\u011fi masaya yat\u0131r\u0131l\u0131yor. Filistin hareketi saflar\u0131nda d\u00fc\u015fen devrimcilerin hik\u00e2yelerine parantezler a\u00e7an \u00e7al\u0131\u015fma, spek\u00fclasyonlar yerine, ya\u015fayan tan\u0131klar\u0131n \u0131\u015f\u0131\u011f\u0131nda ger\u00e7eklerin izinde y\u00fcr\u00fcmeye devam ediyor. Toplamda 9 \u00fclke, 18 kenti dola\u015farak olduk\u00e7a zahmetli yolculuklardan sonra ula\u015ft\u0131\u011f\u0131 tan\u0131klarla, dikkat \u00e7eken bu eseriyle okurlarla yeniden bulu\u015fuyor. <\/p>\n","protected":false},"excerpt":{"rendered":"<p>Devrimcilerin Filistin G\u00fcnl\u00fc\u011f\u00fc (1968-1975) kitab\u0131yla, devrimci hareketin \u00fczerine fazlaca kalem oynat\u0131lmam\u0131\u015f, tarihsel bir kesiti ayd\u0131nlatan Oktay Duman, kitab\u0131n devam\u0131 niteli\u011findeki bu titiz \u00e7al\u0131\u015fmayla, ya\u015fayanlar\u0131n tan\u0131kl\u0131\u011f\u0131nda bu<span class=\"excerpt-hellip\"> [\u2026]<\/span><\/p>\n","protected":false},"featured_media":0,"template":"","meta":{"_monsterinsights_skip_tracking":false,"_monsterinsights_sitenote_active":false,"_monsterinsights_sitenote_note":"","_monsterinsights_sitenote_category":0},"product_brand":[],"product_cat":[12304,14128],"product_tag":[],"class_list":{"0":"post-710360","1":"product","2":"type-product","3":"status-publish","5":"product_cat-tarih","6":"product_cat-yakin-tarih","7":"pa_cilt-ciltsiz","8":"pa_tur-kitap","9":"pa_yayinevi-ayrinti-yayinlari","10":"pa_yazar-oktay-duman","12":"first","13":"instock","14":"sale","15":"shipping-taxable","16":"purchasable","17":"product-type-simple"},"_links":{"self":[{"href":"https:\/\/roveyayinevi.com.tr\/index.php\/wp-json\/wp\/v2\/product\/710360","targetHints":{"allow":["GET"]}}],"collection":[{"href":"https:\/\/roveyayinevi.com.tr\/index.php\/wp-json\/wp\/v2\/product"}],"about":[{"href":"https:\/\/roveyayinevi.com.tr\/index.php\/wp-json\/wp\/v2\/types\/product"}],"wp:attachment":[{"href":"https:\/\/roveyayinevi.com.tr\/index.php\/wp-json\/wp\/v2\/media?parent=710360"}],"wp:term":[{"taxonomy":"product_brand","embeddable":true,"href":"https:\/\/roveyayinevi.com.tr\/index.php\/wp-json\/wp\/v2\/product_brand?post=710360"},{"taxonomy":"product_cat","embeddable":true,"href":"https:\/\/roveyayinevi.com.tr\/index.php\/wp-json\/wp\/v2\/product_cat?post=710360"},{"taxonomy":"product_tag","embeddable":true,"href":"https:\/\/roveyayinevi.com.tr\/index.php\/wp-json\/wp\/v2\/product_tag?post=710360"}],"curies":[{"name":"wp","href":"https:\/\/api.w.org\/{rel}","templated":true}]}}