{"id":710358,"date":"2025-08-27T16:34:56","date_gmt":"2025-08-27T13:34:56","guid":{"rendered":"https:\/\/roveyayinevi.com.tr\/index.php\/urun\/lenin-2\/"},"modified":"2026-04-16T02:19:15","modified_gmt":"2026-04-15T23:19:15","slug":"lenin-2","status":"publish","type":"product","link":"https:\/\/roveyayinevi.com.tr\/index.php\/urun\/lenin-2\/","title":{"rendered":"Lenin"},"content":{"rendered":"<p>Yak\u0131n tarihin en tart\u0131\u015fmal\u0131 ve hakk\u0131nda en \u00e7ok yaz\u0131l\u0131p \u00e7izilmi\u015f siyasi fig\u00fcrlerinden biri \u00fczerine kaleme al\u0131nm\u0131\u015f bu biyografik deneme, okuru Lenin\u2019in hayat\u0131n\u0131 ve siyasi stratejisini yeni bir \u0131\u015f\u0131k bir alt\u0131nda de\u011ferlendirmeye davet ediyor. Yazar\u0131n\u0131n kendi ifadesiyle, kanl\u0131 canl\u0131 bir insan olan Vladimir \u0130lyi\u00e7 Ulyanov ile onun kamusal personas\u0131 N. Lenin aras\u0131ndaki ili\u015fkiyi, bir ba\u015fka deyi\u015fle \u00f6zel ya\u015fam\u0131 ve siyasi stratejisi aras\u0131ndaki ba\u011flant\u0131y\u0131 g\u00f6zler \u00f6n\u00fcne sermeye \u00e7al\u0131\u015f\u0131yor. Ve bunu yaparken gerek So\u011fuk Sava\u015f d\u00f6neminde bilhassa Bat\u0131\u2019da \u00fcretilen, \u00f6nyarg\u0131lar ve ideolojik kayg\u0131larla malul Lenin literat\u00fcr\u00fcne, gerekse 1980\u2019lerde a\u00e7\u0131lan Sovyet ar\u015fivleri temel al\u0131narak tek tarafl\u0131 bir bi\u00e7imde kaleme al\u0131nm\u0131\u015f ve daha ziyade Lenin\u2019in \u00f6zel ya\u015fam\u0131n\u0131n mahrem y\u00f6nlerine odaklanan spek\u00fclatif \u00e7al\u0131\u015fmalara bir alternatif olma iddias\u0131nda. <\/p>\n","protected":false},"excerpt":{"rendered":"<p>Yak\u0131n tarihin en tart\u0131\u015fmal\u0131 ve hakk\u0131nda en \u00e7ok yaz\u0131l\u0131p \u00e7izilmi\u015f siyasi fig\u00fcrlerinden biri \u00fczerine kaleme al\u0131nm\u0131\u015f bu biyografik deneme, okuru Lenin\u2019in hayat\u0131n\u0131 ve siyasi stratejisini yeni<span class=\"excerpt-hellip\"> [\u2026]<\/span><\/p>\n","protected":false},"featured_media":0,"template":"","meta":{"_monsterinsights_skip_tracking":false,"_monsterinsights_sitenote_active":false,"_monsterinsights_sitenote_note":"","_monsterinsights_sitenote_category":0},"product_brand":[],"product_cat":[14841,13043],"product_tag":[],"class_list":{"0":"post-710358","1":"product","2":"type-product","3":"status-publish","5":"product_cat-arastirma-inceleme-kuram","6":"product_cat-ekonomi","7":"pa_cilt-ciltsiz","8":"pa_tur-kitap","9":"pa_yayinevi-ayrinti-yayinlari","10":"pa_yazar-lars-t-lih","12":"first","13":"instock","14":"sale","15":"shipping-taxable","16":"purchasable","17":"product-type-simple"},"_links":{"self":[{"href":"https:\/\/roveyayinevi.com.tr\/index.php\/wp-json\/wp\/v2\/product\/710358","targetHints":{"allow":["GET"]}}],"collection":[{"href":"https:\/\/roveyayinevi.com.tr\/index.php\/wp-json\/wp\/v2\/product"}],"about":[{"href":"https:\/\/roveyayinevi.com.tr\/index.php\/wp-json\/wp\/v2\/types\/product"}],"wp:attachment":[{"href":"https:\/\/roveyayinevi.com.tr\/index.php\/wp-json\/wp\/v2\/media?parent=710358"}],"wp:term":[{"taxonomy":"product_brand","embeddable":true,"href":"https:\/\/roveyayinevi.com.tr\/index.php\/wp-json\/wp\/v2\/product_brand?post=710358"},{"taxonomy":"product_cat","embeddable":true,"href":"https:\/\/roveyayinevi.com.tr\/index.php\/wp-json\/wp\/v2\/product_cat?post=710358"},{"taxonomy":"product_tag","embeddable":true,"href":"https:\/\/roveyayinevi.com.tr\/index.php\/wp-json\/wp\/v2\/product_tag?post=710358"}],"curies":[{"name":"wp","href":"https:\/\/api.w.org\/{rel}","templated":true}]}}