{"id":710357,"date":"2025-08-27T16:34:56","date_gmt":"2025-08-27T13:34:56","guid":{"rendered":"https:\/\/roveyayinevi.com.tr\/index.php\/urun\/kuskuculuk\/"},"modified":"2026-04-16T02:19:15","modified_gmt":"2026-04-15T23:19:15","slug":"kuskuculuk","status":"publish","type":"product","link":"https:\/\/roveyayinevi.com.tr\/index.php\/urun\/kuskuculuk\/","title":{"rendered":"Ku\u015fkuculuk"},"content":{"rendered":"<p>Sextus Empiricus, Yunan ku\u015fkuculu\u011funu sistemle\u015ftiren ki\u015fidir. M\u00d6 II. y\u00fczy\u0131l\u0131n ikinci yar\u0131s\u0131nda ve III. y\u00fczy\u0131l\u0131n ilk \u00e7eyre\u011finde ya\u015fam\u0131\u015ft\u0131r. Ya\u015fad\u0131\u011f\u0131 \u00e7a\u011f\u0131n d\u0131\u015f\u0131nda \u00fcn\u00fcn\u00fc ve etkisini yeniden ve en fazla kazand\u0131\u011f\u0131 co\u011frafya Bat\u0131 Roma\u2019n\u0131n miras\u00e7\u0131s\u0131 ve Katolik Kilisesi\u2019nin h\u00e2kimiyetindeki Latin D\u00fcnyas\u0131, \u00f6zellikle de Fransa ve \u0130talya olmu\u015ftur. Buna olanak sa\u011flayan etken, H. Etienne\u2019in ya da Latince ad\u0131yla Stephanus\u2019un \u0130S 1562\u2019de (bu tarih R\u00f6nesans\u2019\u0131n son d\u00f6nemine kar\u015f\u0131l\u0131k gelmektedir) Pyrrhonculu\u011fun Ana Hatlar\u0131\u2019n\u0131n Latince \u00e7evirisini basm\u0131\u015f olmas\u0131d\u0131r. Bu kitap bas\u0131ld\u0131ktan k\u0131sa bir s\u00fcre sonra d\u00f6nemin temel felsefi metinlerinden biri haline gelmi\u015f ve sonraki \u00fc\u00e7 y\u00fczy\u0131l boyunca Bat\u0131 felsefesinin y\u00f6n\u00fcn\u00fc ve rengini belirlemi\u015ftir. <\/p>\n","protected":false},"excerpt":{"rendered":"<p>Sextus Empiricus, Yunan ku\u015fkuculu\u011funu sistemle\u015ftiren ki\u015fidir. M\u00d6 II. y\u00fczy\u0131l\u0131n ikinci yar\u0131s\u0131nda ve III. y\u00fczy\u0131l\u0131n ilk \u00e7eyre\u011finde ya\u015fam\u0131\u015ft\u0131r. Ya\u015fad\u0131\u011f\u0131 \u00e7a\u011f\u0131n d\u0131\u015f\u0131nda \u00fcn\u00fcn\u00fc ve etkisini yeniden ve en<span class=\"excerpt-hellip\"> [\u2026]<\/span><\/p>\n","protected":false},"featured_media":0,"template":"","meta":{"_monsterinsights_skip_tracking":false,"_monsterinsights_sitenote_active":false,"_monsterinsights_sitenote_note":"","_monsterinsights_sitenote_category":0},"product_brand":[],"product_cat":[12312,12304],"product_tag":[],"class_list":{"0":"post-710357","1":"product","2":"type-product","3":"status-publish","5":"product_cat-diger","6":"product_cat-tarih","7":"pa_cilt-ciltsiz","8":"pa_tur-kitap","9":"pa_yayinevi-ayrinti-yayinlari","10":"pa_yazar-sextus-empiricus","12":"first","13":"instock","14":"sale","15":"shipping-taxable","16":"purchasable","17":"product-type-simple"},"_links":{"self":[{"href":"https:\/\/roveyayinevi.com.tr\/index.php\/wp-json\/wp\/v2\/product\/710357","targetHints":{"allow":["GET"]}}],"collection":[{"href":"https:\/\/roveyayinevi.com.tr\/index.php\/wp-json\/wp\/v2\/product"}],"about":[{"href":"https:\/\/roveyayinevi.com.tr\/index.php\/wp-json\/wp\/v2\/types\/product"}],"wp:attachment":[{"href":"https:\/\/roveyayinevi.com.tr\/index.php\/wp-json\/wp\/v2\/media?parent=710357"}],"wp:term":[{"taxonomy":"product_brand","embeddable":true,"href":"https:\/\/roveyayinevi.com.tr\/index.php\/wp-json\/wp\/v2\/product_brand?post=710357"},{"taxonomy":"product_cat","embeddable":true,"href":"https:\/\/roveyayinevi.com.tr\/index.php\/wp-json\/wp\/v2\/product_cat?post=710357"},{"taxonomy":"product_tag","embeddable":true,"href":"https:\/\/roveyayinevi.com.tr\/index.php\/wp-json\/wp\/v2\/product_tag?post=710357"}],"curies":[{"name":"wp","href":"https:\/\/api.w.org\/{rel}","templated":true}]}}